-- http://www.phpmyadmin.net
--




--
-- Database: `hossam`
--

-- --------------------------------------------------------

--
-- Table structure for table `anasthesa`
--

CREATE TABLE IF NOT EXISTS `anasthesa` (
  `id` int(11) NOT NULL AUTO_INCREMENT,
  `name` varchar(255) COLLATE utf8mb4_unicode_ci NOT NULL,
  `del` int(11) NOT NULL,
  PRIMARY KEY (`id`)
) ENGINE=InnoDB  DEFAULT CHARSET=utf8mb4 COLLATE=utf8mb4_unicode_ci ROW_FORMAT=COMPACT AUTO_INCREMENT=45 ;

--
-- Dumping data for table `anasthesa`
--

INSERT INTO `anasthesa` (`id`, `name`, `del`) VALUES
(1, 'ghhheneral', 0),
(2, 'regional', 0),
(3, 'aaa', 1),
(4, 'sss', 1),
(5, 'dddddrr', 1),
(6, 'dgdhdgd111', 1),
(7, 'aaaaa', 1),
(8, 'eeeee', 1),
(9, 'eeeee', 1),
(10, 'fffff', 1),
(11, 'rrr', 1),
(12, 'ttttt', 1),
(13, 'rrr', 1),
(14, 'ttt', 1),
(15, 'rrr', 1),
(16, 'rttaa1aa', 1),
(17, 'yy', 1),
(18, 'tttt', 1),
(19, 'aaaa', 1),
(20, 'sss', 1),
(21, 'ee11', 1),
(22, '44444', 1),
(23, '66666666', 1),
(24, 'bbbbbb', 1),
(25, '111', 1),
(26, 'tt', 1),
(27, 'rr', 1),
(28, 'uuu', 1),
(29, 'bbb', 1),
(30, 'yyyyy', 1),
(31, 'jjj', 1),
(32, '2222', 1),
(33, 'aaaa33', 1),
(34, 'ssss', 1),
(35, 'ssss', 1),
(36, 'iiii', 0),
(37, '666', 1),
(38, 'aaa', 1),
(39, 'hhhhh', 0),
(40, 'ccc', 0),
(41, 'aa', 0),
(42, 'bb', 0),
(43, 'ggg', 0),
(44, 'general', 0);

-- --------------------------------------------------------

--
-- Table structure for table `ancnewvisit`
--

CREATE TABLE IF NOT EXISTS `ancnewvisit` (
  `id` int(11) NOT NULL AUTO_INCREMENT,
  `ancsheetid` int(11) unsigned DEFAULT NULL,
  `newvisitdate` varchar(191) COLLATE utf8mb4_unicode_ci DEFAULT NULL,
  `newvisitw` double DEFAULT NULL,
  `usn` varchar(191) COLLATE utf8mb4_unicode_ci DEFAULT NULL,
  `usplace` varchar(191) COLLATE utf8mb4_unicode_ci DEFAULT NULL,
  `usaf` varchar(191) COLLATE utf8mb4_unicode_ci DEFAULT NULL,
  `newvisitbw` varchar(191) COLLATE utf8mb4_unicode_ci DEFAULT NULL,
  `newvisitbp` varchar(191) COLLATE utf8mb4_unicode_ci DEFAULT NULL,
  `newvisitnote` varchar(191) COLLATE utf8mb4_unicode_ci DEFAULT NULL,
  `usefw` varchar(191) COLLATE utf8mb4_unicode_ci DEFAULT NULL,
  `usbiom` varchar(191) COLLATE utf8mb4_unicode_ci DEFAULT NULL,
  `newvisitnote2` varchar(191) COLLATE utf8mb4_unicode_ci DEFAULT NULL,
  PRIMARY KEY (`id`)
) ENGINE=InnoDB DEFAULT CHARSET=utf8mb4 COLLATE=utf8mb4_unicode_ci AUTO_INCREMENT=1 ;

-- --------------------------------------------------------

--
-- Table structure for table `ancsheet`
--

CREATE TABLE IF NOT EXISTS `ancsheet` (
  `id` int(11) NOT NULL AUTO_INCREMENT,
  `patientid` int(11) unsigned DEFAULT NULL,
  `endpreg` int(11) unsigned DEFAULT NULL,
  `sheetlmp` varchar(191) COLLATE utf8mb4_unicode_ci DEFAULT NULL,
  `sheetedd` varchar(191) COLLATE utf8mb4_unicode_ci DEFAULT NULL,
  `sheetlast` varchar(191) COLLATE utf8mb4_unicode_ci DEFAULT NULL,
  `placenta` varchar(191) COLLATE utf8mb4_unicode_ci DEFAULT NULL,
  `sheetnte` varchar(191) COLLATE utf8mb4_unicode_ci DEFAULT NULL,
  `tscandate` varchar(191) COLLATE utf8mb4_unicode_ci DEFAULT NULL,
  `tscanw` varchar(191) COLLATE utf8mb4_unicode_ci DEFAULT NULL,
  `tscanresult` varchar(191) COLLATE utf8mb4_unicode_ci DEFAULT NULL,
  `tscanreport` varchar(191) COLLATE utf8mb4_unicode_ci DEFAULT NULL,
  `ttscandate` varchar(191) COLLATE utf8mb4_unicode_ci DEFAULT NULL,
  `ttscanw` varchar(191) COLLATE utf8mb4_unicode_ci DEFAULT NULL,
  `ttscanresult` varchar(191) COLLATE utf8mb4_unicode_ci DEFAULT NULL,
  `ttscanreport` varchar(191) COLLATE utf8mb4_unicode_ci DEFAULT NULL,
  `historytoday` datetime DEFAULT NULL,
  `obstgn` int(11) unsigned DEFAULT NULL,
  `obstpn` int(11) unsigned DEFAULT NULL,
  `obstepc` tinyint(1) unsigned DEFAULT NULL,
  PRIMARY KEY (`id`)
) ENGINE=InnoDB DEFAULT CHARSET=utf8mb4 COLLATE=utf8mb4_unicode_ci AUTO_INCREMENT=1 ;

-- --------------------------------------------------------

--
-- Table structure for table `ancsheetdrugs`
--

CREATE TABLE IF NOT EXISTS `ancsheetdrugs` (
  `id` int(11) NOT NULL AUTO_INCREMENT,
  `patientid` int(11) NOT NULL,
  `ancsheetid` int(11) NOT NULL,
  `date` date NOT NULL,
  `drugid` varchar(150) COLLATE utf8mb4_unicode_ci DEFAULT NULL,
  `drugtype` varchar(100) COLLATE utf8mb4_unicode_ci DEFAULT NULL,
  `drugdos` varchar(255) COLLATE utf8mb4_unicode_ci DEFAULT NULL,
  `deleted` int(11) NOT NULL DEFAULT '0',
  `doctorid` int(11) NOT NULL,
  `drugname` varchar(191) COLLATE utf8mb4_unicode_ci DEFAULT NULL,
  `forhusband` int(11) unsigned DEFAULT NULL,
  `recepittmpid` int(11) DEFAULT '0',
  `recepitdrugid` int(11) DEFAULT '0',
  PRIMARY KEY (`id`)
) ENGINE=InnoDB DEFAULT CHARSET=utf8mb4 COLLATE=utf8mb4_unicode_ci ROW_FORMAT=COMPACT AUTO_INCREMENT=1 ;

-- --------------------------------------------------------

--
-- Table structure for table `anprotocol`
--

CREATE TABLE IF NOT EXISTS `anprotocol` (
  `id` int(11) unsigned NOT NULL AUTO_INCREMENT,
  `title` varchar(191) COLLATE utf8mb4_unicode_ci DEFAULT NULL,
  `del` tinyint(1) unsigned DEFAULT NULL,
  PRIMARY KEY (`id`)
) ENGINE=InnoDB DEFAULT CHARSET=utf8mb4 COLLATE=utf8mb4_unicode_ci AUTO_INCREMENT=1 ;

-- --------------------------------------------------------

--
-- Table structure for table `antenalvisit`
--

CREATE TABLE IF NOT EXISTS `antenalvisit` (
  `id` int(11) NOT NULL AUTO_INCREMENT,
  `patientid` int(11) unsigned DEFAULT NULL,
  `doctorid` int(11) unsigned DEFAULT NULL,
  `antenaldate` date DEFAULT NULL,
  `complaint` text COLLATE utf8mb4_unicode_ci,
  `wt` varchar(191) COLLATE utf8mb4_unicode_ci DEFAULT NULL,
  `bp` varchar(191) COLLATE utf8mb4_unicode_ci DEFAULT NULL,
  `notes` varchar(191) COLLATE utf8mb4_unicode_ci DEFAULT NULL,
  `conditions` int(11) unsigned DEFAULT NULL,
  `mainantenentalid` int(11) unsigned DEFAULT NULL,
  `diagnosisid` varchar(191) COLLATE utf8mb4_unicode_ci DEFAULT NULL,
  `complaintid` varchar(191) COLLATE utf8mb4_unicode_ci DEFAULT NULL,
  PRIMARY KEY (`id`)
) ENGINE=InnoDB DEFAULT CHARSET=utf8mb4 COLLATE=utf8mb4_unicode_ci ROW_FORMAT=DYNAMIC AUTO_INCREMENT=1 ;

-- --------------------------------------------------------

--
-- Table structure for table `antype`
--

CREATE TABLE IF NOT EXISTS `antype` (
  `id` int(11) unsigned NOT NULL AUTO_INCREMENT,
  `title` varchar(191) COLLATE utf8mb4_unicode_ci DEFAULT NULL,
  `del` int(11) unsigned DEFAULT NULL,
  PRIMARY KEY (`id`)
) ENGINE=InnoDB DEFAULT CHARSET=utf8mb4 COLLATE=utf8mb4_unicode_ci AUTO_INCREMENT=1 ;

-- --------------------------------------------------------

--
-- Table structure for table `antypes`
--

CREATE TABLE IF NOT EXISTS `antypes` (
  `id` int(11) unsigned NOT NULL AUTO_INCREMENT,
  `title` varchar(191) COLLATE utf8mb4_unicode_ci DEFAULT NULL,
  `del` tinyint(1) unsigned DEFAULT NULL,
  PRIMARY KEY (`id`)
) ENGINE=InnoDB DEFAULT CHARSET=utf8mb4 COLLATE=utf8mb4_unicode_ci AUTO_INCREMENT=1 ;

-- --------------------------------------------------------

--
-- Table structure for table `awcontroll`
--

CREATE TABLE IF NOT EXISTS `awcontroll` (
  `id` int(11) unsigned NOT NULL AUTO_INCREMENT,
  `label` varchar(191) COLLATE utf8mb4_unicode_ci DEFAULT NULL,
  `name` varchar(191) COLLATE utf8mb4_unicode_ci DEFAULT NULL,
  PRIMARY KEY (`id`)
) ENGINE=InnoDB  DEFAULT CHARSET=utf8mb4 COLLATE=utf8mb4_unicode_ci AUTO_INCREMENT=80 ;

--
-- Dumping data for table `awcontroll`
--

INSERT INTO `awcontroll` (`id`, `label`, `name`) VALUES
(1, 'Roles', '_role'),
(2, 'Menus', '_menu'),
(3, 'Members', '_member'),
(4, 'Controls', '_controll'),
(18, 'My information', '_myprofile'),
(19, 'drugs', 'drugs'),
(20, 'Medicine', 'medicine'),
(21, 'Buys', 'buys'),
(26, 'Receipt', 'receipt'),
(27, 'Store', 'store'),
(31, 'Requests', 'requests'),
(32, 'Sessions', 'sessions'),
(33, 'gyna', 'gyna'),
(34, 'Investigations', 'investigation'),
(35, 'Patient History', 'patienthistory'),
(36, 'Antenatal visits', 'antenalvisit'),
(37, 'drugs', 'drugsex'),
(38, 'instruction', 'instruction'),
(39, 'Program Setting', 'programesetting'),
(40, 'Help', 'help'),
(41, 'Pictures and Videos', 'sonar'),
(42, 'addinvestigation', 'addinvestigation'),
(43, 'expected delivery', 'expected'),
(44, 'Complete Report', 'completereport'),
(45, 'Financial Report', 'financialreport'),
(46, 'Examination', 'examination'),
(47, 'Patient History Data', '_phmain'),
(48, 'Patients', 'patients'),
(49, 'Operative Details', 'operativedetails'),
(50, 'GT Image', 'gtimage'),
(51, 'Visits', 'visits'),
(52, 'Backup', 'backup'),
(53, 'setup', 'setup'),
(54, 'excel', 'excel'),
(55, 'Infertility', 'infertility'),
(56, 'Record', 'record '),
(57, 'Follow up', 'followup'),
(58, 'Ultrasound', 'ultrasound'),
(59, 'Ultrasound Obstetric', 'ultrasoundobst'),
(60, 'Termination report', 'termination'),
(61, 'Risk types report', 'risktype'),
(62, 'merge', 'merge'),
(63, 'combined report ', 'combinedreport '),
(64, 'ultrasound gyna', 'Ultrasoundgyna'),
(65, 'Follow up card', 'Followupcard'),
(66, 'full report', 'Fullreport'),
(67, 'monitoring', 'monitoring'),
(68, 'Infertilitysheet', 'Infertilitysheet'),
(69, 'Ancsheet', 'Ancsheet'),
(70, 'gynasheet', 'Gynasheet'),
(71, 'ivfsheet', 'Ivfsheet'),
(72, 'iui', 'iui'),
(73, 'miscarriages (epc)', 'epc'),
(74, 'deliveries ( p )', 'Deliveries'),
(75, 'operations', 'Operations'),
(76, 'edd', 'edd'),
(77, 'Ivfstatistics', 'Ivfstatistics'),
(78, 'completesreport', 'Completesreport'),
(79, 'Addpresenthistory', 'Addpresenthistory');

-- --------------------------------------------------------

--
-- Table structure for table `awcontrollprop`
--

CREATE TABLE IF NOT EXISTS `awcontrollprop` (
  `id` int(11) unsigned NOT NULL AUTO_INCREMENT,
  `proplabel` varchar(191) COLLATE utf8mb4_unicode_ci DEFAULT NULL,
  `checkval` tinyint(1) unsigned DEFAULT NULL,
  `awcontroll_id` int(11) unsigned DEFAULT NULL,
  PRIMARY KEY (`id`),
  KEY `index_foreignkey_awcontrollprop_awcontroll` (`awcontroll_id`)
) ENGINE=InnoDB  DEFAULT CHARSET=utf8mb4 COLLATE=utf8mb4_unicode_ci ROW_FORMAT=COMPACT AUTO_INCREMENT=587 ;

--
-- Dumping data for table `awcontrollprop`
--

INSERT INTO `awcontrollprop` (`id`, `proplabel`, `checkval`, `awcontroll_id`) VALUES
(1, 'index', 1, 1),
(2, 'addit', 1, 1),
(3, 'show', 1, 1),
(4, 'edit', 1, 1),
(5, 'updateit', 1, 1),
(6, 'del', 1, 1),
(7, 'setting', 1, 1),
(8, 'insetting', 1, 1),
(9, 'index', 1, 2),
(10, 'addit', 1, 2),
(11, 'show', 1, 2),
(12, 'edit', 1, 2),
(13, 'updateit', 1, 2),
(14, 'del', 1, 2),
(15, 'index', 0, 3),
(16, 'addit', 1, 3),
(17, 'show', 1, 3),
(18, 'edit', 1, 3),
(19, 'updateit', 1, 3),
(20, 'del', 1, 3),
(21, 'index', 1, 4),
(22, 'addit', 1, 4),
(23, 'show', 1, 4),
(24, 'edit', 1, 4),
(25, 'updateit', 1, 4),
(26, 'del', 1, 4),
(27, 'delprop', 1, 4),
(116, 'index', 1, 18),
(117, 'updateit', 1, 18),
(118, 'index', 1, 19),
(119, 'show', 1, 20),
(120, 'index', 0, 21),
(121, 'index', 0, 26),
(122, 'show', 0, 27),
(123, 'show', 0, 21),
(124, 'addnew', 0, 21),
(125, 'invoice', 0, 21),
(126, 'edit', 0, 21),
(127, 'update', 0, 21),
(128, 'del', 0, 21),
(129, 'delup', 0, 21),
(130, 'show', 0, 26),
(131, 'showdetails', 0, 26),
(132, 'updatereceipt', 0, 26),
(133, 'drugsselected', 0, 21),
(134, 'show', 1, 19),
(135, 'getthisserach', 1, 19),
(136, 'adddrug', 1, 19),
(137, 'updatedrug', 1, 19),
(138, 'deletedrug', 1, 19),
(166, 'index', 0, 31),
(167, 'update', 0, 31),
(168, 'sendrequest', 0, 31),
(169, 'showall', 0, 31),
(170, 'archiveshowall', 0, 31),
(171, 'requestDetails', 0, 31),
(172, 'requestcomments', 0, 31),
(173, 'addcomment', 0, 31),
(174, 'deletecomment', 0, 31),
(175, 'requestDetailsArchive', 0, 31),
(176, 'index', 0, 32),
(177, 'savesession', 0, 32),
(178, 'archiveshowall', 0, 32),
(179, 'requestDetails', 0, 32),
(180, 'requestDetailsArchive', 0, 32),
(181, 'sessiondetails', 0, 32),
(182, 'addsessionmember', 0, 32),
(183, 'removesessionmember', 0, 32),
(184, 'delay', 0, 32),
(185, 'notdelay', 0, 32),
(186, 'saveopinion', 0, 32),
(187, 'savedecision', 0, 32),
(188, 'index', 1, 33),
(189, 'index', 1, 34),
(190, 'index', 1, 35),
(191, 'show', 1, 35),
(192, 'addPhamount', 1, 35),
(193, 'index', 1, 36),
(194, 'index', 1, 37),
(195, 'show', 1, 37),
(196, 'getthisserach', 1, 37),
(197, 'adddrug', 1, 37),
(198, 'updatedrug', 1, 37),
(199, 'deletedrug', 1, 37),
(200, 'addRegualrity', 1, 35),
(201, 'index', 1, 38),
(202, 'addit', 1, 38),
(203, 'show', 1, 38),
(204, 'edit', 1, 38),
(205, 'updateit', 1, 38),
(206, 'del', 1, 38),
(207, 'newrow', 1, 33),
(208, 'addnewmenstural', 1, 35),
(209, 'addphcontype', 1, 35),
(210, 'del', 1, 33),
(211, 'update', 1, 33),
(212, 'adddiagnosis', 1, 33),
(213, 'addphdysmenorrhoea', 1, 35),
(214, 'index', 1, 39),
(215, 'addit', 1, 39),
(216, 'newrow', 1, 36),
(217, 'del', 1, 36),
(218, 'update', 1, 36),
(219, 'loadusrow', 1, 33),
(220, 'delgynaus', 1, 33),
(221, 'addnewconstract', 1, 35),
(223, 'addphobstericterminate', 1, 35),
(224, 'addphobstericterplace', 1, 35),
(225, 'addnewobstetric', 1, 35),
(226, 'index', 1, 40),
(227, 'addit', 1, 40),
(228, 'show', 1, 40),
(229, 'edit', 1, 40),
(230, 'updateit', 1, 40),
(231, 'del', 1, 40),
(233, 'elementupdate', 1, 35),
(234, 'index', 1, 41),
(235, 'addit', 1, 41),
(236, 'show', 1, 41),
(237, 'edit', 1, 41),
(238, 'update', 1, 41),
(239, 'del', 1, 41),
(240, 'addnewimg', 1, 41),
(241, 'addnewvid', 1, 41),
(242, 'addnewpasthmedical', 1, 35),
(243, 'addphpastmedical', 1, 35),
(244, 'addphpastsurgical', 1, 35),
(245, 'addnewpasthsurgical', 1, 35),
(246, 'index', 1, 42),
(247, 'addnewinv', 1, 42),
(248, 'update', 1, 42),
(249, 'del', 1, 42),
(250, 'addnewpastgynecological', 1, 35),
(251, 'addphgynecologicaloperation', 1, 35),
(252, 'addnewcat', 1, 42),
(253, 'addnewpastart', 1, 35),
(254, 'addphpastarttype', 1, 35),
(255, 'addphpastartcenter', 1, 35),
(256, 'addRow', 1, 34),
(257, 'delData', 1, 34),
(258, 'update', 1, 34),
(259, 'index', 1, 43),
(260, 'index', 1, 44),
(261, 'index', 1, 45),
(262, 'getinvbycatid', 1, 42),
(263, 'delRows', 1, 35),
(264, 'addtofavorite', 1, 42),
(265, 'addnewFamily', 1, 35),
(266, 'addphFamilyDisease', 1, 35),
(267, 'addphFamilyRelative', 1, 35),
(268, 'search', 1, 43),
(269, 'index', 1, 46),
(270, 'addNewRow', 1, 46),
(271, 'update', 1, 46),
(272, 'delData', 1, 46),
(275, 'editselect', 1, 35),
(276, 'updateselect', 1, 35),
(280, 'alldiagnosis', 1, 33),
(281, 'drawRow', 1, 33),
(282, 'search', 1, 33),
(283, 'addprescription', 1, 33),
(284, 'deldiagnosis', 1, 33),
(285, 'upload', 1, 41),
(286, 'delRowsommedel', 1, 35),
(287, 'endpreg', 1, 36),
(288, 'search', 1, 45),
(289, 'addtermination', 1, 36),
(290, 'addplace', 1, 36),
(291, 'show', 1, 46),
(292, 'alltermination', 1, 36),
(293, 'allplace', 1, 36),
(294, 'deltermination', 1, 36),
(295, 'delplace', 1, 36),
(296, 'index', 1, 47),
(297, 'show', 1, 47),
(298, 'mensturaldetail', 1, 47),
(299, 'savefocil', 1, 33),
(300, 'showprescription', 1, 33),
(301, 'search', 1, 44),
(302, 'index', 1, 48),
(303, 'search', 1, 48),
(304, 'add', 1, 48),
(305, 'checkingwifename', 1, 48),
(306, 'checkingnationalwifename', 1, 48),
(307, 'checkingnationalhusband', 1, 48),
(308, 'calcage', 1, 48),
(309, 'show', 1, 48),
(310, 'edit', 1, 48),
(311, 'update', 1, 48),
(312, 'addwifetype', 1, 48),
(313, 'getallwifetype', 1, 48),
(314, 'updatewifetype', 1, 48),
(315, 'delwifetype', 1, 48),
(316, 'addwifeeducation', 1, 48),
(317, 'getalleducation', 1, 48),
(318, 'updateeducation', 1, 48),
(319, 'deleducation', 1, 48),
(320, 'addhusbandtype', 1, 48),
(321, 'getallhustype', 1, 48),
(322, 'updatehus', 1, 48),
(323, 'delhustype', 1, 48),
(324, 'addhusbandjob', 1, 48),
(325, 'getallhusbandjobs', 1, 48),
(326, 'updatehusjob', 1, 48),
(327, 'delhusjob', 1, 48),
(328, 'addwifejob', 1, 48),
(329, 'getallwifejob', 1, 48),
(330, 'updatewifejob', 1, 48),
(331, 'delwifejob', 1, 48),
(332, 'addwifestatus', 1, 48),
(333, 'getallwifestatus', 1, 48),
(334, 'updatewifestatus', 1, 48),
(335, 'delstatus', 1, 48),
(336, 'addbloodtype', 1, 48),
(337, 'getallbloodtype', 1, 48),
(338, 'updatebl', 1, 48),
(339, 'delbl', 1, 48),
(340, 'del', 1, 48),
(341, 'contractdetail', 1, 47),
(342, 'obstetricdetail', 1, 47),
(343, 'pastmedicaldetail', 1, 47),
(344, 'pastsurgicaldetail', 1, 47),
(345, 'pastgynecologicaldetail', 1, 47),
(346, 'pastartdetail', 1, 47),
(347, 'familydetail', 1, 47),
(348, 'index', 1, 49),
(349, 'showdata', 1, 49),
(354, 'addselect', 1, 49),
(355, 'addanasthesa', 1, 49),
(356, 'addjncision', 1, 49),
(357, 'loadanasthesa', 1, 49),
(358, 'addanasthesachild', 1, 49),
(359, 'loadjncision', 1, 49),
(360, 'addjncisionchild', 1, 49),
(361, 'update', 1, 49),
(362, 'addinvestigation', 1, 33),
(363, 'showInvs', 1, 33),
(364, 'loadusrow', 1, 36),
(365, 'addprescription', 1, 36),
(366, 'showprescription', 1, 36),
(367, 'addinvestigation', 1, 36),
(368, 'showInvs', 1, 36),
(369, 'index', 1, 50),
(370, 'update', 1, 50),
(371, 'getprint', 1, 38),
(372, 'delantus', 1, 36),
(373, 'index', 1, 51),
(374, 'patientdata', 1, 51),
(375, 'add', 1, 51),
(376, 'show', 1, 51),
(377, 'adddetection', 1, 51),
(378, 'del', 1, 51),
(379, 'delv', 1, 51),
(380, 'edit', 1, 51),
(381, 'update', 1, 51),
(382, 'printpre', 1, 36),
(383, 'printpre', 1, 33),
(384, 'printinv', 1, 36),
(385, 'printinv', 1, 33),
(386, 'updatecheckbox', 1, 49),
(387, 'show', 1, 49),
(388, 'addnew', 1, 49),
(389, 'arrangemain', 1, 2),
(390, 'sortable', 1, 2),
(391, 'updatearrange', 1, 2),
(392, 'index', 1, 52),
(393, 'takeit', 1, 52),
(394, 'arrangesub', 1, 2),
(395, 'index', 1, 53),
(396, 'settingdatabse', 1, 53),
(397, 'settingdb', 1, 53),
(398, 'checkingwifestatusno', 1, 48),
(399, 'index', 1, 54),
(400, 'checktime', 1, 54),
(401, 'createexcel', 1, 54),
(402, 'checkpatientlist', 1, 35),
(403, 'delData', 1, 50),
(404, 'updateComment', 1, 50),
(405, 'updateSize', 1, 50),
(406, 'index', 1, 55),
(407, 'update', 1, 55),
(408, 'index', 1, 56),
(409, 'update', 1, 56),
(410, 'index', 1, 57),
(411, 'update', 1, 57),
(412, 'editselect', 1, 49),
(413, 'newrow', 1, 56),
(414, 'del', 1, 56),
(415, 'updateselect', 1, 49),
(416, 'delRowsommedel', 1, 49),
(417, 'newdiagnosis', 1, 55),
(418, 'newlmp', 1, 55),
(419, 'newgyna', 1, 55),
(420, 'newinvest', 1, 55),
(421, 'newnote', 1, 55),
(422, 'del', 1, 55),
(423, 'newdiag', 1, 57),
(424, 'newexam', 1, 57),
(425, 'newvisit', 1, 57),
(426, 'newinv', 1, 57),
(427, 'del', 1, 57),
(428, 'delData', 1, 49),
(429, 'drawRow', 1, 49),
(430, 'delodrug', 1, 49),
(431, 'downloadfile', 1, 41),
(432, 'archive', 1, 36),
(433, 'printpic', 1, 41),
(434, 'pregdetail', 1, 36),
(435, 'index', 1, 58),
(436, 'getspecial', 1, 3),
(437, 'getposition', 1, 3),
(438, 'add', 1, 58),
(439, 'update', 1, 58),
(440, 'index', 1, 59),
(441, 'add', 1, 59),
(442, 'update', 1, 59),
(443, 'index', 1, 60),
(444, 'search', 1, 60),
(445, 'index', 1, 61),
(446, 'search', 1, 61),
(447, 'updateradio', 1, 58),
(448, 'showdetails', 1, 58),
(449, 'addDeteail', 1, 58),
(450, 'delData', 1, 58),
(451, 'show', 1, 58),
(452, 'delRow', 1, 58),
(453, 'Updateradio', 1, 59),
(454, 'Showdetails', 1, 59),
(455, 'AddDeteail', 1, 59),
(456, 'DelData', 1, 59),
(457, 'Show', 1, 59),
(458, 'DelRow', 1, 59),
(459, 'getexcel', 1, 44),
(460, 'getDrugModel', 1, 33),
(461, 'saveDrugTable', 1, 33),
(462, 'showprint', 1, 58),
(463, 'index', 1, 62),
(464, 'mergedb', 1, 62),
(465, 'editselect', 1, 51),
(466, 'otherinvests', 1, 34),
(467, 'otherinvestsAdd', 1, 34),
(468, 'otherinvestsRow', 1, 34),
(469, 'adddetectionRow', 1, 51),
(470, 'delotherinvestsRow', 1, 34),
(471, 'addNewRow', 1, 35),
(472, 'delotherinvest', 1, 34),
(473, 'adddiagnosis', 1, 36),
(474, 'alldiagnosis', 1, 36),
(475, 'deldiagnosis', 1, 36),
(476, 'addwtRow', 1, 48),
(477, 'addNewRow', 1, 33),
(478, 'addNewRow', 1, 36),
(479, 'addNewRow', 1, 49),
(480, 'showprint', 1, 59),
(481, 'index', 1, 63),
(482, 'search', 1, 63),
(483, 'uploadmulti', 1, 41),
(484, 'caldatefromage', 1, 48),
(485, 'showprint', 1, 44),
(486, 'showprint', 1, 61),
(487, 'showprint', 1, 43),
(488, 'Showprint', 1, 45),
(489, 'showprint', 1, 63),
(490, 'index', 1, 64),
(491, 'add', 1, 64),
(492, 'showprint', 1, 64),
(493, 'show', 1, 64),
(494, 'update', 1, 64),
(495, 'delRow', 1, 64),
(497, 'index', 1, 65),
(498, 'printit', 1, 65),
(499, 'endvisit', 1, 48),
(500, 'showendvisits', 1, 48),
(501, 'addendvisits', 1, 48),
(502, 'addit', 1, 65),
(503, 'update', 1, 65),
(504, 'drawRow', 1, 65),
(505, 'Index', 1, 66),
(506, 'Search', 1, 66),
(507, 'Getexcel', 1, 66),
(508, 'Showprint', 1, 66),
(511, 'getalldepts', 1, 51),
(512, 'emptydeptvisit', 1, 51),
(513, 'showtransfer', 1, 38),
(514, 'printtransfer', 1, 38),
(515, 'addnewhospital', 1, 38),
(516, 'editselect', 1, 38),
(517, 'delhospital', 1, 38),
(518, 'printus', 1, 33),
(519, 'show', 1, 50),
(520, 'showdata', 1, 50),
(521, 'addprescription', 1, 57),
(522, 'showprescription', 1, 57),
(523, 'printpre', 1, 57),
(524, 'addprescription', 1, 55),
(525, 'showprescription', 1, 55),
(526, 'printpre', 1, 55),
(527, 'addprescription', 1, 56),
(528, 'showprescription', 1, 56),
(529, 'printpre', 1, 56),
(530, 'archive', 1, 57),
(531, 'pregdetail', 1, 57),
(532, 'add', 1, 50),
(533, 'DelRow', 1, 50),
(534, 'balance', 0, 45),
(535, 'Del', 1, 67),
(536, 'update', 1, 67),
(537, 'addNewItem', 1, 67),
(538, 'editselect', 1, 67),
(539, 'addNewVisit', 1, 67),
(540, 'getCycleDay', 1, 67),
(541, 'remarkSheet', 1, 67),
(542, 'trials', 1, 67),
(543, 'trigSheet', 1, 67),
(544, 'trialdetail', 1, 67),
(545, 'Index', 1, 67),
(546, 'index', 1, 68),
(547, 'add', 1, 68),
(548, 'index', 1, 69),
(549, 'add', 1, 69),
(550, 'index', 1, 70),
(551, 'add', 1, 70),
(552, 'index', 1, 71),
(553, 'add', 1, 71),
(554, 'Historys', 1, 69),
(555, 'Historys', 1, 71),
(556, 'Index', 1, 72),
(557, 'Search', 1, 72),
(558, 'Showprint', 1, 72),
(559, 'Index', 1, 73),
(560, 'Search', 1, 73),
(561, 'Showprint', 1, 73),
(562, 'Index', 1, 74),
(563, 'Search', 1, 74),
(564, 'Showprint', 1, 74),
(565, 'Index', 1, 75),
(566, 'Search', 1, 75),
(567, 'Showprint', 1, 75),
(568, 'Index', 1, 76),
(569, 'Search', 1, 76),
(570, 'Showprint', 1, 76),
(571, 'Index', 1, 77),
(572, 'Search', 1, 77),
(573, 'Showprint', 1, 77),
(574, 'Index', 1, 78),
(575, 'Search', 1, 78),
(576, 'Showprint', 1, 78),
(577, 'drug', 1, 45),
(578, 'Drugsearch', 1, 45),
(579, 'Drugprint', 1, 45),
(580, 'index', 1, 79),
(581, 'Addnew', 1, 79),
(582, 'Update', 1, 79),
(583, 'Del', 1, 79),
(584, 'Getbyquesid', 1, 79),
(585, 'Addtofavorite', 1, 79),
(586, 'cases', 1, 48);

-- --------------------------------------------------------

--
-- Table structure for table `awifep`
--

CREATE TABLE IF NOT EXISTS `awifep` (
  `id` int(11) NOT NULL AUTO_INCREMENT,
  `infertilitysheetid` int(11) unsigned DEFAULT NULL,
  `wifesex` varchar(191) COLLATE utf8mb4_unicode_ci DEFAULT NULL,
  `wifemodeofd` varchar(191) COLLATE utf8mb4_unicode_ci DEFAULT NULL,
  `wifeobst` varchar(191) COLLATE utf8mb4_unicode_ci DEFAULT NULL,
  `wifetypeofd` varchar(191) COLLATE utf8mb4_unicode_ci DEFAULT NULL,
  `name` varchar(191) COLLATE utf8mb4_unicode_ci DEFAULT NULL,
  `date` varchar(191) COLLATE utf8mb4_unicode_ci DEFAULT NULL,
  `wifew` varchar(191) COLLATE utf8mb4_unicode_ci DEFAULT NULL,
  `wifel` varchar(191) COLLATE utf8mb4_unicode_ci DEFAULT NULL,
  `duration` varchar(191) COLLATE utf8mb4_unicode_ci DEFAULT NULL,
  `stopped` varchar(191) COLLATE utf8mb4_unicode_ci DEFAULT NULL,
  `comment` varchar(191) COLLATE utf8mb4_unicode_ci DEFAULT NULL,
  `awifepmethod` varchar(191) COLLATE utf8mb4_unicode_ci DEFAULT NULL,
  `wifeage` varchar(191) COLLATE utf8mb4_unicode_ci DEFAULT NULL,
  PRIMARY KEY (`id`)
) ENGINE=InnoDB DEFAULT CHARSET=utf8mb4 COLLATE=utf8mb4_unicode_ci AUTO_INCREMENT=1 ;

-- --------------------------------------------------------

--
-- Table structure for table `awifepmethod`
--

CREATE TABLE IF NOT EXISTS `awifepmethod` (
  `id` int(11) unsigned NOT NULL AUTO_INCREMENT,
  `title` varchar(191) COLLATE utf8mb4_unicode_ci DEFAULT NULL,
  `del` tinyint(1) unsigned DEFAULT NULL,
  PRIMARY KEY (`id`)
) ENGINE=InnoDB DEFAULT CHARSET=utf8mb4 COLLATE=utf8mb4_unicode_ci AUTO_INCREMENT=1 ;

-- --------------------------------------------------------

--
-- Table structure for table `awmenu`
--

CREATE TABLE IF NOT EXISTS `awmenu` (
  `id` int(11) unsigned NOT NULL AUTO_INCREMENT,
  `label` varchar(191) COLLATE utf8mb4_unicode_ci DEFAULT NULL,
  `link` varchar(191) COLLATE utf8mb4_unicode_ci DEFAULT NULL,
  `parent` varchar(191) COLLATE utf8mb4_unicode_ci DEFAULT NULL,
  `sort` int(11) unsigned DEFAULT NULL,
  `icon` varchar(191) COLLATE utf8mb4_unicode_ci DEFAULT NULL,
  `active_name` varchar(191) COLLATE utf8mb4_unicode_ci DEFAULT NULL,
  `display` varchar(191) COLLATE utf8mb4_unicode_ci DEFAULT NULL,
  `image` varchar(191) COLLATE utf8mb4_unicode_ci DEFAULT NULL,
  `form` int(11) NOT NULL DEFAULT '0',
  `withpatient` int(11) DEFAULT '1',
  PRIMARY KEY (`id`)
) ENGINE=InnoDB  DEFAULT CHARSET=utf8mb4 COLLATE=utf8mb4_unicode_ci ROW_FORMAT=COMPACT AUTO_INCREMENT=104 ;

--
-- Dumping data for table `awmenu`
--

INSERT INTO `awmenu` (`id`, `label`, `link`, `parent`, `sort`, `icon`, `active_name`, `display`, `image`, `form`, `withpatient`) VALUES
(1, 'Dashboard', '../core/controllers/index.php?ac=index', '0', 1, 'icon-home', 'index', 'image', '08272f7eb856627ed39e743284cd7c08.png', 2, 0),
(2, 'Roles', '../core/controllers/managment.php?ac=index', '0', 27, 'icon-settings', 'managment', 'image', '52b590aa29de4b4c021261296f5f1c51.png', 2, 0),
(3, 'Members', '../core/controllers/_member.php?ac=show', '2', 3, 'icon-users', 'member', 'icon', 'fe2fa07db92348977058781f3d8cc3f1.jpg', 2, 0),
(6, 'Roles', '../core/controllers/_role.php?ac=show', '53', 25, 'icon-puzzle', 'role', 'icon', 'b244313217a64b36bf8ddf9f2b5adc05.jpg', 2, 0),
(9, 'Menu', '../core/controllers/_menu.php?ac=show', '53', 24, 'icon-calendar', 'menu', 'icon', 'fe2fa07db92348977058781f3d8cc3f1.jpg', 2, 0),
(12, 'Controlls', '../core/controllers/_controll.php?ac=show', '2', 4, 'icon-action-redo', 'controll', 'icon', 'fe2fa07db92348977058781f3d8cc3f1.jpg', 2, 0),
(14, 'Pharmacy', '../pharmacy/controllers/drugs.php?ac=index', '0', 23, 'icon-folder', 'pharmacy', 'image', '859cca926afd97c7a872dc2662c642ff.png', 0, 0),
(16, 'Drugs import', '../pharmacy/controllers/buys.php?ac=show', '14', 1, 'icon-bulb', 'Import', 'icon', 'fe2fa07db92348977058781f3d8cc3f1.jpg', 0, 0),
(18, 'Export receipt', '../pharmacy/controllers/receipt.php?ac=show', '14', 1, 'icon-docs', 'Receipt', 'icon', 'fe2fa07db92348977058781f3d8cc3f1.jpg', 0, 0),
(19, 'Store report', '../pharmacy/controllers/store.php?ac=show', '14', 1, 'icon-home', 'Store', 'icon', 'fe2fa07db92348977058781f3d8cc3f1.jpg', 0, 0),
(20, 'Drugs', '../pharmacy/controllers/drugs.php?ac=index', '14', 1, 'icon-briefcase', 'drugs', 'icon', 'fe2fa07db92348977058781f3d8cc3f1.jpg', 0, 0),
(31, 'Board', '../board/controllers/requests.php?ac=index', '0', 22, 'icon-users', 'Board', 'image', '8b13e384af77af8e441f0ad3cda08701.png', 0, 0),
(32, 'Request', '../board/controllers/requests.php?ac=index', '31', 1, 'icon-envelope', 'Request', 'icon', 'fe2fa07db92348977058781f3d8cc3f1.jpg', 0, 0),
(34, 'Sessions', '../board/controllers/sessions.php?ac=index', '31', 2, 'icon-clock', 'sessions', 'icon', 'fe2fa07db92348977058781f3d8cc3f1.jpg', 0, 0),
(35, 'Add Request', '../board/controllers/requests.php?ac=index', '32', 1, 'icon-docs', 'addrequests', 'icon', 'fe2fa07db92348977058781f3d8cc3f1.jpg', 0, 0),
(36, 'Show Requests', '../board/controllers/requests.php?ac=showall', '32', 1, 'icon-eye', 'showrequests', 'icon', 'fe2fa07db92348977058781f3d8cc3f1.jpg', 0, 0),
(37, 'Archive ', '../board/controllers/requests.php?ac=archiveshowall', '32', 1, 'icon-folder', 'archive', 'icon', 'fe2fa07db92348977058781f3d8cc3f1.jpg', 0, 0),
(38, 'Add Session', '../board/controllers/sessions.php?ac=index', '34', 1, 'icon-docs', 'addsession', 'icon', 'fe2fa07db92348977058781f3d8cc3f1.jpg', 0, 0),
(39, 'Archive', '../board/controllers/sessions.php?ac=archiveshowall', '34', 1, 'icon-folder', 'archivesess', 'icon', 'fe2fa07db92348977058781f3d8cc3f1.jpg', 0, 0),
(40, 'Investigations', '../core/controllers/investigation.php?ac=index', '0', 9, 'icon-eye', 'Investigations', 'image', '99e6d528f795a6e789eec567a8b8c482.png', 0, 1),
(41, 'Patient History', '../core/controllers/patienthistory.php?ac=show', '0', 6, 'icon-home', 'Patient History', 'image', '691dc50dd7656bc5e7f2a9f5eb91c2bf.png', 0, 1),
(42, 'Drugs', '../core/controllers/drugsex.php?ac=index', '0', 18, 'icon-handbag', 'drugs', 'image', 'e8cfa53f686f1f694f314c499a7abdb1.png', 0, 0),
(43, 'instruction', 'instruction', '0', 19, 'icon-speech', 'instruction', 'image', 'f38f634587209961944fb01b789305f1.png', 0, 1),
(44, 'Add instruction', '../core/controllers/instruction.php?ac=index', '43', 1, 'icon-speech', 'instructionadd', 'icon', 'fe2fa07db92348977058781f3d8cc3f1.jpg', 0, 1),
(45, 'Show instruction', '../core/controllers/instruction.php?ac=show', '43', 1, 'icon-speech', 'instructionshow', 'icon', 'fe2fa07db92348977058781f3d8cc3f1.jpg', 0, 1),
(46, 'Management', '../core/controllers/gyna.php?ac=index', '0', 10, 'icon-user', 'gyna', 'image', '18a54ebe6682a0a131c295b10b779e95.png', 0, 1),
(47, 'Antenatal visits', '../core/controllers/antenalvisit.php?ac=index', '0', 11, 'icon-user', 'antenalvisit', 'image', '633b9ba0ea83439e985a155faea4aad3.png', 0, 1),
(48, 'Setting', '../core/controllers/programesetting.php', '53', 1, 'icon-globe', 'setting', 'icon', 'fe2fa07db92348977058781f3d8cc3f1.jpg', 2, 0),
(49, 'Help', '../core/controllers/help.php?ac=index', '0', 30, 'icon-bulb', 'help', 'image', '5a22db59b21abf4d162ade78f5638f9f.png', 0, 0),
(50, 'Add new', '../core/controllers/help.php?ac=index', '49', 1, 'icon-bulb', 'helpadd', 'icon', 'fe2fa07db92348977058781f3d8cc3f1.jpg', 0, 0),
(51, 'Show All', '../core/controllers/help.php?ac=show', '49', 1, 'icon-bulb', 'helpshow', 'icon', 'fe2fa07db92348977058781f3d8cc3f1.jpg', 0, 0),
(52, 'Pictures and Videos', '../core/controllers/sonar.php?ac=index', '0', 16, 'icon-camera', 'sonar', 'image', 'c656579f9f67618c0758890d30a24ddd.png', 0, 1),
(53, 'Program Setting', '#', '0', 32, 'icon-settings', 'programesetting', 'image', 'dd107d2651e65734dec857c7dabab39e.png', 2, 0),
(54, 'Add Investigations', '../core/controllers/addinvestigation.php?ac=index', '53', 3, 'icon-home', 'addinvestigation', 'icon', 'fe2fa07db92348977058781f3d8cc3f1.jpg', 0, 0),
(55, 'Reports', '#', '0', 20, 'icon-wallet', 'Reports', 'image', '9667c6ff00f468d331e2d5f8432f8b74.png', 0, 0),
(56, 'Expected Delivery', '../core/controllers/expected.php?ac=index', '55', 1, 'icon-action-redo', 'Expected Delivery', 'icon', 'fe2fa07db92348977058781f3d8cc3f1.jpg', 0, 1),
(57, 'Complete Report', '../core/controllers/completereport.php?ac=index', '55', 3, 'icon-docs', 'Complete Report', 'icon', 'fe2fa07db92348977058781f3d8cc3f1.jpg', 0, 1),
(58, 'Financial Report', '../core/controllers/financialreport.php?ac=index', '92', 2, 'icon-graph', 'Financial Report', 'icon', 'fe2fa07db92348977058781f3d8cc3f1.jpg', 0, 1),
(59, 'Examination', '../core/controllers/examination.php?ac=index', '0', 7, 'icon-diamond', 'Examination', 'image', 'baf8d55d64f4872f5a72af9760ecbb0b.jpg', 0, 1),
(61, 'OperationDetails', '../core/controllers/operativedetails.php?ac=index', '0', 13, 'icon-bar-chart', 'operativedetails', 'image', '7307e43e560d7f5296c4d8211586abca.png', 1, 1),
(62, 'GT Image', '../core/controllers/gtimage.php?ac=show', '0', 17, 'icon-camera', 'GT Image', 'image', '8b69b358cfa86178285c97575bfa2f94.png', 0, 1),
(63, 'Visits', '../core/controllers/visits.php?ac=index', '0', 21, 'icon-home', 'visits', 'image', '6b712beeddba5ad1dd4df16703297bc2.png', 0, 0),
(66, 'Take Backup', '../core/controllers/backup.php?ac=takeit', '53', 2, 'icon-folder', 'TakeBackup', 'icon', 'fe2fa07db92348977058781f3d8cc3f1.jpg', 2, 0),
(67, 'Setup', '../core/controllers/setup.php?ac=index', '0', 29, 'icon-settings', 'setup', 'image', '0dc1158534e27197848e9f98c6eb836e.png', 0, 0),
(68, 'pregnancy', '../core/controllers/followup.php?ac=index', '0', 24, 'icon-docs', 'followup', 'image', '7ddc53e8f4472e9ec2dbe41188653d1f.png', 1, 1),
(69, 'Record', '../core/controllers/record.php?ac=index', '0', 25, 'icon-home', 'record', 'image', '738051be3b5fc39b23707694db1d633f.png', 1, 1),
(70, 'Infertility', '../core/controllers/infertility.php?ac=index', '0', 26, 'icon-home', 'infertility', 'image', '5a5cf5295757517220456c9e0ee3da3f.png', 1, 1),
(71, 'First', '../core/controllers/ultrasoundobst.php?ac=index', '72', 23, 'icon-home', 'Second', 'icon', 'dd2950d000dace888a3fd784d792b89f.png', 0, 1),
(72, 'Antenatal Ultrasound', '#', '0', 14, 'icon-home', 'Ultrasound', 'image', 'b8163f45019dba3b12437c144786dc93.png', 0, 1),
(73, 'Second', '../core/controllers/ultrasound.php?ac=index', '72', 24, 'icon-eye', 'Ultrasound Obstetric', 'image', 'c1ec4aba2597f5770522ca65927fab66.png', 0, 1),
(74, 'Termination report', '../core/controllers/termination.php?ac=index', '55', 4, 'icon-power', 'termination', 'icon', NULL, 0, 1),
(75, 'Risk types report', '../core/controllers/risktype.php?ac=index', '55', 5, 'icon-bell', 'risktype', 'icon', NULL, 0, 1),
(76, 'merge', '../core/controllers/merge.php?ac=index', '0', 28, 'icon-action-redo', 'merge', 'icon', NULL, 2, 1),
(80, 'Combined Report', '../core/controllers/combinedreport.php?ac=index', '55', 6, 'icon-bar-chart', 'Combined Report', 'icon', NULL, 0, 1),
(81, 'ultrasound Gyna', '../core/controllers/ultrasoundgyna.php?ac=index', '0', 15, 'icon-home', 'Ultrasound Gyna', 'image', 'a42d3a58f377f51cbafebb9bceadb36f.png', 0, 1),
(82, 'Follow up card', '../core/controllers/followupcard.php?ac=index', '0', 8, 'icon-home', 'FollowUpCard', 'icon', NULL, 0, 1),
(83, 'full report', '../core/controllers/fullreport.php?ac=index', '55', 7, 'icon-calendar', 'Full Report', 'icon', NULL, 0, 1),
(84, 'logout', '../core/controllers/login.php?ac=logout', '0', 35, 'icon-envelope', 'logout', 'image', '410518eb8de82026167a33ba5c5e2c46.png', 0, 1),
(85, 'Monitoring sheet', '../core/controllers/monitoring.php?ac=index', '0', 12, 'icon-docs', 'Monitoring sheet', 'image', '30f8a0667afafbe661653f18a39f4ee2.png', 0, 1),
(86, 'single Financial Report', '../core/controllers/financialreport.php?ac=balance', '55', 8, 'icon-bar-chart', 'Single Financial Report', 'icon', NULL, 0, 1),
(87, 'Infertility visits', '../core/controllers/infertilitysheet.php?ac=index', '0', 2, 'icon-user', 'Infertilitysheet', 'image', '297eff2a06ee6e9f148fea4eaad0d75e.png', 2, 1),
(88, 'Antenatal Visits', '../core/controllers/ancsheet.php?ac=index', '0', 5, 'icon-user-following', 'Ancsheet', 'image', 'fb02bfda0a4a007a5680c515cd28b490.png', 2, 1),
(89, 'Gyna visits', '../core/controllers/gynasheet.php?ac=index', '0', 4, 'icon-users', 'Gynasheet', 'image', '5bcab711777db6f117ab35cdb7bc66db.png', 2, 1),
(90, 'IVF visits', '../core/controllers/ivfsheet.php?ac=index', '0', 3, 'icon-check', 'Ivfsheet', 'image', '45b0667cdb176ce868d41c6e0e20ca83.png', 2, 1),
(91, 'iui', '../Core/Controllers/iui.Php?Ac=Index', '92', 9, 'icon-home', 'iui', 'icon', NULL, 0, 1),
(92, 'Reports2', '#', '0', 31, 'icon-home', 'Reports2', 'image', '7237025d9c54b163ec75ab0fcc1d6a62.png', 0, 1),
(93, 'miscarriages (epc)', '../Core/Controllers/epc.Php?Ac=Index', '92', 10, 'icon-home', 'epc', 'icon', NULL, 0, 1),
(94, 'deliveries ( p )', '../Core/Controllers/Deliveries.Php?Ac=Index', '92', 11, 'icon-home', 'Deliveries', 'icon', NULL, 0, 1),
(95, 'operations', '../Core/Controllers/Operations.Php?Ac=Index', '92', 12, 'icon-home', 'Operations', 'icon', NULL, 0, 1),
(96, 'edd', '../Core/Controllers/edd.Php?Ac=Index', '92', 13, 'icon-home', 'edd', 'icon', NULL, 0, 1),
(97, 'ivfstatistics', '../Core/Controllers/Ivfstatistics.Php?Ac=Index', '92', 14, 'icon-home', 'Ivfstatistics', 'icon', NULL, 0, 1),
(98, 'Completes report', '../Core/Controllers/Completesreport.Php?Ac=Index', '92', 15, 'icon-home', 'Completesreport', 'icon', NULL, 0, 1),
(99, 'Drug use report', '../core/controllers/financialreport.php?ac=drug', '92', 9, 'icon-bar-chart', 'Drug Use Report', 'icon', NULL, 0, 1),
(100, 'Add Present History', '../Core/Controllers/Addpresenthistory.Php?Ac=Index', '53', 26, 'icon-home', 'Addpresenthistory', 'icon', NULL, 0, 1),
(101, 'شاشة العرض', '../screen/controllers/index.php', '0', 33, 'icon-eye', 'شاشة العرض', 'icon', NULL, 0, 0),
(102, 'ترتيب المرضي', '../core/controllers/screen_orders.php', '0', 34, 'icon-home', 'ترتيب المرضي', 'icon', NULL, 0, 0),
(103, 'Cases Excel', '../core/controllers/patients.php?ac=cases', '92', 9, 'icon-home', 'Cases Excel', 'icon', NULL, 0, 1);

-- --------------------------------------------------------

--
-- Table structure for table `awrole`
--

CREATE TABLE IF NOT EXISTS `awrole` (
  `id` int(11) unsigned NOT NULL AUTO_INCREMENT,
  `name` varchar(191) COLLATE utf8mb4_unicode_ci DEFAULT NULL,
  PRIMARY KEY (`id`)
) ENGINE=InnoDB  DEFAULT CHARSET=utf8mb4 COLLATE=utf8mb4_unicode_ci ROW_FORMAT=COMPACT AUTO_INCREMENT=11 ;

--
-- Dumping data for table `awrole`
--

INSERT INTO `awrole` (`id`, `name`) VALUES
(1, 'Management'),
(2, 'pharmacist'),
(3, 'reception'),
(4, 'doctors'),
(5, 'rays'),
(6, 'assistants'),
(7, ''),
(8, ''),
(10, 'lobna role');

-- --------------------------------------------------------

--
-- Table structure for table `awrolecontrollprop`
--

CREATE TABLE IF NOT EXISTS `awrolecontrollprop` (
  `id` int(11) unsigned NOT NULL AUTO_INCREMENT,
  `role_id` int(11) unsigned DEFAULT NULL,
  `controllprop_id` int(11) unsigned DEFAULT NULL,
  `checkval` tinyint(1) unsigned DEFAULT NULL,
  PRIMARY KEY (`id`),
  KEY `index_foreignkey_awrolecontrollprop_awcontrollprop` (`controllprop_id`),
  KEY `index_foreignkey_awrolecontrollprop_awrole` (`role_id`)
) ENGINE=InnoDB  DEFAULT CHARSET=utf8mb4 COLLATE=utf8mb4_unicode_ci ROW_FORMAT=COMPACT AUTO_INCREMENT=3063 ;

--
-- Dumping data for table `awrolecontrollprop`
--

INSERT INTO `awrolecontrollprop` (`id`, `role_id`, `controllprop_id`, `checkval`) VALUES
(1, 1, 1, 1),
(2, 1, 2, 1),
(3, 1, 3, 1),
(4, 1, 4, 1),
(5, 1, 5, 1),
(6, 1, 6, 1),
(7, 1, 7, 1),
(8, 1, 8, 1),
(9, 1, 9, 1),
(10, 1, 10, 1),
(11, 1, 11, 1),
(12, 1, 12, 1),
(13, 1, 13, 1),
(14, 1, 14, 1),
(15, 1, 15, 1),
(16, 1, 16, 1),
(17, 1, 17, 1),
(18, 1, 18, 1),
(19, 1, 19, 1),
(20, 1, 20, 1),
(21, 1, 21, 1),
(22, 1, 22, 1),
(23, 1, 23, 1),
(24, 1, 24, 1),
(25, 1, 25, 1),
(26, 1, 26, 1),
(27, 1, 27, 1),
(28, 2, 1, 0),
(29, 2, 2, 0),
(30, 2, 3, 0),
(31, 2, 4, 0),
(32, 2, 5, 0),
(33, 2, 6, 0),
(34, 2, 7, 0),
(35, 2, 8, 0),
(36, 2, 9, 0),
(37, 2, 10, 0),
(38, 2, 11, 0),
(39, 2, 12, 0),
(40, 2, 13, 0),
(41, 2, 14, 0),
(42, 2, 15, 0),
(43, 2, 16, 0),
(44, 2, 17, 0),
(45, 2, 18, 0),
(46, 2, 19, 0),
(47, 2, 20, 0),
(48, 2, 21, 0),
(49, 2, 22, 0),
(50, 2, 23, 0),
(51, 2, 24, 0),
(52, 2, 25, 0),
(53, 2, 26, 0),
(54, 2, 27, 0),
(151, 1, 116, 1),
(152, 1, 117, 1),
(153, 1, 118, 1),
(154, 1, 119, 1),
(155, 1, 120, 1),
(156, 1, 121, 1),
(157, 1, 122, 1),
(158, 1, 123, 1),
(159, 1, 124, 1),
(160, 1, 125, 1),
(161, 1, 126, 1),
(162, 1, 127, 1),
(163, 1, 128, 1),
(164, 1, 129, 1),
(165, 1, 130, 1),
(166, 1, 131, 1),
(167, 1, 132, 1),
(168, 1, 133, 1),
(169, 1, 134, 1),
(170, 1, 135, 1),
(171, 1, 136, 1),
(172, 1, 137, 1),
(173, 1, 138, 1),
(174, 1, NULL, 1),
(175, 1, NULL, 1),
(176, 1, NULL, 1),
(177, 1, NULL, 1),
(178, 1, NULL, 1),
(179, 1, NULL, 1),
(180, 1, NULL, 1),
(181, 1, NULL, 1),
(182, 1, NULL, 1),
(183, 1, NULL, 1),
(184, 1, NULL, 1),
(185, 1, NULL, 1),
(186, 1, NULL, 1),
(187, 1, NULL, 1),
(188, 1, NULL, 1),
(189, 1, NULL, 1),
(190, 1, NULL, 1),
(191, 1, NULL, 1),
(192, 1, NULL, 1),
(193, 1, NULL, 1),
(194, 1, NULL, 1),
(195, 1, NULL, 1),
(196, 1, NULL, 1),
(197, 1, NULL, 1),
(198, 1, NULL, 1),
(199, 1, NULL, 1),
(200, 1, NULL, 1),
(201, 1, 166, 1),
(202, 1, 167, 1),
(203, 1, 168, 1),
(204, 1, 169, 1),
(205, 1, 170, 1),
(206, 1, 171, 1),
(207, 1, 172, 1),
(208, 1, 173, 1),
(209, 1, 174, 1),
(210, 1, 175, 1),
(211, 1, 176, 1),
(212, 1, 177, 1),
(213, 1, 178, 1),
(214, 1, 179, 1),
(215, 1, 180, 1),
(216, 1, 181, 1),
(217, 1, 182, 1),
(218, 1, 183, 1),
(219, 1, 184, 1),
(220, 1, 185, 1),
(221, 1, 186, 1),
(222, 1, 187, 1),
(223, 2, 116, 0),
(224, 2, 117, 0),
(225, 2, 118, 1),
(226, 2, 134, 1),
(227, 2, 135, 1),
(228, 2, 136, 1),
(229, 2, 137, 1),
(230, 2, 138, 1),
(231, 2, 119, 0),
(232, 2, 120, 1),
(233, 2, 123, 1),
(234, 2, 124, 1),
(235, 2, 125, 1),
(236, 2, 126, 1),
(237, 2, 127, 1),
(238, 2, 128, 1),
(239, 2, 129, 1),
(240, 2, 133, 1),
(241, 2, 121, 1),
(242, 2, 130, 1),
(243, 2, 131, 1),
(244, 2, 132, 1),
(245, 2, 122, 1),
(246, 2, 166, 0),
(247, 2, 167, 0),
(248, 2, 168, 0),
(249, 2, 169, 0),
(250, 2, 170, 0),
(251, 2, 171, 0),
(252, 2, 172, 0),
(253, 2, 173, 0),
(254, 2, 174, 0),
(255, 2, 175, 0),
(256, 2, 176, 0),
(257, 2, 177, 0),
(258, 2, 178, 0),
(259, 2, 179, 0),
(260, 2, 180, 0),
(261, 2, 181, 0),
(262, 2, 182, 0),
(263, 2, 183, 0),
(264, 2, 184, 0),
(265, 2, 185, 0),
(266, 2, 186, 0),
(267, 2, 187, 0),
(268, 3, 1, 1),
(269, 3, 2, 1),
(270, 3, 3, 1),
(271, 3, 4, 1),
(272, 3, 5, 1),
(273, 3, 6, 1),
(274, 3, 7, 1),
(275, 3, 8, 1),
(276, 3, 9, 1),
(277, 3, 10, 1),
(278, 3, 11, 1),
(279, 3, 12, 1),
(280, 3, 13, 1),
(281, 3, 14, 1),
(282, 3, 15, 0),
(283, 3, 16, 1),
(284, 3, 17, 1),
(285, 3, 18, 1),
(286, 3, 19, 1),
(287, 3, 20, 1),
(288, 3, 21, 1),
(289, 3, 22, 1),
(290, 3, 23, 1),
(291, 3, 24, 1),
(292, 3, 25, 1),
(293, 3, 26, 1),
(294, 3, 27, 1),
(295, 3, 116, 1),
(296, 3, 117, 1),
(297, 3, 118, 1),
(298, 3, 134, 1),
(299, 3, 135, 1),
(300, 3, 136, 1),
(301, 3, 137, 1),
(302, 3, 138, 1),
(303, 3, 119, 1),
(304, 3, 120, 0),
(305, 3, 123, 0),
(306, 3, 124, 0),
(307, 3, 125, 0),
(308, 3, 126, 0),
(309, 3, 127, 0),
(310, 3, 128, 0),
(311, 3, 129, 0),
(312, 3, 133, 0),
(313, 3, 121, 0),
(314, 3, 130, 0),
(315, 3, 131, 0),
(316, 3, 132, 0),
(317, 3, 122, 0),
(318, 3, 166, 1),
(319, 3, 167, 0),
(320, 3, 168, 1),
(321, 3, 169, 1),
(322, 3, 170, 1),
(323, 3, 171, 1),
(324, 3, 172, 1),
(325, 3, 173, 0),
(326, 3, 174, 0),
(327, 3, 175, 1),
(328, 3, 176, 0),
(329, 3, 177, 0),
(330, 3, 178, 0),
(331, 3, 179, 0),
(332, 3, 180, 0),
(333, 3, 181, 0),
(334, 3, 182, 0),
(335, 3, 183, 0),
(336, 3, 184, 0),
(337, 3, 185, 0),
(338, 3, 186, 0),
(339, 3, 187, 0),
(340, 4, 1, 0),
(341, 4, 2, 0),
(342, 4, 3, 0),
(343, 4, 4, 0),
(344, 4, 5, 0),
(345, 4, 6, 0),
(346, 4, 7, 0),
(347, 4, 8, 0),
(348, 4, 9, 1),
(349, 4, 10, 1),
(350, 4, 11, 1),
(351, 4, 12, 1),
(352, 4, 13, 1),
(353, 4, 14, 1),
(354, 4, 15, 0),
(355, 4, 16, 0),
(356, 4, 17, 0),
(357, 4, 18, 0),
(358, 4, 19, 0),
(359, 4, 20, 0),
(360, 4, 21, 0),
(361, 4, 22, 0),
(362, 4, 23, 0),
(363, 4, 24, 0),
(364, 4, 25, 0),
(365, 4, 26, 0),
(366, 4, 27, 0),
(367, 4, 116, 0),
(368, 4, 117, 0),
(369, 4, 118, 0),
(370, 4, 134, 0),
(371, 4, 135, 0),
(372, 4, 136, 0),
(373, 4, 137, 0),
(374, 4, 138, 0),
(375, 4, 119, 0),
(376, 4, 120, 0),
(377, 4, 123, 0),
(378, 4, 124, 0),
(379, 4, 125, 0),
(380, 4, 126, 0),
(381, 4, 127, 0),
(382, 4, 128, 0),
(383, 4, 129, 0),
(384, 4, 133, 0),
(385, 4, 121, 0),
(386, 4, 130, 0),
(387, 4, 131, 0),
(388, 4, 132, 0),
(389, 4, 122, 0),
(390, 4, 166, 1),
(391, 4, 167, 0),
(392, 4, 168, 1),
(393, 4, 169, 1),
(394, 4, 170, 1),
(395, 4, 171, 1),
(396, 4, 172, 1),
(397, 4, 173, 0),
(398, 4, 174, 0),
(399, 4, 175, 1),
(400, 4, 176, 1),
(401, 4, 177, 0),
(402, 4, 178, 1),
(403, 4, 179, 1),
(404, 4, 180, 1),
(405, 4, 181, 1),
(406, 4, 182, 0),
(407, 4, 183, 0),
(408, 4, 184, 0),
(409, 4, 185, 0),
(410, 4, 186, 0),
(411, 4, 187, 0),
(412, 5, 1, 1),
(413, 5, 2, 1),
(414, 5, 3, 1),
(415, 5, 4, 1),
(416, 5, 5, 1),
(417, 5, 6, 1),
(418, 5, 7, 1),
(419, 5, 8, 1),
(420, 5, 9, 1),
(421, 5, 10, 1),
(422, 5, 11, 1),
(423, 5, 12, 1),
(424, 5, 13, 1),
(425, 5, 14, 1),
(426, 5, 15, 0),
(427, 5, 16, 1),
(428, 5, 17, 1),
(429, 5, 18, 1),
(430, 5, 19, 1),
(431, 5, 20, 1),
(432, 5, 21, 1),
(433, 5, 22, 1),
(434, 5, 23, 1),
(435, 5, 24, 1),
(436, 5, 25, 1),
(437, 5, 26, 1),
(438, 5, 27, 1),
(439, 5, 116, 1),
(440, 5, 117, 1),
(441, 5, 118, 1),
(442, 5, 134, 1),
(443, 5, 135, 1),
(444, 5, 136, 1),
(445, 5, 137, 1),
(446, 5, 138, 1),
(447, 5, 119, 1),
(448, 5, 120, 0),
(449, 5, 123, 0),
(450, 5, 124, 0),
(451, 5, 125, 0),
(452, 5, 126, 0),
(453, 5, 127, 0),
(454, 5, 128, 0),
(455, 5, 129, 0),
(456, 5, 133, 0),
(457, 5, 121, 0),
(458, 5, 130, 0),
(459, 5, 131, 0),
(460, 5, 132, 0),
(461, 5, 122, 0),
(462, 5, 166, 1),
(463, 5, 167, 1),
(464, 5, 168, 1),
(465, 5, 169, 1),
(466, 5, 170, 1),
(467, 5, 171, 1),
(468, 5, 172, 1),
(469, 5, 173, 1),
(470, 5, 174, 1),
(471, 5, 175, 1),
(472, 5, 176, 1),
(473, 5, 177, 1),
(474, 5, 178, 1),
(475, 5, 179, 1),
(476, 5, 180, 1),
(477, 5, 181, 1),
(478, 5, 182, 1),
(479, 5, 183, 1),
(480, 5, 184, 1),
(481, 5, 185, 1),
(482, 5, 186, 1),
(483, 5, 187, 1),
(484, 1, 188, 1),
(485, 1, 189, 1),
(486, 1, 190, 1),
(487, 1, 191, 1),
(488, 1, 192, 1),
(489, 1, 193, 1),
(490, 1, 194, 1),
(491, 1, 195, 1),
(492, 1, 196, 1),
(493, 1, 197, 1),
(494, 1, 198, 1),
(495, 1, 199, 1),
(496, 1, 200, 1),
(497, 1, 201, 1),
(498, 1, 202, 1),
(499, 1, 203, 1),
(500, 1, 204, 1),
(501, 1, 205, 1),
(502, 1, 206, 1),
(503, 2, 188, 1),
(504, 2, 189, 1),
(505, 2, 190, 1),
(506, 2, 191, 1),
(507, 2, 192, 1),
(508, 2, 200, 1),
(509, 2, 193, 1),
(510, 2, 194, 1),
(511, 2, 195, 1),
(512, 2, 196, 1),
(513, 2, 197, 1),
(514, 2, 198, 1),
(515, 2, 199, 1),
(516, 2, 201, 1),
(517, 2, 202, 1),
(518, 2, 203, 1),
(519, 2, 204, 1),
(520, 2, 205, 1),
(521, 2, 206, 1),
(522, 1, 207, 1),
(523, 1, 210, 1),
(524, 1, 211, 1),
(525, 1, 212, 1),
(526, 1, 208, 1),
(527, 1, 209, 1),
(528, 1, 213, 1),
(529, 1, 214, 1),
(530, 1, 215, 1),
(531, 1, 219, 1),
(532, 1, 220, 1),
(533, 1, 221, 1),
(534, 1, 223, 1),
(535, 1, 224, 1),
(536, 1, 225, 1),
(537, 1, 216, 1),
(538, 1, 217, 1),
(539, 1, 218, 1),
(540, 1, 226, 1),
(541, 1, 227, 1),
(542, 1, 228, 1),
(543, 1, 229, 1),
(544, 1, 230, 1),
(545, 1, 231, 1),
(546, 1, 233, 1),
(547, 1, 234, 1),
(548, 1, 235, 1),
(549, 1, 236, 1),
(550, 1, 237, 1),
(551, 1, 238, 1),
(552, 1, 239, 1),
(553, 1, 240, 1),
(554, 1, 241, 1),
(555, 1, 242, 1),
(556, 1, 243, 1),
(557, 1, 244, 1),
(558, 1, 245, 1),
(559, 1, 246, 1),
(560, 1, 247, 1),
(561, 1, 248, 1),
(562, 1, 249, 1),
(563, 1, 250, 1),
(564, 1, 251, 1),
(565, 1, 256, 1),
(566, 1, 257, 1),
(567, 1, 258, 1),
(568, 1, 253, 1),
(569, 1, 254, 1),
(570, 1, 255, 1),
(571, 1, 252, 1),
(572, 1, 259, 1),
(573, 1, 260, 1),
(574, 1, 261, 1),
(575, 1, 263, 1),
(576, 1, 265, 1),
(577, 1, 266, 1),
(578, 1, 267, 1),
(579, 1, 262, 1),
(580, 1, 264, 1),
(581, 1, 268, 1),
(582, 1, 269, 1),
(583, 1, 270, 1),
(584, 1, 271, 1),
(585, 1, 272, 1),
(586, 1, 280, 1),
(587, 1, 281, 1),
(588, 1, 282, 1),
(589, 1, 283, 1),
(590, 1, 284, 1),
(591, 1, 275, 1),
(592, 1, 276, 1),
(593, 1, 286, 1),
(594, 1, 287, 1),
(595, 1, 289, 1),
(596, 1, 290, 1),
(597, 1, 292, 1),
(598, 1, 293, 1),
(599, 1, 294, 1),
(600, 1, 295, 1),
(601, 1, 285, 1),
(602, 1, 288, 1),
(603, 1, 291, 1),
(604, 1, 296, 1),
(605, 1, 297, 1),
(606, 1, 298, 1),
(607, 1, 299, 1),
(608, 1, 300, 1),
(609, 1, 301, 1),
(610, 1, 302, 1),
(611, 1, 303, 1),
(612, 1, 304, 1),
(613, 1, 305, 1),
(614, 1, 306, 1),
(615, 1, 307, 1),
(616, 1, 308, 1),
(617, 1, 309, 1),
(618, 1, 310, 1),
(619, 1, 311, 1),
(620, 1, 312, 1),
(621, 1, 313, 1),
(622, 1, 314, 1),
(623, 1, 315, 1),
(624, 1, 316, 1),
(625, 1, 317, 1),
(626, 1, 318, 1),
(627, 1, 319, 1),
(628, 1, 320, 1),
(629, 1, 321, 1),
(630, 1, 322, 1),
(631, 1, 323, 1),
(632, 1, 324, 1),
(633, 1, 325, 1),
(634, 1, 326, 1),
(635, 1, 327, 1),
(636, 1, 328, 1),
(637, 1, 329, 1),
(638, 1, 330, 1),
(639, 1, 331, 1),
(640, 1, 332, 1),
(641, 1, 333, 1),
(642, 1, 334, 1),
(643, 1, 335, 1),
(644, 1, 336, 1),
(645, 1, 337, 1),
(646, 1, 338, 1),
(647, 1, 339, 1),
(648, 1, 340, 1),
(649, 1, 341, 1),
(650, 1, 342, 1),
(651, 1, 343, 1),
(652, 1, 344, 1),
(653, 1, 345, 1),
(654, 1, 346, 1),
(655, 1, 347, 1),
(656, 1, 348, 1),
(657, 1, 349, 1),
(658, 1, 354, 1),
(659, 1, 355, 1),
(660, 1, 356, 1),
(661, 1, 357, 1),
(662, 1, 358, 1),
(663, 1, 359, 1),
(664, 1, 360, 1),
(665, 1, 361, 1),
(666, 1, 362, 1),
(667, 1, 363, 1),
(668, 1, 364, 1),
(669, 1, 365, 1),
(670, 1, 366, 1),
(671, 1, 367, 1),
(672, 1, 368, 1),
(673, 1, 369, 1),
(674, 1, 370, 1),
(675, 1, 372, 1),
(676, 1, 371, 1),
(677, 1, 373, 1),
(678, 1, 374, 1),
(679, 1, 375, 1),
(680, 1, 376, 1),
(681, 1, 377, 1),
(682, 1, 378, 1),
(683, 1, 379, 1),
(684, 1, 380, 1),
(685, 1, 381, 1),
(686, 1, 383, 1),
(687, 1, 385, 1),
(688, 1, 382, 1),
(689, 1, 384, 1),
(690, 1, 386, 1),
(691, 1, 387, 1),
(692, 1, 388, 1),
(693, 1, 389, 1),
(694, 1, 390, 1),
(695, 1, 391, 1),
(696, 1, 392, 1),
(697, 1, 393, 1),
(698, 1, 394, 1),
(699, 1, 395, 1),
(700, 1, 396, 1),
(701, 1, 397, 1),
(702, 1, 402, 1),
(703, 1, 398, 1),
(704, 1, 403, 1),
(705, 1, 404, 1),
(706, 1, 405, 1),
(707, 1, 399, 1),
(708, 1, 400, 1),
(709, 1, 401, 1),
(710, 1, 406, 1),
(711, 1, 407, 1),
(712, 1, 408, 1),
(713, 1, 409, 1),
(714, 1, 410, 1),
(715, 1, 411, 1),
(716, 1, 412, 1),
(717, 1, 415, 1),
(718, 1, 416, 1),
(719, 1, 428, 1),
(720, 1, 417, 1),
(721, 1, 418, 1),
(722, 1, 419, 1),
(723, 1, 420, 1),
(724, 1, 421, 1),
(725, 1, 422, 1),
(726, 1, 413, 1),
(727, 1, 414, 1),
(728, 1, 423, 1),
(729, 1, 424, 1),
(730, 1, 425, 1),
(731, 1, 426, 1),
(732, 1, 427, 1),
(733, 1, 432, 1),
(734, 1, 434, 1),
(735, 1, 431, 1),
(736, 1, 433, 1),
(737, 1, 429, 1),
(738, 1, 430, 1),
(739, 1, 435, 1),
(740, NULL, 1, 1),
(741, NULL, 2, 1),
(742, NULL, 3, 1),
(743, NULL, 4, 1),
(744, NULL, 5, 1),
(745, NULL, 6, 1),
(746, NULL, 7, 1),
(747, NULL, 8, 1),
(748, NULL, 9, 1),
(749, NULL, 10, 1),
(750, NULL, 11, 1),
(751, NULL, 12, 1),
(752, NULL, 13, 1),
(753, NULL, 14, 1),
(754, NULL, 389, 1),
(755, NULL, 390, 1),
(756, NULL, 391, 1),
(757, NULL, 394, 1),
(758, NULL, 15, 0),
(759, NULL, 16, 1),
(760, NULL, 17, 1),
(761, NULL, 18, 1),
(762, NULL, 19, 1),
(763, NULL, 20, 1),
(764, NULL, 21, 1),
(765, NULL, 22, 1),
(766, NULL, 23, 1),
(767, NULL, 24, 1),
(768, NULL, 25, 1),
(769, NULL, 26, 1),
(770, NULL, 27, 1),
(771, NULL, 116, 1),
(772, NULL, 117, 1),
(773, NULL, 118, 1),
(774, NULL, 134, 1),
(775, NULL, 135, 1),
(776, NULL, 136, 1),
(777, NULL, 137, 1),
(778, NULL, 138, 1),
(779, NULL, 119, 1),
(780, NULL, 120, 0),
(781, NULL, 123, 0),
(782, NULL, 124, 0),
(783, NULL, 125, 0),
(784, NULL, 126, 0),
(785, NULL, 127, 0),
(786, NULL, 128, 0),
(787, NULL, 129, 0),
(788, NULL, 133, 0),
(789, NULL, 121, 0),
(790, NULL, 130, 0),
(791, NULL, 131, 0),
(792, NULL, 132, 0),
(793, NULL, 122, 0),
(794, NULL, 166, 0),
(795, NULL, 167, 0),
(796, NULL, 168, 0),
(797, NULL, 169, 0),
(798, NULL, 170, 0),
(799, NULL, 171, 0),
(800, NULL, 172, 0),
(801, NULL, 173, 0),
(802, NULL, 174, 0),
(803, NULL, 175, 0),
(804, NULL, 176, 0),
(805, NULL, 177, 0),
(806, NULL, 178, 0),
(807, NULL, 179, 0),
(808, NULL, 180, 0),
(809, NULL, 181, 0),
(810, NULL, 182, 0),
(811, NULL, 183, 0),
(812, NULL, 184, 0),
(813, NULL, 185, 0),
(814, NULL, 186, 0),
(815, NULL, 187, 0),
(816, NULL, 188, 1),
(817, NULL, 207, 1),
(818, NULL, 210, 1),
(819, NULL, 211, 1),
(820, NULL, 212, 1),
(821, NULL, 219, 1),
(822, NULL, 220, 1),
(823, NULL, 280, 1),
(824, NULL, 281, 1),
(825, NULL, 282, 1),
(826, NULL, 283, 1),
(827, NULL, 284, 1),
(828, NULL, 299, 1),
(829, NULL, 300, 1),
(830, NULL, 362, 1),
(831, NULL, 363, 1),
(832, NULL, 383, 1),
(833, NULL, 385, 1),
(834, NULL, 189, 1),
(835, NULL, 256, 1),
(836, NULL, 257, 1),
(837, NULL, 258, 1),
(838, NULL, 190, 1),
(839, NULL, 191, 1),
(840, NULL, 192, 1),
(841, NULL, 200, 1),
(842, NULL, 208, 1),
(843, NULL, 209, 1),
(844, NULL, 213, 1),
(845, NULL, 221, 1),
(846, NULL, 223, 1),
(847, NULL, 224, 1),
(848, NULL, 225, 1),
(849, NULL, 233, 1),
(850, NULL, 242, 1),
(851, NULL, 243, 1),
(852, NULL, 244, 1),
(853, NULL, 245, 1),
(854, NULL, 250, 1),
(855, NULL, 251, 1),
(856, NULL, 253, 1),
(857, NULL, 254, 1),
(858, NULL, 255, 1),
(859, NULL, 263, 1),
(860, NULL, 265, 1),
(861, NULL, 266, 1),
(862, NULL, 267, 1),
(863, NULL, 275, 1),
(864, NULL, 276, 1),
(865, NULL, 286, 1),
(866, NULL, 402, 1),
(867, NULL, 193, 1),
(868, NULL, 216, 1),
(869, NULL, 217, 1),
(870, NULL, 218, 1),
(871, NULL, 287, 1),
(872, NULL, 289, 1),
(873, NULL, 290, 1),
(874, NULL, 292, 1),
(875, NULL, 293, 1),
(876, NULL, 294, 1),
(877, NULL, 295, 1),
(878, NULL, 364, 1),
(879, NULL, 365, 1),
(880, NULL, 366, 1),
(881, NULL, 367, 1),
(882, NULL, 368, 1),
(883, NULL, 372, 1),
(884, NULL, 382, 1),
(885, NULL, 384, 1),
(886, NULL, 432, 1),
(887, NULL, 434, 1),
(888, NULL, 194, 1),
(889, NULL, 195, 1),
(890, NULL, 196, 1),
(891, NULL, 197, 1),
(892, NULL, 198, 1),
(893, NULL, 199, 1),
(894, NULL, 201, 1),
(895, NULL, 202, 1),
(896, NULL, 203, 1),
(897, NULL, 204, 1),
(898, NULL, 205, 1),
(899, NULL, 206, 1),
(900, NULL, 371, 1),
(901, NULL, 214, 1),
(902, NULL, 215, 1),
(903, NULL, 226, 1),
(904, NULL, 227, 1),
(905, NULL, 228, 1),
(906, NULL, 229, 1),
(907, NULL, 230, 1),
(908, NULL, 231, 1),
(909, NULL, 234, 1),
(910, NULL, 235, 1),
(911, NULL, 236, 1),
(912, NULL, 237, 1),
(913, NULL, 238, 1),
(914, NULL, 239, 1),
(915, NULL, 240, 1),
(916, NULL, 241, 1),
(917, NULL, 285, 1),
(918, NULL, 431, 1),
(919, NULL, 433, 1),
(920, NULL, 246, 1),
(921, NULL, 247, 1),
(922, NULL, 248, 1),
(923, NULL, 249, 1),
(924, NULL, 252, 1),
(925, NULL, 262, 1),
(926, NULL, 264, 1),
(927, NULL, 259, 1),
(928, NULL, 268, 1),
(929, NULL, 260, 1),
(930, NULL, 301, 1),
(931, NULL, 261, 1),
(932, NULL, 288, 1),
(933, NULL, 269, 1),
(934, NULL, 270, 1),
(935, NULL, 271, 1),
(936, NULL, 272, 1),
(937, NULL, 291, 1),
(938, NULL, 296, 1),
(939, NULL, 297, 1),
(940, NULL, 298, 1),
(941, NULL, 341, 1),
(942, NULL, 342, 1),
(943, NULL, 343, 1),
(944, NULL, 344, 1),
(945, NULL, 345, 1),
(946, NULL, 346, 1),
(947, NULL, 347, 1),
(948, NULL, 302, 1),
(949, NULL, 303, 1),
(950, NULL, 304, 1),
(951, NULL, 305, 1),
(952, NULL, 306, 1),
(953, NULL, 307, 1),
(954, NULL, 308, 1),
(955, NULL, 309, 1),
(956, NULL, 310, 1),
(957, NULL, 311, 1),
(958, NULL, 312, 1),
(959, NULL, 313, 1),
(960, NULL, 314, 1),
(961, NULL, 315, 1),
(962, NULL, 316, 1),
(963, NULL, 317, 1),
(964, NULL, 318, 1),
(965, NULL, 319, 1),
(966, NULL, 320, 1),
(967, NULL, 321, 1),
(968, NULL, 322, 1),
(969, NULL, 323, 1),
(970, NULL, 324, 1),
(971, NULL, 325, 1),
(972, NULL, 326, 1),
(973, NULL, 327, 1),
(974, NULL, 328, 1),
(975, NULL, 329, 1),
(976, NULL, 330, 1),
(977, NULL, 331, 1),
(978, NULL, 332, 1),
(979, NULL, 333, 1),
(980, NULL, 334, 1),
(981, NULL, 335, 1),
(982, NULL, 336, 1),
(983, NULL, 337, 1),
(984, NULL, 338, 1),
(985, NULL, 339, 1),
(986, NULL, 340, 1),
(987, NULL, 398, 1),
(988, NULL, 348, 1),
(989, NULL, 349, 1),
(990, NULL, 354, 1),
(991, NULL, 355, 1),
(992, NULL, 356, 1),
(993, NULL, 357, 1),
(994, NULL, 358, 1),
(995, NULL, 359, 1),
(996, NULL, 360, 1),
(997, NULL, 361, 1),
(998, NULL, 386, 1),
(999, NULL, 387, 1),
(1000, NULL, 388, 1),
(1001, NULL, 412, 1),
(1002, NULL, 415, 1),
(1003, NULL, 416, 1),
(1004, NULL, 428, 1),
(1005, NULL, 429, 1),
(1006, NULL, 430, 1),
(1007, NULL, 369, 1),
(1008, NULL, 370, 1),
(1009, NULL, 403, 1),
(1010, NULL, 404, 1),
(1011, NULL, 405, 1),
(1012, NULL, 373, 1),
(1013, NULL, 374, 1),
(1014, NULL, 375, 1),
(1015, NULL, 376, 1),
(1016, NULL, 377, 1),
(1017, NULL, 378, 1),
(1018, NULL, 379, 1),
(1019, NULL, 380, 1),
(1020, NULL, 381, 1),
(1021, NULL, 392, 1),
(1022, NULL, 393, 1),
(1023, NULL, 395, 1),
(1024, NULL, 396, 1),
(1025, NULL, 397, 1),
(1026, NULL, 399, 1),
(1027, NULL, 400, 1),
(1028, NULL, 401, 1),
(1029, NULL, 406, 1),
(1030, NULL, 407, 1),
(1031, NULL, 417, 1),
(1032, NULL, 418, 1),
(1033, NULL, 419, 1),
(1034, NULL, 420, 1),
(1035, NULL, 421, 1),
(1036, NULL, 422, 1),
(1037, NULL, 408, 1),
(1038, NULL, 409, 1),
(1039, NULL, 413, 1),
(1040, NULL, 414, 1),
(1041, NULL, 410, 1),
(1042, NULL, 411, 1),
(1043, NULL, 423, 1),
(1044, NULL, 424, 1),
(1045, NULL, 425, 1),
(1046, NULL, 426, 1),
(1047, NULL, 427, 1),
(1048, NULL, 435, 1),
(1049, 8, 1, 1),
(1050, 8, 2, 1),
(1051, 8, 3, 1),
(1052, 8, 4, 1),
(1053, 8, 5, 1),
(1054, 8, 6, 1),
(1055, 8, 7, 1),
(1056, 8, 8, 1),
(1057, 8, 9, 1),
(1058, 8, 10, 1),
(1059, 8, 11, 1),
(1060, 8, 12, 1),
(1061, 8, 13, 1),
(1062, 8, 14, 1),
(1063, 8, 389, 1),
(1064, 8, 390, 1),
(1065, 8, 391, 1),
(1066, 8, 394, 1),
(1067, 8, 15, 0),
(1068, 8, 16, 1),
(1069, 8, 17, 1),
(1070, 8, 18, 1),
(1071, 8, 19, 1),
(1072, 8, 20, 1),
(1073, 8, 21, 1),
(1074, 8, 22, 1),
(1075, 8, 23, 1),
(1076, 8, 24, 1),
(1077, 8, 25, 1),
(1078, 8, 26, 1),
(1079, 8, 27, 1),
(1080, 8, 116, 1),
(1081, 8, 117, 1),
(1082, 8, 118, 1),
(1083, 8, 134, 1),
(1084, 8, 135, 1),
(1085, 8, 136, 1),
(1086, 8, 137, 1),
(1087, 8, 138, 1),
(1088, 8, 119, 1),
(1089, 8, 120, 0),
(1090, 8, 123, 0),
(1091, 8, 124, 0),
(1092, 8, 125, 0),
(1093, 8, 126, 0),
(1094, 8, 127, 0),
(1095, 8, 128, 0),
(1096, 8, 129, 0),
(1097, 8, 133, 0),
(1098, 8, 121, 0),
(1099, 8, 130, 0),
(1100, 8, 131, 0),
(1101, 8, 132, 0),
(1102, 8, 122, 0),
(1103, 8, 166, 0),
(1104, 8, 167, 0),
(1105, 8, 168, 0),
(1106, 8, 169, 0),
(1107, 8, 170, 0),
(1108, 8, 171, 0),
(1109, 8, 172, 0),
(1110, 8, 173, 0),
(1111, 8, 174, 0),
(1112, 8, 175, 0),
(1113, 8, 176, 0),
(1114, 8, 177, 0),
(1115, 8, 178, 0),
(1116, 8, 179, 0),
(1117, 8, 180, 0),
(1118, 8, 181, 0),
(1119, 8, 182, 0),
(1120, 8, 183, 0),
(1121, 8, 184, 0),
(1122, 8, 185, 0),
(1123, 8, 186, 0),
(1124, 8, 187, 0),
(1125, 8, 188, 1),
(1126, 8, 207, 1),
(1127, 8, 210, 1),
(1128, 8, 211, 1),
(1129, 8, 212, 1),
(1130, 8, 219, 1),
(1131, 8, 220, 1),
(1132, 8, 280, 1),
(1133, 8, 281, 1),
(1134, 8, 282, 1),
(1135, 8, 283, 1),
(1136, 8, 284, 1),
(1137, 8, 299, 1),
(1138, 8, 300, 1),
(1139, 8, 362, 1),
(1140, 8, 363, 1),
(1141, 8, 383, 1),
(1142, 8, 385, 1),
(1143, 8, 189, 1),
(1144, 8, 256, 1),
(1145, 8, 257, 1),
(1146, 8, 258, 1),
(1147, 8, 190, 1),
(1148, 8, 191, 1),
(1149, 8, 192, 1),
(1150, 8, 200, 1),
(1151, 8, 208, 1),
(1152, 8, 209, 1),
(1153, 8, 213, 1),
(1154, 8, 221, 1),
(1155, 8, 223, 1),
(1156, 8, 224, 1),
(1157, 8, 225, 1),
(1158, 8, 233, 1),
(1159, 8, 242, 1),
(1160, 8, 243, 1),
(1161, 8, 244, 1),
(1162, 8, 245, 1),
(1163, 8, 250, 1),
(1164, 8, 251, 1),
(1165, 8, 253, 1),
(1166, 8, 254, 1),
(1167, 8, 255, 1),
(1168, 8, 263, 1),
(1169, 8, 265, 1),
(1170, 8, 266, 1),
(1171, 8, 267, 1),
(1172, 8, 275, 1),
(1173, 8, 276, 1),
(1174, 8, 286, 1),
(1175, 8, 402, 1),
(1176, 8, 193, 1),
(1177, 8, 216, 1),
(1178, 8, 217, 1),
(1179, 8, 218, 1),
(1180, 8, 287, 1),
(1181, 8, 289, 1),
(1182, 8, 290, 1),
(1183, 8, 292, 1),
(1184, 8, 293, 1),
(1185, 8, 294, 1),
(1186, 8, 295, 1),
(1187, 8, 364, 1),
(1188, 8, 365, 1),
(1189, 8, 366, 1),
(1190, 8, 367, 1),
(1191, 8, 368, 1),
(1192, 8, 372, 1),
(1193, 8, 382, 1),
(1194, 8, 384, 1),
(1195, 8, 432, 1),
(1196, 8, 434, 1),
(1197, 8, 194, 1),
(1198, 8, 195, 1),
(1199, 8, 196, 1),
(1200, 8, 197, 1),
(1201, 8, 198, 1),
(1202, 8, 199, 1),
(1203, 8, 201, 1),
(1204, 8, 202, 1),
(1205, 8, 203, 1),
(1206, 8, 204, 1),
(1207, 8, 205, 1),
(1208, 8, 206, 1),
(1209, 8, 371, 1),
(1210, 8, 214, 1),
(1211, 8, 215, 1),
(1212, 8, 226, 1),
(1213, 8, 227, 1),
(1214, 8, 228, 1),
(1215, 8, 229, 1),
(1216, 8, 230, 1),
(1217, 8, 231, 1),
(1218, 8, 234, 1),
(1219, 8, 235, 1),
(1220, 8, 236, 1),
(1221, 8, 237, 1),
(1222, 8, 238, 1),
(1223, 8, 239, 1),
(1224, 8, 240, 1),
(1225, 8, 241, 1),
(1226, 8, 285, 1),
(1227, 8, 431, 1),
(1228, 8, 433, 1),
(1229, 8, 246, 1),
(1230, 8, 247, 1),
(1231, 8, 248, 1),
(1232, 8, 249, 1),
(1233, 8, 252, 1),
(1234, 8, 262, 1),
(1235, 8, 264, 1),
(1236, 8, 259, 1),
(1237, 8, 268, 1),
(1238, 8, 260, 1),
(1239, 8, 301, 1),
(1240, 8, 261, 1),
(1241, 8, 288, 1),
(1242, 8, 269, 1),
(1243, 8, 270, 1),
(1244, 8, 271, 1),
(1245, 8, 272, 1),
(1246, 8, 291, 1),
(1247, 8, 296, 1),
(1248, 8, 297, 1),
(1249, 8, 298, 1),
(1250, 8, 341, 1),
(1251, 8, 342, 1),
(1252, 8, 343, 1),
(1253, 8, 344, 1),
(1254, 8, 345, 1),
(1255, 8, 346, 1),
(1256, 8, 347, 1),
(1257, 8, 302, 1),
(1258, 8, 303, 1),
(1259, 8, 304, 1),
(1260, 8, 305, 1),
(1261, 8, 306, 1),
(1262, 8, 307, 1),
(1263, 8, 308, 1),
(1264, 8, 309, 1),
(1265, 8, 310, 1),
(1266, 8, 311, 1),
(1267, 8, 312, 1),
(1268, 8, 313, 1),
(1269, 8, 314, 1),
(1270, 8, 315, 1),
(1271, 8, 316, 1),
(1272, 8, 317, 1),
(1273, 8, 318, 1),
(1274, 8, 319, 1),
(1275, 8, 320, 1),
(1276, 8, 321, 1),
(1277, 8, 322, 1),
(1278, 8, 323, 1),
(1279, 8, 324, 1),
(1280, 8, 325, 1),
(1281, 8, 326, 1),
(1282, 8, 327, 1),
(1283, 8, 328, 1),
(1284, 8, 329, 1),
(1285, 8, 330, 1),
(1286, 8, 331, 1),
(1287, 8, 332, 1),
(1288, 8, 333, 1),
(1289, 8, 334, 1),
(1290, 8, 335, 1),
(1291, 8, 336, 1),
(1292, 8, 337, 1),
(1293, 8, 338, 1),
(1294, 8, 339, 1),
(1295, 8, 340, 1),
(1296, 8, 398, 1),
(1297, 8, 348, 1),
(1298, 8, 349, 1),
(1299, 8, 354, 1),
(1300, 8, 355, 1),
(1301, 8, 356, 1),
(1302, 8, 357, 1),
(1303, 8, 358, 1),
(1304, 8, 359, 1),
(1305, 8, 360, 1),
(1306, 8, 361, 1),
(1307, 8, 386, 1),
(1308, 8, 387, 1),
(1309, 8, 388, 1),
(1310, 8, 412, 1),
(1311, 8, 415, 1),
(1312, 8, 416, 1),
(1313, 8, 428, 1),
(1314, 8, 429, 1),
(1315, 8, 430, 1),
(1316, 8, 369, 1),
(1317, 8, 370, 1),
(1318, 8, 403, 1),
(1319, 8, 404, 1),
(1320, 8, 405, 1),
(1321, 8, 373, 1),
(1322, 8, 374, 1),
(1323, 8, 375, 1),
(1324, 8, 376, 1),
(1325, 8, 377, 1),
(1326, 8, 378, 1),
(1327, 8, 379, 1),
(1328, 8, 380, 1),
(1329, 8, 381, 1),
(1330, 8, 392, 1),
(1331, 8, 393, 1),
(1332, 8, 395, 1),
(1333, 8, 396, 1),
(1334, 8, 397, 1),
(1335, 8, 399, 1),
(1336, 8, 400, 1),
(1337, 8, 401, 1),
(1338, 8, 406, 1),
(1339, 8, 407, 1),
(1340, 8, 417, 1),
(1341, 8, 418, 1),
(1342, 8, 419, 1),
(1343, 8, 420, 1),
(1344, 8, 421, 1),
(1345, 8, 422, 1),
(1346, 8, 408, 1),
(1347, 8, 409, 1),
(1348, 8, 413, 1),
(1349, 8, 414, 1),
(1350, 8, 410, 1),
(1351, 8, 411, 1),
(1352, 8, 423, 1),
(1353, 8, 424, 1),
(1354, 8, 425, 1),
(1355, 8, 426, 1),
(1356, 8, 427, 1),
(1357, 8, 435, 1),
(1358, 2, 389, 1),
(1359, 2, 390, 1),
(1360, 2, 391, 1),
(1361, 2, 394, 1),
(1362, 2, 436, 1),
(1363, 2, 437, 1),
(1364, 2, 207, 1),
(1365, 2, 210, 1),
(1366, 2, 211, 1),
(1367, 2, 212, 1),
(1368, 2, 219, 1),
(1369, 2, 220, 1),
(1370, 2, 280, 1),
(1371, 2, 281, 1),
(1372, 2, 282, 1),
(1373, 2, 283, 1),
(1374, 2, 284, 1),
(1375, 2, 299, 1),
(1376, 2, 300, 1),
(1377, 2, 362, 1),
(1378, 2, 363, 1),
(1379, 2, 383, 1),
(1380, 2, 385, 1),
(1381, 2, 256, 1),
(1382, 2, 257, 1),
(1383, 2, 258, 1),
(1384, 2, 208, 1),
(1385, 2, 209, 1),
(1386, 2, 213, 1),
(1387, 2, 221, 1),
(1388, 2, 223, 1),
(1389, 2, 224, 1),
(1390, 2, 225, 1),
(1391, 2, 233, 1),
(1392, 2, 242, 1),
(1393, 2, 243, 1),
(1394, 2, 244, 1),
(1395, 2, 245, 1),
(1396, 2, 250, 1),
(1397, 2, 251, 1),
(1398, 2, 253, 1),
(1399, 2, 254, 1),
(1400, 2, 255, 1),
(1401, 2, 263, 1),
(1402, 2, 265, 1),
(1403, 2, 266, 1),
(1404, 2, 267, 1),
(1405, 2, 275, 1),
(1406, 2, 276, 1),
(1407, 2, 286, 1),
(1408, 2, 402, 1),
(1409, 2, 216, 1),
(1410, 2, 217, 1),
(1411, 2, 218, 1),
(1412, 2, 287, 1),
(1413, 2, 289, 1),
(1414, 2, 290, 1),
(1415, 2, 292, 1),
(1416, 2, 293, 1),
(1417, 2, 294, 1),
(1418, 2, 295, 1),
(1419, 2, 364, 1),
(1420, 2, 365, 1),
(1421, 2, 366, 1),
(1422, 2, 367, 1),
(1423, 2, 368, 1),
(1424, 2, 372, 1),
(1425, 2, 382, 1),
(1426, 2, 384, 1),
(1427, 2, 432, 1),
(1428, 2, 434, 1),
(1429, 2, 371, 1),
(1430, 2, 214, 1),
(1431, 2, 215, 1),
(1432, 2, 226, 1),
(1433, 2, 227, 1),
(1434, 2, 228, 1),
(1435, 2, 229, 1),
(1436, 2, 230, 1),
(1437, 2, 231, 1),
(1438, 2, 234, 1),
(1439, 2, 235, 1),
(1440, 2, 236, 1),
(1441, 2, 237, 1),
(1442, 2, 238, 1),
(1443, 2, 239, 1),
(1444, 2, 240, 1),
(1445, 2, 241, 1),
(1446, 2, 285, 1),
(1447, 2, 431, 1),
(1448, 2, 433, 1),
(1449, 2, 246, 1),
(1450, 2, 247, 1),
(1451, 2, 248, 1),
(1452, 2, 249, 1),
(1453, 2, 252, 1),
(1454, 2, 262, 1),
(1455, 2, 264, 1),
(1456, 2, 259, 1),
(1457, 2, 268, 1),
(1458, 2, 260, 1),
(1459, 2, 301, 1),
(1460, 2, 261, 1),
(1461, 2, 288, 1),
(1462, 2, 269, 1),
(1463, 2, 270, 1),
(1464, 2, 271, 1),
(1465, 2, 272, 1),
(1466, 2, 291, 1),
(1467, 2, 296, 1),
(1468, 2, 297, 1),
(1469, 2, 298, 1),
(1470, 2, 341, 1),
(1471, 2, 342, 1),
(1472, 2, 343, 1),
(1473, 2, 344, 1),
(1474, 2, 345, 1),
(1475, 2, 346, 1),
(1476, 2, 347, 1),
(1477, 2, 302, 1),
(1478, 2, 303, 1),
(1479, 2, 304, 1),
(1480, 2, 305, 1),
(1481, 2, 306, 1),
(1482, 2, 307, 1),
(1483, 2, 308, 1),
(1484, 2, 309, 1),
(1485, 2, 310, 1),
(1486, 2, 311, 1),
(1487, 2, 312, 1),
(1488, 2, 313, 1),
(1489, 2, 314, 1),
(1490, 2, 315, 1),
(1491, 2, 316, 1),
(1492, 2, 317, 1),
(1493, 2, 318, 1),
(1494, 2, 319, 1),
(1495, 2, 320, 1),
(1496, 2, 321, 1),
(1497, 2, 322, 1),
(1498, 2, 323, 1),
(1499, 2, 324, 1),
(1500, 2, 325, 1),
(1501, 2, 326, 1),
(1502, 2, 327, 1),
(1503, 2, 328, 1),
(1504, 2, 329, 1),
(1505, 2, 330, 1),
(1506, 2, 331, 1),
(1507, 2, 332, 1),
(1508, 2, 333, 1),
(1509, 2, 334, 1),
(1510, 2, 335, 1),
(1511, 2, 336, 1),
(1512, 2, 337, 1),
(1513, 2, 338, 1),
(1514, 2, 339, 1),
(1515, 2, 340, 1),
(1516, 2, 398, 1),
(1517, 2, 348, 1),
(1518, 2, 349, 1),
(1519, 2, 354, 1),
(1520, 2, 355, 1),
(1521, 2, 356, 1),
(1522, 2, 357, 1),
(1523, 2, 358, 1),
(1524, 2, 359, 1),
(1525, 2, 360, 1),
(1526, 2, 361, 1),
(1527, 2, 386, 1),
(1528, 2, 387, 1),
(1529, 2, 388, 1),
(1530, 2, 412, 1),
(1531, 2, 415, 1),
(1532, 2, 416, 1),
(1533, 2, 428, 1),
(1534, 2, 429, 1),
(1535, 2, 430, 1),
(1536, 2, 369, 1),
(1537, 2, 370, 1),
(1538, 2, 403, 1),
(1539, 2, 404, 1),
(1540, 2, 405, 1),
(1541, 2, 373, 1),
(1542, 2, 374, 1),
(1543, 2, 375, 1),
(1544, 2, 376, 1),
(1545, 2, 377, 1),
(1546, 2, 378, 1),
(1547, 2, 379, 1),
(1548, 2, 380, 1),
(1549, 2, 381, 1),
(1550, 2, 392, 1),
(1551, 2, 393, 1),
(1552, 2, 395, 1),
(1553, 2, 396, 1),
(1554, 2, 397, 1),
(1555, 2, 399, 1),
(1556, 2, 400, 1),
(1557, 2, 401, 1),
(1558, 2, 406, 1),
(1559, 2, 407, 1),
(1560, 2, 417, 1),
(1561, 2, 418, 1),
(1562, 2, 419, 1),
(1563, 2, 420, 1),
(1564, 2, 421, 1),
(1565, 2, 422, 1),
(1566, 2, 408, 1),
(1567, 2, 409, 1),
(1568, 2, 413, 1),
(1569, 2, 414, 1),
(1570, 2, 410, 1),
(1571, 2, 411, 1),
(1572, 2, 423, 1),
(1573, 2, 424, 1),
(1574, 2, 425, 1),
(1575, 2, 426, 1),
(1576, 2, 427, 1),
(1577, 2, 435, 1),
(1578, 3, 389, 1),
(1579, 3, 390, 1),
(1580, 3, 391, 1),
(1581, 3, 394, 1),
(1582, 3, 436, 1),
(1583, 3, 437, 1),
(1584, 3, 188, 1),
(1585, 3, 207, 1),
(1586, 3, 210, 1),
(1587, 3, 211, 1),
(1588, 3, 212, 1),
(1589, 3, 219, 1),
(1590, 3, 220, 1),
(1591, 3, 280, 1),
(1592, 3, 281, 1),
(1593, 3, 282, 1),
(1594, 3, 283, 1),
(1595, 3, 284, 1),
(1596, 3, 299, 1),
(1597, 3, 300, 1),
(1598, 3, 362, 1),
(1599, 3, 363, 1),
(1600, 3, 383, 1),
(1601, 3, 385, 1),
(1602, 3, 189, 1),
(1603, 3, 256, 1),
(1604, 3, 257, 1),
(1605, 3, 258, 1),
(1606, 3, 190, 1),
(1607, 3, 191, 1),
(1608, 3, 192, 1),
(1609, 3, 200, 1),
(1610, 3, 208, 1),
(1611, 3, 209, 1),
(1612, 3, 213, 1),
(1613, 3, 221, 1),
(1614, 3, 223, 1),
(1615, 3, 224, 1),
(1616, 3, 225, 1),
(1617, 3, 233, 1),
(1618, 3, 242, 1),
(1619, 3, 243, 1),
(1620, 3, 244, 1),
(1621, 3, 245, 1),
(1622, 3, 250, 1),
(1623, 3, 251, 1),
(1624, 3, 253, 1),
(1625, 3, 254, 1),
(1626, 3, 255, 1),
(1627, 3, 263, 1),
(1628, 3, 265, 1),
(1629, 3, 266, 1),
(1630, 3, 267, 1),
(1631, 3, 275, 1),
(1632, 3, 276, 1),
(1633, 3, 286, 1),
(1634, 3, 402, 1),
(1635, 3, 193, 1),
(1636, 3, 216, 1),
(1637, 3, 217, 1),
(1638, 3, 218, 1),
(1639, 3, 287, 1),
(1640, 3, 289, 1),
(1641, 3, 290, 1),
(1642, 3, 292, 1),
(1643, 3, 293, 1),
(1644, 3, 294, 1),
(1645, 3, 295, 1),
(1646, 3, 364, 1),
(1647, 3, 365, 1),
(1648, 3, 366, 1),
(1649, 3, 367, 1),
(1650, 3, 368, 1),
(1651, 3, 372, 1),
(1652, 3, 382, 1),
(1653, 3, 384, 1),
(1654, 3, 432, 1),
(1655, 3, 434, 1),
(1656, 3, 194, 1),
(1657, 3, 195, 1),
(1658, 3, 196, 1),
(1659, 3, 197, 1),
(1660, 3, 198, 1),
(1661, 3, 199, 1),
(1662, 3, 201, 1),
(1663, 3, 202, 1),
(1664, 3, 203, 1),
(1665, 3, 204, 1),
(1666, 3, 205, 1),
(1667, 3, 206, 1),
(1668, 3, 371, 1),
(1669, 3, 214, 1),
(1670, 3, 215, 1),
(1671, 3, 226, 1),
(1672, 3, 227, 1),
(1673, 3, 228, 1),
(1674, 3, 229, 1),
(1675, 3, 230, 1),
(1676, 3, 231, 1),
(1677, 3, 234, 1),
(1678, 3, 235, 1),
(1679, 3, 236, 1),
(1680, 3, 237, 1),
(1681, 3, 238, 1),
(1682, 3, 239, 1),
(1683, 3, 240, 1),
(1684, 3, 241, 1),
(1685, 3, 285, 1),
(1686, 3, 431, 1),
(1687, 3, 433, 1),
(1688, 3, 246, 1),
(1689, 3, 247, 1),
(1690, 3, 248, 1),
(1691, 3, 249, 1),
(1692, 3, 252, 1),
(1693, 3, 262, 1),
(1694, 3, 264, 1),
(1695, 3, 259, 1),
(1696, 3, 268, 1),
(1697, 3, 260, 1),
(1698, 3, 301, 1),
(1699, 3, 261, 1),
(1700, 3, 288, 1),
(1701, 3, 269, 1),
(1702, 3, 270, 1),
(1703, 3, 271, 1),
(1704, 3, 272, 1),
(1705, 3, 291, 1),
(1706, 3, 296, 1),
(1707, 3, 297, 1),
(1708, 3, 298, 1),
(1709, 3, 341, 1),
(1710, 3, 342, 1),
(1711, 3, 343, 1),
(1712, 3, 344, 1),
(1713, 3, 345, 1),
(1714, 3, 346, 1),
(1715, 3, 347, 1),
(1716, 3, 302, 1),
(1717, 3, 303, 1),
(1718, 3, 304, 1),
(1719, 3, 305, 1),
(1720, 3, 306, 1),
(1721, 3, 307, 1),
(1722, 3, 308, 1),
(1723, 3, 309, 1),
(1724, 3, 310, 1),
(1725, 3, 311, 1),
(1726, 3, 312, 1),
(1727, 3, 313, 1),
(1728, 3, 314, 1),
(1729, 3, 315, 1),
(1730, 3, 316, 1),
(1731, 3, 317, 1),
(1732, 3, 318, 1),
(1733, 3, 319, 1),
(1734, 3, 320, 1),
(1735, 3, 321, 1),
(1736, 3, 322, 1),
(1737, 3, 323, 1),
(1738, 3, 324, 1),
(1739, 3, 325, 1),
(1740, 3, 326, 1),
(1741, 3, 327, 1),
(1742, 3, 328, 1),
(1743, 3, 329, 1),
(1744, 3, 330, 1),
(1745, 3, 331, 1),
(1746, 3, 332, 1),
(1747, 3, 333, 1),
(1748, 3, 334, 1),
(1749, 3, 335, 1),
(1750, 3, 336, 1),
(1751, 3, 337, 1),
(1752, 3, 338, 1),
(1753, 3, 339, 1),
(1754, 3, 340, 1),
(1755, 3, 398, 1),
(1756, 3, 348, 1),
(1757, 3, 349, 1),
(1758, 3, 354, 1),
(1759, 3, 355, 1),
(1760, 3, 356, 1),
(1761, 3, 357, 1),
(1762, 3, 358, 1),
(1763, 3, 359, 1),
(1764, 3, 360, 1),
(1765, 3, 361, 1),
(1766, 3, 386, 1),
(1767, 3, 387, 1),
(1768, 3, 388, 1),
(1769, 3, 412, 1),
(1770, 3, 415, 1),
(1771, 3, 416, 1),
(1772, 3, 428, 1),
(1773, 3, 429, 1),
(1774, 3, 430, 1),
(1775, 3, 369, 1),
(1776, 3, 370, 1),
(1777, 3, 403, 1),
(1778, 3, 404, 1),
(1779, 3, 405, 1),
(1780, 3, 373, 1),
(1781, 3, 374, 1),
(1782, 3, 375, 1),
(1783, 3, 376, 1),
(1784, 3, 377, 1),
(1785, 3, 378, 1),
(1786, 3, 379, 1),
(1787, 3, 380, 1),
(1788, 3, 381, 1),
(1789, 3, 392, 1),
(1790, 3, 393, 1),
(1791, 3, 395, 1),
(1792, 3, 396, 1),
(1793, 3, 397, 1),
(1794, 3, 399, 1),
(1795, 3, 400, 1),
(1796, 3, 401, 1),
(1797, 3, 406, 1),
(1798, 3, 407, 1),
(1799, 3, 417, 1),
(1800, 3, 418, 1),
(1801, 3, 419, 1),
(1802, 3, 420, 1),
(1803, 3, 421, 1),
(1804, 3, 422, 1),
(1805, 3, 408, 1),
(1806, 3, 409, 1),
(1807, 3, 413, 1),
(1808, 3, 414, 1),
(1809, 3, 410, 1),
(1810, 3, 411, 1),
(1811, 3, 423, 1),
(1812, 3, 424, 1),
(1813, 3, 425, 1),
(1814, 3, 426, 1),
(1815, 3, 427, 1),
(1816, 3, 435, 1),
(1817, 4, 389, 1),
(1818, 4, 390, 1),
(1819, 4, 391, 1),
(1820, 4, 394, 1),
(1821, 4, 436, 1),
(1822, 4, 437, 1),
(1823, 4, 188, 1),
(1824, 4, 207, 1),
(1825, 4, 210, 1),
(1826, 4, 211, 1),
(1827, 4, 212, 1),
(1828, 4, 219, 1),
(1829, 4, 220, 1),
(1830, 4, 280, 1),
(1831, 4, 281, 1),
(1832, 4, 282, 1),
(1833, 4, 283, 1),
(1834, 4, 284, 1),
(1835, 4, 299, 1),
(1836, 4, 300, 1),
(1837, 4, 362, 1),
(1838, 4, 363, 1),
(1839, 4, 383, 1),
(1840, 4, 385, 1),
(1841, 4, 189, 1),
(1842, 4, 256, 1),
(1843, 4, 257, 1),
(1844, 4, 258, 1),
(1845, 4, 190, 1),
(1846, 4, 191, 1),
(1847, 4, 192, 1),
(1848, 4, 200, 1),
(1849, 4, 208, 1),
(1850, 4, 209, 1),
(1851, 4, 213, 1),
(1852, 4, 221, 1),
(1853, 4, 223, 1),
(1854, 4, 224, 1),
(1855, 4, 225, 1),
(1856, 4, 233, 1),
(1857, 4, 242, 1),
(1858, 4, 243, 1),
(1859, 4, 244, 1),
(1860, 4, 245, 1),
(1861, 4, 250, 1),
(1862, 4, 251, 1),
(1863, 4, 253, 1),
(1864, 4, 254, 1),
(1865, 4, 255, 1),
(1866, 4, 263, 1),
(1867, 4, 265, 1),
(1868, 4, 266, 1),
(1869, 4, 267, 1),
(1870, 4, 275, 1),
(1871, 4, 276, 1),
(1872, 4, 286, 1),
(1873, 4, 402, 1),
(1874, 4, 193, 1),
(1875, 4, 216, 1),
(1876, 4, 217, 1),
(1877, 4, 218, 1),
(1878, 4, 287, 1),
(1879, 4, 289, 1),
(1880, 4, 290, 1),
(1881, 4, 292, 1),
(1882, 4, 293, 1),
(1883, 4, 294, 1),
(1884, 4, 295, 1),
(1885, 4, 364, 1),
(1886, 4, 365, 1),
(1887, 4, 366, 1),
(1888, 4, 367, 1),
(1889, 4, 368, 1),
(1890, 4, 372, 1),
(1891, 4, 382, 1),
(1892, 4, 384, 1),
(1893, 4, 432, 1),
(1894, 4, 434, 1),
(1895, 4, 194, 1),
(1896, 4, 195, 1),
(1897, 4, 196, 1),
(1898, 4, 197, 1),
(1899, 4, 198, 1),
(1900, 4, 199, 1),
(1901, 4, 201, 1),
(1902, 4, 202, 1),
(1903, 4, 203, 1),
(1904, 4, 204, 1),
(1905, 4, 205, 1),
(1906, 4, 206, 1),
(1907, 4, 371, 1),
(1908, 4, 214, 1),
(1909, 4, 215, 1),
(1910, 4, 226, 1),
(1911, 4, 227, 1),
(1912, 4, 228, 1),
(1913, 4, 229, 1),
(1914, 4, 230, 1),
(1915, 4, 231, 1),
(1916, 4, 234, 1),
(1917, 4, 235, 1),
(1918, 4, 236, 1),
(1919, 4, 237, 1),
(1920, 4, 238, 1),
(1921, 4, 239, 1),
(1922, 4, 240, 1),
(1923, 4, 241, 1),
(1924, 4, 285, 1),
(1925, 4, 431, 1),
(1926, 4, 433, 1),
(1927, 4, 246, 1),
(1928, 4, 247, 1),
(1929, 4, 248, 1),
(1930, 4, 249, 1),
(1931, 4, 252, 1),
(1932, 4, 262, 1),
(1933, 4, 264, 1),
(1934, 4, 259, 1),
(1935, 4, 268, 1),
(1936, 4, 260, 1),
(1937, 4, 301, 1),
(1938, 4, 261, 1),
(1939, 4, 288, 1),
(1940, 4, 269, 1),
(1941, 4, 270, 1),
(1942, 4, 271, 1),
(1943, 4, 272, 1),
(1944, 4, 291, 1),
(1945, 4, 296, 1),
(1946, 4, 297, 1),
(1947, 4, 298, 1),
(1948, 4, 341, 1),
(1949, 4, 342, 1),
(1950, 4, 343, 1),
(1951, 4, 344, 1),
(1952, 4, 345, 1),
(1953, 4, 346, 1),
(1954, 4, 347, 1),
(1955, 4, 302, 1),
(1956, 4, 303, 1),
(1957, 4, 304, 1),
(1958, 4, 305, 1),
(1959, 4, 306, 1),
(1960, 4, 307, 1),
(1961, 4, 308, 1),
(1962, 4, 309, 1),
(1963, 4, 310, 1),
(1964, 4, 311, 1),
(1965, 4, 312, 1),
(1966, 4, 313, 1),
(1967, 4, 314, 1),
(1968, 4, 315, 1),
(1969, 4, 316, 1),
(1970, 4, 317, 1),
(1971, 4, 318, 1),
(1972, 4, 319, 1),
(1973, 4, 320, 1),
(1974, 4, 321, 1),
(1975, 4, 322, 1),
(1976, 4, 323, 1),
(1977, 4, 324, 1),
(1978, 4, 325, 1),
(1979, 4, 326, 1),
(1980, 4, 327, 1),
(1981, 4, 328, 1),
(1982, 4, 329, 1),
(1983, 4, 330, 1),
(1984, 4, 331, 1),
(1985, 4, 332, 1),
(1986, 4, 333, 1),
(1987, 4, 334, 1),
(1988, 4, 335, 1),
(1989, 4, 336, 1),
(1990, 4, 337, 1),
(1991, 4, 338, 1),
(1992, 4, 339, 1),
(1993, 4, 340, 1),
(1994, 4, 398, 1),
(1995, 4, 348, 1),
(1996, 4, 349, 1),
(1997, 4, 354, 1),
(1998, 4, 355, 1),
(1999, 4, 356, 1),
(2000, 4, 357, 1),
(2001, 4, 358, 1),
(2002, 4, 359, 1),
(2003, 4, 360, 1),
(2004, 4, 361, 1),
(2005, 4, 386, 1),
(2006, 4, 387, 1),
(2007, 4, 388, 1),
(2008, 4, 412, 1),
(2009, 4, 415, 1),
(2010, 4, 416, 1),
(2011, 4, 428, 1),
(2012, 4, 429, 1),
(2013, 4, 430, 1),
(2014, 4, 369, 1),
(2015, 4, 370, 1),
(2016, 4, 403, 1),
(2017, 4, 404, 1),
(2018, 4, 405, 1),
(2019, 4, 373, 1),
(2020, 4, 374, 1),
(2021, 4, 375, 1),
(2022, 4, 376, 1),
(2023, 4, 377, 1),
(2024, 4, 378, 1),
(2025, 4, 379, 1),
(2026, 4, 380, 1),
(2027, 4, 381, 1),
(2028, 4, 392, 1),
(2029, 4, 393, 1),
(2030, 4, 395, 1),
(2031, 4, 396, 1),
(2032, 4, 397, 1),
(2033, 4, 399, 1),
(2034, 4, 400, 1),
(2035, 4, 401, 1),
(2036, 4, 406, 1),
(2037, 4, 407, 1),
(2038, 4, 417, 1),
(2039, 4, 418, 1),
(2040, 4, 419, 1),
(2041, 4, 420, 1),
(2042, 4, 421, 1),
(2043, 4, 422, 1),
(2044, 4, 408, 1),
(2045, 4, 409, 1),
(2046, 4, 413, 1),
(2047, 4, 414, 1),
(2048, 4, 410, 1),
(2049, 4, 411, 1),
(2050, 4, 423, 1),
(2051, 4, 424, 1),
(2052, 4, 425, 1),
(2053, 4, 426, 1),
(2054, 4, 427, 1),
(2055, 4, 435, 1),
(2056, 5, 389, 1),
(2057, 5, 390, 1),
(2058, 5, 391, 1),
(2059, 5, 394, 1),
(2060, 5, 436, 1),
(2061, 5, 437, 1),
(2062, 5, 188, 1),
(2063, 5, 207, 1),
(2064, 5, 210, 1),
(2065, 5, 211, 1),
(2066, 5, 212, 1),
(2067, 5, 219, 1),
(2068, 5, 220, 1),
(2069, 5, 280, 1),
(2070, 5, 281, 1),
(2071, 5, 282, 1),
(2072, 5, 283, 1),
(2073, 5, 284, 1),
(2074, 5, 299, 1),
(2075, 5, 300, 1),
(2076, 5, 362, 1),
(2077, 5, 363, 1),
(2078, 5, 383, 1),
(2079, 5, 385, 1),
(2080, 5, 189, 1),
(2081, 5, 256, 1),
(2082, 5, 257, 1),
(2083, 5, 258, 1),
(2084, 5, 190, 1),
(2085, 5, 191, 1),
(2086, 5, 192, 1),
(2087, 5, 200, 1),
(2088, 5, 208, 1),
(2089, 5, 209, 1),
(2090, 5, 213, 1),
(2091, 5, 221, 1),
(2092, 5, 223, 1),
(2093, 5, 224, 1),
(2094, 5, 225, 1),
(2095, 5, 233, 1),
(2096, 5, 242, 1),
(2097, 5, 243, 1),
(2098, 5, 244, 1),
(2099, 5, 245, 1),
(2100, 5, 250, 1),
(2101, 5, 251, 1),
(2102, 5, 253, 1),
(2103, 5, 254, 1),
(2104, 5, 255, 1),
(2105, 5, 263, 1),
(2106, 5, 265, 1),
(2107, 5, 266, 1),
(2108, 5, 267, 1),
(2109, 5, 275, 1),
(2110, 5, 276, 1),
(2111, 5, 286, 1),
(2112, 5, 402, 1),
(2113, 5, 193, 1),
(2114, 5, 216, 1),
(2115, 5, 217, 1),
(2116, 5, 218, 1),
(2117, 5, 287, 1),
(2118, 5, 289, 1),
(2119, 5, 290, 1),
(2120, 5, 292, 1),
(2121, 5, 293, 1),
(2122, 5, 294, 1),
(2123, 5, 295, 1),
(2124, 5, 364, 1),
(2125, 5, 365, 1),
(2126, 5, 366, 1),
(2127, 5, 367, 1),
(2128, 5, 368, 1),
(2129, 5, 372, 1),
(2130, 5, 382, 1),
(2131, 5, 384, 1),
(2132, 5, 432, 1),
(2133, 5, 434, 1),
(2134, 5, 194, 1),
(2135, 5, 195, 1),
(2136, 5, 196, 1),
(2137, 5, 197, 1),
(2138, 5, 198, 1),
(2139, 5, 199, 1),
(2140, 5, 201, 1),
(2141, 5, 202, 1),
(2142, 5, 203, 1),
(2143, 5, 204, 1),
(2144, 5, 205, 1),
(2145, 5, 206, 1),
(2146, 5, 371, 1),
(2147, 5, 214, 1),
(2148, 5, 215, 1),
(2149, 5, 226, 1),
(2150, 5, 227, 1),
(2151, 5, 228, 1),
(2152, 5, 229, 1),
(2153, 5, 230, 1),
(2154, 5, 231, 1),
(2155, 5, 234, 1),
(2156, 5, 235, 1),
(2157, 5, 236, 1),
(2158, 5, 237, 1),
(2159, 5, 238, 1),
(2160, 5, 239, 1),
(2161, 5, 240, 1),
(2162, 5, 241, 1),
(2163, 5, 285, 1),
(2164, 5, 431, 1),
(2165, 5, 433, 1),
(2166, 5, 246, 1),
(2167, 5, 247, 1),
(2168, 5, 248, 1),
(2169, 5, 249, 1),
(2170, 5, 252, 1),
(2171, 5, 262, 1),
(2172, 5, 264, 1),
(2173, 5, 259, 1),
(2174, 5, 268, 1),
(2175, 5, 260, 1),
(2176, 5, 301, 1),
(2177, 5, 261, 1),
(2178, 5, 288, 1),
(2179, 5, 269, 1),
(2180, 5, 270, 1),
(2181, 5, 271, 1),
(2182, 5, 272, 1),
(2183, 5, 291, 1),
(2184, 5, 296, 1),
(2185, 5, 297, 1),
(2186, 5, 298, 1),
(2187, 5, 341, 1),
(2188, 5, 342, 1),
(2189, 5, 343, 1),
(2190, 5, 344, 1),
(2191, 5, 345, 1),
(2192, 5, 346, 1),
(2193, 5, 347, 1),
(2194, 5, 302, 1),
(2195, 5, 303, 1),
(2196, 5, 304, 1),
(2197, 5, 305, 1),
(2198, 5, 306, 1),
(2199, 5, 307, 1),
(2200, 5, 308, 1),
(2201, 5, 309, 1),
(2202, 5, 310, 1),
(2203, 5, 311, 1),
(2204, 5, 312, 1),
(2205, 5, 313, 1),
(2206, 5, 314, 1),
(2207, 5, 315, 1),
(2208, 5, 316, 1),
(2209, 5, 317, 1),
(2210, 5, 318, 1),
(2211, 5, 319, 1),
(2212, 5, 320, 1),
(2213, 5, 321, 1),
(2214, 5, 322, 1),
(2215, 5, 323, 1),
(2216, 5, 324, 1),
(2217, 5, 325, 1),
(2218, 5, 326, 1),
(2219, 5, 327, 1),
(2220, 5, 328, 1),
(2221, 5, 329, 1),
(2222, 5, 330, 1),
(2223, 5, 331, 1),
(2224, 5, 332, 1),
(2225, 5, 333, 1),
(2226, 5, 334, 1),
(2227, 5, 335, 1),
(2228, 5, 336, 1),
(2229, 5, 337, 1),
(2230, 5, 338, 1),
(2231, 5, 339, 1),
(2232, 5, 340, 1),
(2233, 5, 398, 1),
(2234, 5, 348, 1),
(2235, 5, 349, 1),
(2236, 5, 354, 1),
(2237, 5, 355, 1),
(2238, 5, 356, 1),
(2239, 5, 357, 1),
(2240, 5, 358, 1),
(2241, 5, 359, 1),
(2242, 5, 360, 1),
(2243, 5, 361, 1),
(2244, 5, 386, 1),
(2245, 5, 387, 1),
(2246, 5, 388, 1),
(2247, 5, 412, 1),
(2248, 5, 415, 1),
(2249, 5, 416, 1),
(2250, 5, 428, 1),
(2251, 5, 429, 1),
(2252, 5, 430, 1),
(2253, 5, 369, 1),
(2254, 5, 370, 1),
(2255, 5, 403, 1),
(2256, 5, 404, 1),
(2257, 5, 405, 1),
(2258, 5, 373, 1),
(2259, 5, 374, 1),
(2260, 5, 375, 1),
(2261, 5, 376, 1),
(2262, 5, 377, 1),
(2263, 5, 378, 1),
(2264, 5, 379, 1),
(2265, 5, 380, 1),
(2266, 5, 381, 1),
(2267, 5, 392, 1),
(2268, 5, 393, 1),
(2269, 5, 395, 1),
(2270, 5, 396, 1),
(2271, 5, 397, 1),
(2272, 5, 399, 1),
(2273, 5, 400, 1),
(2274, 5, 401, 1),
(2275, 5, 406, 1),
(2276, 5, 407, 1),
(2277, 5, 417, 1),
(2278, 5, 418, 1),
(2279, 5, 419, 1),
(2280, 5, 420, 1),
(2281, 5, 421, 1),
(2282, 5, 422, 1),
(2283, 5, 408, 1),
(2284, 5, 409, 1),
(2285, 5, 413, 1),
(2286, 5, 414, 1),
(2287, 5, 410, 1),
(2288, 5, 411, 1),
(2289, 5, 423, 1),
(2290, 5, 424, 1),
(2291, 5, 425, 1),
(2292, 5, 426, 1),
(2293, 5, 427, 1),
(2294, 5, 435, 1),
(2295, 10, 1, 1),
(2296, 10, 2, 1),
(2297, 10, 3, 1),
(2298, 10, 4, 1),
(2299, 10, 5, 1),
(2300, 10, 6, 1),
(2301, 10, 7, 1),
(2302, 10, 8, 1),
(2303, 10, 9, 1),
(2304, 10, 10, 1),
(2305, 10, 11, 1),
(2306, 10, 12, 1),
(2307, 10, 13, 1),
(2308, 10, 14, 1),
(2309, 10, 389, 1),
(2310, 10, 390, 1),
(2311, 10, 391, 1),
(2312, 10, 394, 1),
(2313, 10, 15, 1),
(2314, 10, 16, 1),
(2315, 10, 17, 1),
(2316, 10, 18, 1),
(2317, 10, 19, 1),
(2318, 10, 20, 1),
(2319, 10, 436, 1),
(2320, 10, 437, 1),
(2321, 10, 21, 1),
(2322, 10, 22, 1),
(2323, 10, 23, 1),
(2324, 10, 24, 1),
(2325, 10, 25, 1),
(2326, 10, 26, 1),
(2327, 10, 27, 1),
(2328, 10, 116, 1),
(2329, 10, 117, 1),
(2330, 10, 118, 1),
(2331, 10, 134, 1),
(2332, 10, 135, 1),
(2333, 10, 136, 1),
(2334, 10, 137, 1),
(2335, 10, 138, 1),
(2336, 10, 119, 1),
(2337, 10, 120, 1),
(2338, 10, 123, 1),
(2339, 10, 124, 1),
(2340, 10, 125, 1),
(2341, 10, 126, 1),
(2342, 10, 127, 1),
(2343, 10, 128, 1),
(2344, 10, 129, 1),
(2345, 10, 133, 1),
(2346, 10, 121, 1),
(2347, 10, 130, 1),
(2348, 10, 131, 1),
(2349, 10, 132, 1),
(2350, 10, 122, 1),
(2351, 10, 166, 1),
(2352, 10, 167, 1),
(2353, 10, 168, 1),
(2354, 10, 169, 1),
(2355, 10, 170, 1),
(2356, 10, 171, 1),
(2357, 10, 172, 1),
(2358, 10, 173, 1),
(2359, 10, 174, 1),
(2360, 10, 175, 1),
(2361, 10, 176, 1),
(2362, 10, 177, 1),
(2363, 10, 178, 1),
(2364, 10, 179, 1),
(2365, 10, 180, 1),
(2366, 10, 181, 1),
(2367, 10, 182, 1),
(2368, 10, 183, 1),
(2369, 10, 184, 1),
(2370, 10, 185, 1),
(2371, 10, 186, 1),
(2372, 10, 187, 1),
(2373, 10, 188, 1),
(2374, 10, 207, 1),
(2375, 10, 210, 1),
(2376, 10, 211, 1),
(2377, 10, 212, 1),
(2378, 10, 219, 1),
(2379, 10, 220, 1),
(2380, 10, 280, 1),
(2381, 10, 281, 1),
(2382, 10, 282, 1),
(2383, 10, 283, 1),
(2384, 10, 284, 1),
(2385, 10, 299, 1),
(2386, 10, 300, 1),
(2387, 10, 362, 1),
(2388, 10, 363, 1),
(2389, 10, 383, 1),
(2390, 10, 385, 1),
(2391, 10, 189, 1),
(2392, 10, 256, 1),
(2393, 10, 257, 1),
(2394, 10, 258, 1),
(2395, 10, 190, 1),
(2396, 10, 191, 1),
(2397, 10, 192, 1),
(2398, 10, 200, 1),
(2399, 10, 208, 1),
(2400, 10, 209, 1),
(2401, 10, 213, 1),
(2402, 10, 221, 1),
(2403, 10, 223, 1),
(2404, 10, 224, 1),
(2405, 10, 225, 1),
(2406, 10, 233, 1),
(2407, 10, 242, 1),
(2408, 10, 243, 1),
(2409, 10, 244, 1),
(2410, 10, 245, 1),
(2411, 10, 250, 1),
(2412, 10, 251, 1),
(2413, 10, 253, 1),
(2414, 10, 254, 1),
(2415, 10, 255, 1),
(2416, 10, 263, 1),
(2417, 10, 265, 1),
(2418, 10, 266, 1),
(2419, 10, 267, 1),
(2420, 10, 275, 1),
(2421, 10, 276, 1),
(2422, 10, 286, 1),
(2423, 10, 402, 1),
(2424, 10, 193, 1),
(2425, 10, 216, 1),
(2426, 10, 217, 1),
(2427, 10, 218, 1),
(2428, 10, 287, 1),
(2429, 10, 289, 1),
(2430, 10, 290, 1),
(2431, 10, 292, 1),
(2432, 10, 293, 1),
(2433, 10, 294, 1),
(2434, 10, 295, 1),
(2435, 10, 364, 1),
(2436, 10, 365, 1),
(2437, 10, 366, 1),
(2438, 10, 367, 1),
(2439, 10, 368, 1),
(2440, 10, 372, 1),
(2441, 10, 382, 1),
(2442, 10, 384, 1),
(2443, 10, 432, 1),
(2444, 10, 434, 1),
(2445, 10, 194, 1),
(2446, 10, 195, 1),
(2447, 10, 196, 1),
(2448, 10, 197, 1),
(2449, 10, 198, 1),
(2450, 10, 199, 1),
(2451, 10, 201, 1),
(2452, 10, 202, 1),
(2453, 10, 203, 1),
(2454, 10, 204, 1),
(2455, 10, 205, 1),
(2456, 10, 206, 1),
(2457, 10, 371, 1),
(2458, 10, 214, 1),
(2459, 10, 215, 1),
(2460, 10, 226, 1),
(2461, 10, 227, 1),
(2462, 10, 228, 1),
(2463, 10, 229, 1),
(2464, 10, 230, 1),
(2465, 10, 231, 1),
(2466, 10, 234, 1),
(2467, 10, 235, 1),
(2468, 10, 236, 1),
(2469, 10, 237, 1),
(2470, 10, 238, 1),
(2471, 10, 239, 1),
(2472, 10, 240, 1),
(2473, 10, 241, 1),
(2474, 10, 285, 1),
(2475, 10, 431, 1),
(2476, 10, 433, 1),
(2477, 10, 246, 1),
(2478, 10, 247, 1),
(2479, 10, 248, 1),
(2480, 10, 249, 1),
(2481, 10, 252, 1),
(2482, 10, 262, 1),
(2483, 10, 264, 1),
(2484, 10, 259, 1),
(2485, 10, 268, 1),
(2486, 10, 260, 1),
(2487, 10, 301, 1),
(2488, 10, 261, 1),
(2489, 10, 288, 1),
(2490, 10, 269, 1),
(2491, 10, 270, 1),
(2492, 10, 271, 1),
(2493, 10, 272, 1),
(2494, 10, 291, 1),
(2495, 10, 296, 1),
(2496, 10, 297, 1),
(2497, 10, 298, 1),
(2498, 10, 341, 1),
(2499, 10, 342, 1),
(2500, 10, 343, 1),
(2501, 10, 344, 1),
(2502, 10, 345, 1),
(2503, 10, 346, 1),
(2504, 10, 347, 1),
(2505, 10, 302, 1),
(2506, 10, 303, 1),
(2507, 10, 304, 1),
(2508, 10, 305, 1),
(2509, 10, 306, 1),
(2510, 10, 307, 1),
(2511, 10, 308, 1),
(2512, 10, 309, 1),
(2513, 10, 310, 1),
(2514, 10, 311, 1),
(2515, 10, 312, 1),
(2516, 10, 313, 1),
(2517, 10, 314, 1),
(2518, 10, 315, 1),
(2519, 10, 316, 1),
(2520, 10, 317, 1),
(2521, 10, 318, 1),
(2522, 10, 319, 1),
(2523, 10, 320, 1),
(2524, 10, 321, 1),
(2525, 10, 322, 1),
(2526, 10, 323, 1),
(2527, 10, 324, 1),
(2528, 10, 325, 1),
(2529, 10, 326, 1),
(2530, 10, 327, 1),
(2531, 10, 328, 1),
(2532, 10, 329, 1),
(2533, 10, 330, 1),
(2534, 10, 331, 1),
(2535, 10, 332, 1),
(2536, 10, 333, 1),
(2537, 10, 334, 1),
(2538, 10, 335, 1),
(2539, 10, 336, 1),
(2540, 10, 337, 1),
(2541, 10, 338, 1),
(2542, 10, 339, 1),
(2543, 10, 340, 1),
(2544, 10, 398, 1),
(2545, 10, 348, 1),
(2546, 10, 349, 1),
(2547, 10, 354, 1),
(2548, 10, 355, 1),
(2549, 10, 356, 1),
(2550, 10, 357, 1),
(2551, 10, 358, 1),
(2552, 10, 359, 1),
(2553, 10, 360, 1),
(2554, 10, 361, 1),
(2555, 10, 386, 1),
(2556, 10, 387, 1),
(2557, 10, 388, 1),
(2558, 10, 412, 1),
(2559, 10, 415, 1),
(2560, 10, 416, 1),
(2561, 10, 428, 1),
(2562, 10, 429, 1),
(2563, 10, 430, 1),
(2564, 10, 369, 1),
(2565, 10, 370, 1),
(2566, 10, 403, 1),
(2567, 10, 404, 1),
(2568, 10, 405, 1),
(2569, 10, 373, 1),
(2570, 10, 374, 1),
(2571, 10, 375, 1),
(2572, 10, 376, 1),
(2573, 10, 377, 1),
(2574, 10, 378, 1),
(2575, 10, 379, 1),
(2576, 10, 380, 1),
(2577, 10, 381, 1),
(2578, 10, 392, 1),
(2579, 10, 393, 1),
(2580, 10, 395, 1),
(2581, 10, 396, 1),
(2582, 10, 397, 1),
(2583, 10, 399, 1),
(2584, 10, 400, 1),
(2585, 10, 401, 1),
(2586, 10, 406, 1),
(2587, 10, 407, 1),
(2588, 10, 417, 1),
(2589, 10, 418, 1),
(2590, 10, 419, 1),
(2591, 10, 420, 1),
(2592, 10, 421, 1),
(2593, 10, 422, 1),
(2594, 10, 408, 1),
(2595, 10, 409, 1),
(2596, 10, 413, 1),
(2597, 10, 414, 1),
(2598, 10, 410, 1),
(2599, 10, 411, 1),
(2600, 10, 423, 1),
(2601, 10, 424, 1),
(2602, 10, 425, 1),
(2603, 10, 426, 1),
(2604, 10, 427, 1),
(2605, 10, 435, 1),
(2606, 1, 436, 1),
(2607, 1, 437, 1),
(2608, 1, 438, 1),
(2609, 1, 439, 1),
(2610, 1, 440, 1),
(2611, 1, 441, 1),
(2612, 1, 442, 1),
(2613, 1, 443, 1),
(2614, 1, 444, 1),
(2615, 1, 445, 1),
(2616, 1, 446, 1),
(2617, 1, 460, 1),
(2618, 1, 461, 1),
(2619, 1, 459, 1),
(2620, 1, 447, 1),
(2621, 1, 448, 1),
(2622, 1, 449, 1),
(2623, 1, 450, 1),
(2624, 1, 451, 1),
(2625, 1, 452, 1),
(2626, 1, 462, 1),
(2627, 1, 453, 1),
(2628, 1, 454, 1),
(2629, 1, 455, 1),
(2630, 1, 456, 1),
(2631, 1, 457, 1),
(2632, 1, 458, 1),
(2633, 1, 463, 1),
(2634, 1, 464, 1),
(2635, 2, 460, 1),
(2636, 2, 461, 1),
(2637, 2, 459, 1),
(2638, 2, 438, 1),
(2639, 2, 439, 1),
(2640, 2, 447, 1),
(2641, 2, 448, 1),
(2642, 2, 449, 1),
(2643, 2, 450, 1),
(2644, 2, 451, 1),
(2645, 2, 452, 1),
(2646, 2, 462, 1),
(2647, 2, 440, 1),
(2648, 2, 441, 1),
(2649, 2, 442, 1),
(2650, 2, 453, 1),
(2651, 2, 454, 1),
(2652, 2, 455, 1),
(2653, 2, 456, 1),
(2654, 2, 457, 1),
(2655, 2, 458, 1),
(2656, 2, 443, 1),
(2657, 2, 444, 1),
(2658, 2, 445, 1),
(2659, 2, 446, 1),
(2660, 2, 463, 1),
(2661, 2, 464, 1),
(2662, 10, 460, 1),
(2663, 10, 461, 1),
(2664, 10, 459, 1),
(2665, 10, 465, 1),
(2666, 10, 438, 1),
(2667, 10, 439, 1),
(2668, 10, 447, 1),
(2669, 10, 448, 1),
(2670, 10, 449, 1),
(2671, 10, 450, 1),
(2672, 10, 451, 1),
(2673, 10, 452, 1),
(2674, 10, 462, 1),
(2675, 10, 440, 1),
(2676, 10, 441, 1),
(2677, 10, 442, 1),
(2678, 10, 453, 1),
(2679, 10, 454, 1),
(2680, 10, 455, 1),
(2681, 10, 456, 1),
(2682, 10, 457, 1),
(2683, 10, 458, 1),
(2684, 10, 443, 1),
(2685, 10, 444, 1),
(2686, 10, 445, 1),
(2687, 10, 446, 1),
(2688, 10, 463, 1),
(2689, 10, 464, 1),
(2690, 1, 477, 1),
(2691, 1, 466, 1),
(2692, 1, 467, 1),
(2693, 1, 468, 1),
(2694, 1, 470, 1),
(2695, 1, 472, 1),
(2696, 1, 471, 1),
(2697, 1, 473, 1),
(2698, 1, 474, 1),
(2699, 1, 475, 1),
(2700, 1, 478, 1),
(2701, 1, 476, 1),
(2702, 1, 479, 1),
(2703, 1, 465, 1),
(2704, 1, 469, 1),
(2705, 1, 480, 1),
(2706, 1, 481, 1),
(2707, 1, 482, 1),
(2708, 1, 483, 1),
(2709, 1, 487, 1),
(2710, 1, 485, 1),
(2711, 1, 488, 1),
(2712, 1, 484, 1),
(2713, 1, 486, 1),
(2714, 1, 489, 1),
(2715, 1, 490, 1),
(2716, 1, 491, 1),
(2717, 1, 492, 1),
(2718, 1, 493, 1),
(2719, 1, 494, 1),
(2720, 1, 495, 1),
(2721, 1, 497, 0),
(2722, 1, 498, 0),
(2723, 1, 499, 1),
(2724, 1, 500, 1),
(2725, 1, 501, 1),
(2726, 1, 502, 1),
(2727, 1, 503, 1),
(2728, 1, 504, 1),
(2729, 1, 505, 1),
(2730, 1, 506, 1),
(2731, 1, 507, 0),
(2732, 1, 508, 0),
(2733, 4, 460, 1),
(2734, 4, 461, 1),
(2735, 4, 477, 1),
(2736, 4, 518, 1),
(2737, 4, 466, 1),
(2738, 4, 467, 1),
(2739, 4, 468, 1),
(2740, 4, 470, 1),
(2741, 4, 472, 1),
(2742, 4, 471, 1),
(2743, 4, 473, 1),
(2744, 4, 474, 1),
(2745, 4, 475, 1),
(2746, 4, 478, 1),
(2747, 4, 513, 1),
(2748, 4, 514, 1),
(2749, 4, 515, 1),
(2750, 4, 516, 1),
(2751, 4, 517, 1),
(2752, 4, 483, 1),
(2753, 4, 487, 1),
(2754, 4, 459, 1),
(2755, 4, 485, 1),
(2756, 4, 488, 1),
(2757, 4, 476, 1),
(2758, 4, 484, 1),
(2759, 4, 499, 1),
(2760, 4, 500, 1),
(2761, 4, 501, 1),
(2762, 4, 479, 1),
(2763, 4, 519, 1),
(2764, 4, 520, 1),
(2765, 4, 532, 1),
(2766, 4, 533, 1),
(2767, 4, 465, 1),
(2768, 4, 469, 1),
(2769, 4, 511, 1),
(2770, 4, 512, 1),
(2771, 4, 524, 1),
(2772, 4, 525, 1),
(2773, 4, 526, 1),
(2774, 4, 527, 1),
(2775, 4, 528, 1),
(2776, 4, 529, 1),
(2777, 4, 521, 1),
(2778, 4, 522, 1),
(2779, 4, 523, 1),
(2780, 4, 530, 1),
(2781, 4, 531, 1),
(2782, 4, 438, 1),
(2783, 4, 439, 1),
(2784, 4, 447, 1),
(2785, 4, 448, 1),
(2786, 4, 449, 1),
(2787, 4, 450, 1),
(2788, 4, 451, 1),
(2789, 4, 452, 1),
(2790, 4, 462, 1),
(2791, 4, 440, 1),
(2792, 4, 441, 1),
(2793, 4, 442, 1),
(2794, 4, 453, 1),
(2795, 4, 454, 1),
(2796, 4, 455, 1),
(2797, 4, 456, 1),
(2798, 4, 457, 1),
(2799, 4, 458, 1),
(2800, 4, 480, 1),
(2801, 4, 443, 1),
(2802, 4, 444, 1),
(2803, 4, 445, 1),
(2804, 4, 446, 1),
(2805, 4, 486, 1),
(2806, 4, 463, 1),
(2807, 4, 464, 1),
(2808, 4, 481, 1),
(2809, 4, 482, 1),
(2810, 4, 489, 1),
(2811, 4, 490, 1),
(2812, 4, 491, 1),
(2813, 4, 492, 1),
(2814, 4, 493, 1),
(2815, 4, 494, 1),
(2816, 4, 495, 1),
(2817, 4, 497, 0),
(2818, 4, 498, 0),
(2819, 4, 502, 0),
(2820, 4, 503, 0),
(2821, 4, 504, 1),
(2822, 4, 505, 1),
(2823, 4, 506, 1),
(2824, 4, 507, 1),
(2825, 4, 508, 1),
(2826, 1, 518, 1),
(2827, 1, 513, 1),
(2828, 1, 514, 1),
(2829, 1, 515, 1),
(2830, 1, 516, 1),
(2831, 1, 517, 1),
(2832, 1, 519, 1),
(2833, 1, 520, 1),
(2834, 1, 532, 1),
(2835, 1, 533, 1),
(2836, 1, 511, 1),
(2837, 1, 512, 1),
(2838, 1, 524, 1),
(2839, 1, 525, 1),
(2840, 1, 526, 1),
(2841, 1, 527, 1),
(2842, 1, 528, 1),
(2843, 1, 529, 1),
(2844, 1, 521, 1),
(2845, 1, 522, 1),
(2846, 1, 523, 1),
(2847, 1, 530, 1),
(2848, 1, 531, 1),
(2849, 1, 534, 1),
(2850, 1, 535, 1),
(2851, 1, 536, 1),
(2852, 1, 537, 1),
(2853, 1, 538, 1),
(2854, 1, 539, 1),
(2855, 1, 540, 1),
(2856, 1, 541, 1),
(2857, 1, 542, 1),
(2858, 1, 543, 1),
(2859, 1, 544, 1),
(2860, 1, 545, 1),
(2861, 4, 534, 1),
(2862, 4, 535, 1),
(2863, 4, 536, 1),
(2864, 4, 537, 1),
(2865, 4, 538, 1),
(2866, 4, 539, 1),
(2867, 4, 540, 1),
(2868, 4, 541, 1),
(2869, 4, 542, 1),
(2870, 4, 543, 1),
(2871, 4, 544, 1),
(2872, 4, 545, 1),
(2873, 3, 460, 1),
(2874, 3, 461, 1),
(2875, 3, 477, 1),
(2876, 3, 518, 1),
(2877, 3, 466, 1),
(2878, 3, 467, 1),
(2879, 3, 468, 1),
(2880, 3, 470, 1),
(2881, 3, 472, 1),
(2882, 3, 471, 1),
(2883, 3, 473, 1),
(2884, 3, 474, 1),
(2885, 3, 475, 1),
(2886, 3, 478, 1),
(2887, 3, 513, 1),
(2888, 3, 514, 1),
(2889, 3, 515, 1),
(2890, 3, 516, 1),
(2891, 3, 517, 1),
(2892, 3, 483, 1),
(2893, 3, 487, 1),
(2894, 3, 459, 1),
(2895, 3, 485, 1),
(2896, 3, 488, 1),
(2897, 3, 534, 0),
(2898, 3, 476, 1),
(2899, 3, 484, 1),
(2900, 3, 499, 1),
(2901, 3, 500, 1),
(2902, 3, 501, 1),
(2903, 3, 479, 1),
(2904, 3, 519, 1),
(2905, 3, 520, 1),
(2906, 3, 532, 1),
(2907, 3, 533, 1),
(2908, 3, 465, 1),
(2909, 3, 469, 1),
(2910, 3, 511, 1),
(2911, 3, 512, 1),
(2912, 3, 524, 1),
(2913, 3, 525, 1),
(2914, 3, 526, 1),
(2915, 3, 527, 1),
(2916, 3, 528, 1),
(2917, 3, 529, 1),
(2918, 3, 521, 1),
(2919, 3, 522, 1),
(2920, 3, 523, 1),
(2921, 3, 530, 1),
(2922, 3, 531, 1),
(2923, 3, 438, 1),
(2924, 3, 439, 1),
(2925, 3, 447, 1),
(2926, 3, 448, 1),
(2927, 3, 449, 1),
(2928, 3, 450, 1),
(2929, 3, 451, 1),
(2930, 3, 452, 1),
(2931, 3, 462, 1),
(2932, 3, 440, 1),
(2933, 3, 441, 1),
(2934, 3, 442, 1),
(2935, 3, 453, 1),
(2936, 3, 454, 1),
(2937, 3, 455, 1),
(2938, 3, 456, 1),
(2939, 3, 457, 1),
(2940, 3, 458, 1),
(2941, 3, 480, 1),
(2942, 3, 443, 1),
(2943, 3, 444, 1),
(2944, 3, 445, 1),
(2945, 3, 446, 1),
(2946, 3, 486, 1),
(2947, 3, 463, 1),
(2948, 3, 464, 1),
(2949, 3, 481, 1),
(2950, 3, 482, 1),
(2951, 3, 489, 1),
(2952, 3, 490, 1),
(2953, 3, 491, 1),
(2954, 3, 492, 1),
(2955, 3, 493, 1),
(2956, 3, 494, 1),
(2957, 3, 495, 1),
(2958, 3, 497, NULL),
(2959, 3, 498, 1),
(2960, 3, 502, NULL),
(2961, 3, 503, 1),
(2962, 3, 504, 1),
(2963, 3, 505, 1),
(2964, 3, 506, 1),
(2965, 3, 507, 1),
(2966, 3, 508, 1),
(2967, 3, 535, 1),
(2968, 3, 536, 1),
(2969, 3, 537, 1),
(2970, 3, 538, 1),
(2971, 3, 539, 1),
(2972, 3, 540, 1),
(2973, 3, 541, 1),
(2974, 3, 542, 1),
(2975, 3, 543, 1),
(2976, 3, 544, 1),
(2977, 3, 545, 1),
(2978, 4, 546, 1),
(2979, 4, 547, 1),
(2980, 4, 548, 1),
(2981, 4, 549, 1),
(2982, 4, 550, 1),
(2983, 4, 551, 1),
(2984, 4, 552, 1),
(2985, 4, 553, 1),
(2986, 1, 546, 1),
(2987, 1, 547, 1),
(2988, 1, 548, 1),
(2989, 1, 549, 1),
(2990, 1, 554, 1),
(2991, 1, 550, 1),
(2992, 1, 551, 1),
(2993, 1, 552, 1),
(2994, 1, 553, 1),
(2995, 1, 555, 1),
(2996, 4, 554, 1),
(2997, 4, 555, 1),
(2998, 4, 556, 1),
(2999, 4, 557, 1),
(3000, 4, 558, 1),
(3001, 4, 559, 1),
(3002, 4, 560, 1),
(3003, 4, 561, 1),
(3004, 4, 562, 1),
(3005, 4, 563, 1),
(3006, 4, 564, 1),
(3007, 4, 565, 1),
(3008, 4, 566, 1),
(3009, 4, 567, 1),
(3010, 4, 568, 1),
(3011, 4, 569, 1),
(3012, 4, 570, 1),
(3013, 4, 571, 1),
(3014, 4, 572, 1),
(3015, 4, 573, 1),
(3016, 4, 574, 1),
(3017, 4, 575, 1),
(3018, 4, 576, 1),
(3019, 1, 577, 1),
(3020, 1, 578, 1),
(3021, 1, 579, 1),
(3022, 1, 556, 1),
(3023, 1, 557, 1),
(3024, 1, 558, 1),
(3025, 1, 559, 1),
(3026, 1, 560, 1),
(3027, 1, 561, 1),
(3028, 1, 562, 1),
(3029, 1, 563, 1);
INSERT INTO `awrolecontrollprop` (`id`, `role_id`, `controllprop_id`, `checkval`) VALUES
(3030, 1, 564, 1),
(3031, 1, 565, 1),
(3032, 1, 566, 1),
(3033, 1, 567, 1),
(3034, 1, 568, 1),
(3035, 1, 569, 1),
(3036, 1, 570, 1),
(3037, 1, 571, 1),
(3038, 1, 572, 1),
(3039, 1, 573, 1),
(3040, 1, 574, 1),
(3041, 1, 575, 1),
(3042, 1, 576, 1),
(3043, 4, 577, 1),
(3044, 4, 578, 1),
(3045, 4, 579, 1),
(3046, 3, 577, 1),
(3047, 3, 578, 1),
(3048, 3, 579, 1),
(3049, 1, 586, 1),
(3050, 1, 580, 1),
(3051, 1, 581, 1),
(3052, 1, 582, 1),
(3053, 1, 583, 1),
(3054, 1, 584, 1),
(3055, 1, 585, 1),
(3056, 4, 586, 1),
(3057, 4, 580, 1),
(3058, 4, 581, 1),
(3059, 4, 582, 1),
(3060, 4, 583, 1),
(3061, 4, 584, 1),
(3062, 4, 585, 1);

-- --------------------------------------------------------

--
-- Table structure for table `awrolemenu`
--

CREATE TABLE IF NOT EXISTS `awrolemenu` (
  `id` int(11) unsigned NOT NULL AUTO_INCREMENT,
  `role_id` int(11) unsigned DEFAULT NULL,
  `menu_id` int(11) unsigned DEFAULT NULL,
  `checkval` tinyint(1) unsigned DEFAULT NULL,
  PRIMARY KEY (`id`),
  KEY `index_foreignkey_awrolemenu_awmenu` (`menu_id`),
  KEY `index_foreignkey_awrolemenu_awrole` (`role_id`)
) ENGINE=InnoDB  DEFAULT CHARSET=utf8mb4 COLLATE=utf8mb4_unicode_ci ROW_FORMAT=COMPACT AUTO_INCREMENT=513 ;

--
-- Dumping data for table `awrolemenu`
--

INSERT INTO `awrolemenu` (`id`, `role_id`, `menu_id`, `checkval`) VALUES
(1, 1, 1, 1),
(2, 1, 2, 1),
(3, 1, 3, 1),
(6, 1, 6, 1),
(9, 1, 9, 1),
(12, 1, 12, 1),
(15, 2, 1, 0),
(16, 2, 2, 0),
(17, 2, 3, 0),
(20, 2, 6, 0),
(23, 2, 9, 0),
(26, 2, 12, 0),
(27, 1, 14, 1),
(28, 1, NULL, 1),
(29, 1, 16, 1),
(30, 1, NULL, 1),
(31, 1, 18, 1),
(32, 1, 19, 1),
(33, 1, 20, 1),
(34, 1, NULL, 1),
(35, 1, NULL, 0),
(36, 1, NULL, 0),
(37, 1, NULL, 1),
(38, 1, NULL, 0),
(39, 1, NULL, 1),
(40, 1, NULL, 1),
(41, 1, NULL, 1),
(42, 1, 31, 1),
(43, 1, 32, 1),
(44, 1, 34, 1),
(45, 1, 35, 1),
(46, 1, 36, 1),
(47, 1, 37, 1),
(48, 1, 38, 1),
(49, 1, 39, 1),
(50, 1, NULL, 1),
(51, 2, 14, 1),
(52, 2, 16, 1),
(53, 2, 18, 1),
(54, 2, 19, 1),
(55, 2, 20, 1),
(56, 2, 31, 0),
(57, 2, 32, 0),
(58, 2, 35, 0),
(59, 2, 36, 0),
(60, 2, 37, 0),
(61, 2, 34, 0),
(62, 2, 38, 0),
(63, 2, 39, 0),
(64, 3, 1, 1),
(65, 3, 2, 0),
(66, 3, 3, 0),
(67, 3, 6, 0),
(68, 3, 9, 0),
(69, 3, 12, 0),
(70, 3, 14, 0),
(71, 3, 16, 0),
(72, 3, 18, 0),
(73, 3, 19, 0),
(74, 3, 20, 0),
(75, 3, 31, 0),
(76, 3, 32, 0),
(77, 3, 35, 0),
(78, 3, 36, 0),
(79, 3, 37, 0),
(80, 3, 34, 0),
(81, 3, 38, 0),
(82, 3, 39, 0),
(83, 4, 1, 1),
(84, 4, 2, 0),
(85, 4, 3, 0),
(86, 4, 6, 0),
(87, 4, 9, 1),
(88, 4, 12, 0),
(89, 4, 14, 0),
(90, 4, 16, 0),
(91, 4, 18, 0),
(92, 4, 19, 0),
(93, 4, 20, 0),
(94, 4, 31, 0),
(95, 4, 32, 0),
(96, 4, 35, 0),
(97, 4, 36, 0),
(98, 4, 37, 0),
(99, 4, 34, 0),
(100, 4, 38, 0),
(101, 4, 39, 0),
(102, 5, 1, 1),
(103, 5, 2, 0),
(104, 5, 3, 0),
(105, 5, 6, 0),
(106, 5, 9, 0),
(107, 5, 12, 0),
(108, 5, 14, 0),
(109, 5, 16, 0),
(110, 5, 18, 0),
(111, 5, 19, 0),
(112, 5, 20, 0),
(113, 5, 31, 0),
(114, 5, 32, 0),
(115, 5, 35, 0),
(116, 5, 36, 0),
(117, 5, 37, 0),
(118, 5, 34, 0),
(119, 5, 38, 0),
(120, 5, 39, 0),
(121, 1, 40, 1),
(122, 1, 41, 1),
(123, 1, 42, 1),
(124, 1, 43, 1),
(125, 1, 44, 1),
(126, 1, 45, 1),
(127, 2, 40, 0),
(128, 2, 41, 0),
(129, 2, 42, 0),
(130, 2, 43, 0),
(131, 2, 44, 0),
(132, 2, 45, 0),
(133, 1, 46, 1),
(134, 1, 47, 1),
(135, 1, 48, 1),
(136, 1, 49, 1),
(137, 1, 50, 1),
(138, 1, 51, 1),
(139, 1, 52, 1),
(140, 1, 53, 1),
(141, 1, 54, 1),
(142, 1, 55, 1),
(143, 1, 56, 1),
(144, 1, 57, 1),
(145, 1, 58, 1),
(146, 1, 59, 1),
(147, 1, NULL, 1),
(148, 1, 61, 1),
(149, 1, 62, 1),
(150, 1, 63, 1),
(151, 1, NULL, 1),
(152, 1, 66, 1),
(153, 1, 67, 1),
(154, 1, 68, 1),
(155, 1, 69, 1),
(156, 1, 70, 1),
(157, 1, NULL, 1),
(158, 1, 71, 1),
(159, NULL, 1, 0),
(160, NULL, 2, 0),
(161, NULL, 3, 0),
(162, NULL, 6, 0),
(163, NULL, 9, 0),
(164, NULL, 12, 0),
(165, NULL, 14, 0),
(166, NULL, 16, 0),
(167, NULL, 18, 0),
(168, NULL, 19, 0),
(169, NULL, 20, 0),
(170, NULL, 31, 0),
(171, NULL, 32, 0),
(172, NULL, 35, 0),
(173, NULL, 36, 0),
(174, NULL, 37, 0),
(175, NULL, 34, 0),
(176, NULL, 38, 0),
(177, NULL, 39, 0),
(178, NULL, 40, 0),
(179, NULL, 41, 0),
(180, NULL, 42, 0),
(181, NULL, 43, 0),
(182, NULL, 44, 0),
(183, NULL, 45, 0),
(184, NULL, 46, 0),
(185, NULL, 47, 0),
(186, NULL, 49, 0),
(187, NULL, 50, 0),
(188, NULL, 51, 0),
(189, NULL, 52, 0),
(190, NULL, 53, 0),
(191, NULL, 48, 0),
(192, NULL, 54, 0),
(193, NULL, 66, 0),
(194, NULL, 55, 0),
(195, NULL, 56, 0),
(196, NULL, 57, 0),
(197, NULL, 58, 0),
(198, NULL, 59, 0),
(199, NULL, 61, 0),
(200, NULL, 62, 0),
(201, NULL, 63, 0),
(202, NULL, 67, 0),
(203, NULL, 68, 0),
(204, NULL, 69, 0),
(205, NULL, 70, 0),
(206, NULL, 71, 1),
(207, 8, 1, 0),
(208, 8, 2, 0),
(209, 8, 3, 0),
(210, 8, 6, 0),
(211, 8, 9, 0),
(212, 8, 12, 0),
(213, 8, 14, 0),
(214, 8, 16, 0),
(215, 8, 18, 0),
(216, 8, 19, 0),
(217, 8, 20, 0),
(218, 8, 31, 0),
(219, 8, 32, 0),
(220, 8, 35, 0),
(221, 8, 36, 0),
(222, 8, 37, 0),
(223, 8, 34, 0),
(224, 8, 38, 0),
(225, 8, 39, 0),
(226, 8, 40, 0),
(227, 8, 41, 0),
(228, 8, 42, 0),
(229, 8, 43, 0),
(230, 8, 44, 0),
(231, 8, 45, 0),
(232, 8, 46, 0),
(233, 8, 47, 0),
(234, 8, 49, 0),
(235, 8, 50, 0),
(236, 8, 51, 0),
(237, 8, 52, 0),
(238, 8, 53, 0),
(239, 8, 48, 0),
(240, 8, 54, 0),
(241, 8, 66, 0),
(242, 8, 55, 0),
(243, 8, 56, 0),
(244, 8, 57, 0),
(245, 8, 58, 0),
(246, 8, 59, 0),
(247, 8, 61, 0),
(248, 8, 62, 0),
(249, 8, 63, 0),
(250, 8, 67, 0),
(251, 8, 68, 0),
(252, 8, 69, 0),
(253, 8, 70, 0),
(254, 8, 71, 1),
(255, 2, 46, 0),
(256, 2, 47, 0),
(257, 2, 49, 0),
(258, 2, 50, 0),
(259, 2, 51, 0),
(260, 2, 52, 0),
(261, 2, 53, 0),
(262, 2, 48, 0),
(263, 2, 54, 0),
(264, 2, 66, 0),
(265, 2, 55, 0),
(266, 2, 56, 0),
(267, 2, 57, 0),
(268, 2, 58, 0),
(269, 2, 59, 0),
(270, 2, 61, 0),
(271, 2, 62, 0),
(272, 2, 63, 0),
(273, 2, 67, 0),
(274, 2, 68, 0),
(275, 2, 69, 0),
(276, 2, 70, 0),
(277, 2, 71, 0),
(278, 3, 40, 0),
(279, 3, 41, 1),
(280, 3, 42, 0),
(281, 3, 43, 0),
(282, 3, 44, 0),
(283, 3, 45, 0),
(284, 3, 46, 1),
(285, 3, 47, 0),
(286, 3, 49, 0),
(287, 3, 50, 0),
(288, 3, 51, 0),
(289, 3, 52, 1),
(290, 3, 53, 0),
(291, 3, 48, 0),
(292, 3, 54, 0),
(293, 3, 66, 0),
(294, 3, 55, 0),
(295, 3, 56, 0),
(296, 3, 57, 0),
(297, 3, 58, 0),
(298, 3, 59, 1),
(299, 3, 61, 0),
(300, 3, 62, 0),
(301, 3, 63, 1),
(302, 3, 67, 0),
(303, 3, 68, 0),
(304, 3, 69, 0),
(305, 3, 70, 0),
(306, 3, 71, 0),
(307, 4, 40, 0),
(308, 4, 41, 1),
(309, 4, 42, 1),
(310, 4, 43, 1),
(311, 4, 44, 1),
(312, 4, 45, 1),
(313, 4, 46, 1),
(314, 4, 47, 0),
(315, 4, 49, 0),
(316, 4, 50, 0),
(317, 4, 51, 0),
(318, 4, 52, 1),
(319, 4, 53, 1),
(320, 4, 48, 1),
(321, 4, 54, 1),
(322, 4, 66, 1),
(323, 4, 55, 0),
(324, 4, 56, 0),
(325, 4, 57, 0),
(326, 4, 58, 1),
(327, 4, 59, 1),
(328, 4, 61, 0),
(329, 4, 62, 0),
(330, 4, 63, 0),
(331, 4, 67, 0),
(332, 4, 68, 1),
(333, 4, 69, 1),
(334, 4, 70, 1),
(335, 4, 71, 0),
(336, 5, 40, 0),
(337, 5, 41, 0),
(338, 5, 42, 0),
(339, 5, 43, 0),
(340, 5, 44, 0),
(341, 5, 45, 0),
(342, 5, 46, 0),
(343, 5, 47, 0),
(344, 5, 49, 0),
(345, 5, 50, 0),
(346, 5, 51, 0),
(347, 5, 52, 0),
(348, 5, 53, 0),
(349, 5, 48, 0),
(350, 5, 54, 0),
(351, 5, 66, 0),
(352, 5, 55, 0),
(353, 5, 56, 0),
(354, 5, 57, 0),
(355, 5, 58, 0),
(356, 5, 59, 0),
(357, 5, 61, 0),
(358, 5, 62, 0),
(359, 5, 63, 0),
(360, 5, 67, 0),
(361, 5, 68, 0),
(362, 5, 69, 0),
(363, 5, 70, 0),
(364, 5, 71, 1),
(365, 10, 1, 0),
(366, 10, 2, 0),
(367, 10, 3, 0),
(368, 10, 6, 0),
(369, 10, 9, 0),
(370, 10, 12, 0),
(371, 10, 14, 0),
(372, 10, 16, 0),
(373, 10, 18, 0),
(374, 10, 19, 0),
(375, 10, 20, 0),
(376, 10, 31, 0),
(377, 10, 32, 0),
(378, 10, 35, 0),
(379, 10, 36, 0),
(380, 10, 37, 0),
(381, 10, 34, 0),
(382, 10, 38, 0),
(383, 10, 39, 0),
(384, 10, 40, 0),
(385, 10, 41, 0),
(386, 10, 42, 0),
(387, 10, 43, 0),
(388, 10, 44, 0),
(389, 10, 45, 0),
(390, 10, 46, 0),
(391, 10, 47, 0),
(392, 10, 49, 0),
(393, 10, 50, 0),
(394, 10, 51, 0),
(395, 10, 52, 0),
(396, 10, 53, 0),
(397, 10, 48, 0),
(398, 10, 54, 0),
(399, 10, 66, 0),
(400, 10, 55, 0),
(401, 10, 56, 0),
(402, 10, 57, 0),
(403, 10, 58, 0),
(404, 10, 59, 0),
(405, 10, 61, 0),
(406, 10, 62, 0),
(407, 10, 63, 0),
(408, 10, 67, 0),
(409, 10, 68, 0),
(410, 10, 69, 0),
(411, 10, 70, 0),
(412, 10, 71, 0),
(413, 1, 72, 1),
(414, 1, 73, 1),
(415, 1, 74, 1),
(416, 1, 75, 1),
(417, 1, 76, 1),
(418, 2, 74, 0),
(419, 2, 75, 0),
(420, 2, 72, 0),
(421, 2, 73, 0),
(422, 2, 76, 0),
(423, 10, 74, 0),
(424, 10, 75, 0),
(425, 10, 72, 0),
(426, 10, 73, 0),
(427, 10, 76, 0),
(428, 10, NULL, 0),
(429, 10, NULL, 0),
(430, 1, 80, 1),
(431, 1, NULL, 1),
(432, 1, NULL, 1),
(433, 1, 81, 1),
(434, 1, 82, 1),
(435, 1, 83, 1),
(436, 4, 74, 0),
(437, 4, 75, 0),
(438, 4, 80, 0),
(439, 4, 83, 0),
(440, 4, 72, 0),
(441, 4, 73, 0),
(442, 4, 76, 0),
(443, 4, 81, 0),
(444, 4, 82, 0),
(445, 1, 84, 1),
(446, 1, 85, 1),
(447, 1, 86, 1),
(448, 4, 86, 0),
(449, 4, 84, 1),
(450, 4, 85, 0),
(451, 3, 74, 0),
(452, 3, 75, 0),
(453, 3, 80, 0),
(454, 3, 83, 0),
(455, 3, 86, 0),
(456, 3, 72, 0),
(457, 3, 73, 0),
(458, 3, 76, 0),
(459, 3, 81, 0),
(460, 3, 82, 0),
(461, 3, 84, 1),
(462, 3, 85, 0),
(463, 1, 87, 1),
(464, 1, 88, 1),
(465, 1, 89, 1),
(466, 1, 90, 1),
(467, 4, 87, 0),
(468, 4, 88, 0),
(469, 4, 89, 0),
(470, 4, 90, 0),
(471, 1, 91, 1),
(472, 1, 92, 1),
(473, 1, 93, 1),
(474, 1, 94, 1),
(475, 1, 95, 1),
(476, 1, 96, 1),
(477, 1, 97, 1),
(478, 1, 98, 1),
(479, 4, 92, 1),
(480, 4, 91, 0),
(481, 4, 93, 0),
(482, 4, 94, 0),
(483, 4, 95, 0),
(484, 4, 96, 0),
(485, 4, 97, 0),
(486, 4, 98, 0),
(487, 1, 99, 1),
(488, 4, 99, 1),
(489, 4, 100, 1),
(490, 3, 100, 0),
(491, 3, 92, 0),
(492, 3, 91, 0),
(493, 3, 93, 0),
(494, 3, 94, 0),
(495, 3, 95, 0),
(496, 3, 96, 0),
(497, 3, 97, 0),
(498, 3, 98, 0),
(499, 3, 99, 0),
(500, 3, 87, 0),
(501, 3, 88, 0),
(502, 3, 89, 0),
(503, 3, 90, 0),
(504, 4, 101, 0),
(505, 1, 100, 0),
(506, 1, 101, 1),
(507, 4, 102, 0),
(508, 1, 102, 1),
(509, 3, 101, 0),
(510, 3, 102, 0),
(511, 1, 103, 1),
(512, 4, 103, 1);

-- --------------------------------------------------------

--
-- Table structure for table `awroleposition`
--

CREATE TABLE IF NOT EXISTS `awroleposition` (
  `id` int(11) NOT NULL AUTO_INCREMENT,
  `roleid` int(11) DEFAULT NULL,
  `name` varchar(255) COLLATE utf8mb4_unicode_ci DEFAULT NULL,
  PRIMARY KEY (`id`)
) ENGINE=InnoDB  DEFAULT CHARSET=utf8mb4 COLLATE=utf8mb4_unicode_ci AUTO_INCREMENT=6 ;

--
-- Dumping data for table `awroleposition`
--

INSERT INTO `awroleposition` (`id`, `roleid`, `name`) VALUES
(1, 4, 'Council Amin'),
(2, 4, 'Council Head'),
(3, 4, 'Council Staff'),
(4, 5, 'Sonographer'),
(5, 5, 'Supervisor');

-- --------------------------------------------------------

--
-- Table structure for table `awrolespecialize`
--

CREATE TABLE IF NOT EXISTS `awrolespecialize` (
  `id` int(11) NOT NULL AUTO_INCREMENT,
  `roleid` int(11) DEFAULT NULL,
  `name` varchar(255) COLLATE utf8mb4_unicode_ci DEFAULT NULL,
  PRIMARY KEY (`id`)
) ENGINE=InnoDB  DEFAULT CHARSET=utf8mb4 COLLATE=utf8mb4_unicode_ci AUTO_INCREMENT=5 ;

--
-- Dumping data for table `awrolespecialize`
--

INSERT INTO `awrolespecialize` (`id`, `roleid`, `name`) VALUES
(1, 4, 'Anasthests'),
(2, 6, 'Anasthests'),
(3, 4, 'operation'),
(4, 6, 'operation');

-- --------------------------------------------------------

--
-- Table structure for table `awusers`
--

CREATE TABLE IF NOT EXISTS `awusers` (
  `user_id` int(11) NOT NULL AUTO_INCREMENT,
  `user_name` varchar(64) COLLATE utf8_unicode_ci DEFAULT NULL,
  `user_password_hash` varchar(255) COLLATE utf8_unicode_ci NOT NULL,
  `user_email` varchar(64) COLLATE utf8_unicode_ci DEFAULT NULL,
  `user_active` tinyint(1) NOT NULL DEFAULT '0',
  `user_activation_hash` varchar(40) COLLATE utf8_unicode_ci DEFAULT NULL,
  `user_password_reset_hash` char(40) COLLATE utf8_unicode_ci DEFAULT NULL,
  `user_password_reset_timestamp` bigint(20) DEFAULT NULL,
  `user_rememberme_token` varchar(64) COLLATE utf8_unicode_ci DEFAULT NULL,
  `user_failed_logins` tinyint(1) NOT NULL DEFAULT '0',
  `user_last_failed_login` int(10) DEFAULT NULL,
  `user_registration_datetime` datetime NOT NULL DEFAULT '0000-00-00 00:00:00',
  `user_registration_ip` varchar(39) COLLATE utf8_unicode_ci NOT NULL DEFAULT '0.0.0.0',
  `role_id` int(11) NOT NULL,
  `name` varchar(2000) COLLATE utf8_unicode_ci DEFAULT NULL,
  `specialid` int(11) DEFAULT NULL,
  `positionid` int(11) DEFAULT NULL,
  `attend` int(11) DEFAULT NULL,
  PRIMARY KEY (`user_id`)
) ENGINE=MyISAM  DEFAULT CHARSET=utf8 COLLATE=utf8_unicode_ci ROW_FORMAT=DYNAMIC COMMENT='user data' AUTO_INCREMENT=48 ;

--
-- Dumping data for table `awusers`
--

INSERT INTO `awusers` (`user_id`, `user_name`, `user_password_hash`, `user_email`, `user_active`, `user_activation_hash`, `user_password_reset_hash`, `user_password_reset_timestamp`, `user_rememberme_token`, `user_failed_logins`, `user_last_failed_login`, `user_registration_datetime`, `user_registration_ip`, `role_id`, `name`, `specialid`, `positionid`, `attend`) VALUES
(1, 'manager', '$2y$10$G.ZYzcWYKP8xNJ82cMXMbeC.W.7gV72cMO7KdMre/NdBqASsID8DO', 'ahmed.freedeveloper@gmail.com', 1, '1ebf1664a5d6077504fcb60caccefc2d88b964e4', '36e688b8ef85a659b3ec39646df92a809f2d6a28', 1422433469, NULL, 0, NULL, '2015-01-25 12:41:59', '127.0.0.1', 1, 'Manager', 0, 0, NULL),
(2, 'Doctor Name Test', '$2y$10$G.ZYzcWYKP8xNJ82cMXMbeC.W.7gV72cMO7KdMre/NdBqASsID8DO', 'hassansaeed.es2015@gmail.com', 1, '1ebf1664a5d6077504fcb60caccefc2d88b964e4', '36e688b8ef85a659b3ec39646df92a809f2d6a28', 1422433469, NULL, 0, NULL, '2015-01-25 12:41:59', '127.0.0.1', 1, 'Doctor', 0, 0, NULL),
(3, 'pharmacist', '$2y$10$gW/qwiWfSGMIH3RhTqWMG.lS5dDe2U626sVvY5qq47MJYmgCZmglm', 'pharmacist.emp@app.com', 1, '94d900ab998ba190368f70ed1558f98e06fda033', NULL, NULL, NULL, 0, NULL, '2015-10-07 09:26:24', '::1', 2, 'pharmacist', 0, 0, NULL),
(4, 'recep', '$2y$10$MYjT81sB/JXEYSexeCzeHup4OmfckBV3TLicVp86eCyUbf5TETKpq', 'testuser.user@app.com', 1, 'e20e6d7a376d3e4dbc97812c45ba0e2744f6f771', NULL, NULL, NULL, 0, NULL, '2015-10-07 09:38:44', '::1', 3, 'testuser', 0, 0, NULL),
(5, 'amin', '$2y$10$Jotoivn0TqSKgNI8VKm04.82havlpVxzrPDYXM/.1aImKAinHFbk6', 'amincouncil.app@soft.com', 1, '80d6ff0b89247a6644c92f61b6fa323b8f115db0', NULL, NULL, NULL, 0, NULL, '2015-10-07 09:56:24', '::1', 5, 'Amin Council', 0, 0, NULL),
(6, 'boss', '$2y$10$e88a6IhJ5MyjBIWHrRPmDugZqnnrYpjJYcXiAzX1uPqsdlv13YIUq', 'headboard.hd@asd.com', 1, 'bb4254de76ebbfb6821331f8b125ab3b0b649a97', NULL, NULL, NULL, 0, NULL, '2015-10-07 10:00:09', '::1', 4, 'Head Board', 0, 0, NULL),
(14, 'Anasthesa doctor', '123456', 'ahmedshahinaaaa@gmail.com', 1, NULL, NULL, NULL, NULL, 0, NULL, '2015-11-07 00:00:00', '127.0.0.1', 8, 'Anasthesa doctor', 0, 0, NULL),
(7, 'Anasthesa', '123456', 'ahmedshahin@gmail.com', 1, NULL, NULL, NULL, NULL, 0, NULL, '2015-11-07 00:00:00', '127.0.0.1', 6, 'Anasthesa', 0, 0, NULL),
(11, 'anasthetsts test', '123456', 'mohamed@gmail.com', 1, NULL, NULL, NULL, NULL, 0, NULL, '2015-11-07 00:00:00', '127.0.0.1', 6, 'test anasthests', 0, 0, NULL),
(10, 'assistant doctor', '123456', 'osama@gmail.com', 1, NULL, NULL, NULL, NULL, 0, NULL, '2015-11-07 00:00:00', '127.0.0.1', 7, 'assistant', 0, 0, NULL),
(13, 'assistant test', '123456', 'ali@gmail.com', 1, NULL, NULL, NULL, NULL, 0, NULL, '2015-11-07 00:00:00', '127.0.0.1', 7, 'test assistant doctor', 0, 0, NULL),
(15, 'Anasthesa nurse', '123456', 'ahmedshahinbbb@gmail.com', 1, NULL, NULL, NULL, NULL, 0, NULL, '2015-11-07 00:00:00', '127.0.0.1', 8, 'Anasthesa nurse', 0, 0, NULL),
(16, 'assistant doc', '123456', 'osamaaa@gmail.com', 1, NULL, NULL, NULL, NULL, 0, NULL, '2015-11-07 00:00:00', '127.0.0.1', 9, 'assistant doc', 0, 0, NULL),
(17, 'assistant nurse', '$2y$10$G.ZYzcWYKP8xNJ82cMXMbeC.W.7gV72cMO7KdMre/NdBqASsID8DO', 'osamabb@gmail.com', 1, NULL, NULL, NULL, NULL, 0, NULL, '2015-11-07 00:00:00', '127.0.0.1', 9, 'assistant nurse', 0, 0, NULL),
(19, 'mhmd', '$2y$10$G.ZYzcWYKP8xNJ82cMXMbeC.W.7gV72cMO7KdMre/NdBqASsID8DO', 'm@y.con', 1, NULL, NULL, NULL, NULL, 0, NULL, '0000-00-00 00:00:00', '0.0.0.0', 9, 'supervisor', 0, 5, NULL),
(22, 'lobna', '$2y$10$X8VGRzYdq53t65mNN4Td2OI5vCEkxNLsO36ZWEiIHnjLP4MM9u6Oi', 'lobna@yahoo.com', 1, '3cf8ccb375997a64ad56c3aab8695f3482396ec9', NULL, NULL, NULL, 0, NULL, '2015-12-29 10:48:35', '::1', 2, 'lobna', 0, 0, NULL),
(25, 'mo', '$2y$10$qiQ8neGMEYa4.BV/9/JrWuGtaGol2442sFdbdkTj9.BXKHNKWaK32', 'mohamed@yahoo.com', 1, '3cb9611a3f34b150d462608aa5f73aa16c0cd6c2', NULL, NULL, NULL, 0, NULL, '2016-01-11 09:18:32', '::1', 4, 'mohamed', 1, 2, NULL),
(26, 'moh', '$2y$10$ht6h.J2xvGbt5ako2RN8cOjmescHjdDtB2dSLuSZDe/o/pb85FKAa', 'mo@yahoo.com', 1, '7863c6e93efed258d79383249e9a8f0d8b01ec8c', NULL, NULL, NULL, 0, NULL, '2016-01-11 09:19:47', '::1', 6, 'mohmoud', 2, 0, NULL),
(27, 'amany', '$2y$10$KiXfcwZlQeJTgFccEUktMOWW./juRJU6DQCCifmYe5fl8mxCO3FAW', '', 1, '6c14b030e52df176a2696e7b7fd8de71a0982228', NULL, NULL, NULL, 0, NULL, '2016-01-11 09:20:51', '::1', 6, 'Dr.Amany Elazab', 4, 0, NULL),
(28, 'dina', '$2y$10$auc1kE/cYYxVg1TNc0nRtekYhJy0cvaXbbO/Krg4n1L5ZXHGN7yAW', '', 1, 'd5d0873178278816a9d27dd8d3e27fa0627173c3', NULL, NULL, NULL, 0, NULL, '2016-01-11 09:21:30', '::1', 6, 'Dr.Dina Mohamed', 4, 0, NULL),
(29, 'Emad', '$2y$10$YShNa8eBLsvyE1pM1TxayexAWXWGaPUvomP3eQuzeqTPM6.wlZocS', '', 1, 'a7c2d48bf4b52e797718c6ffeee5651ad54e6fb9', NULL, NULL, NULL, 0, NULL, '2016-01-12 17:37:20', '::1', 1, 'Emad', 0, 0, NULL),
(30, 'hend', '$2y$10$lvlGg2Xhvzz7Rs0iCWT5/Oy.K4nQ7b95XPxL7D5XvsIM0SrRfv/Ni', 'a@d.c', 1, '73594f2167e9afaefaaeb9eda047c50e45b68a2b', NULL, NULL, NULL, 0, NULL, '2016-01-23 10:01:19', '::1', 1, 'dr. Hend Shalaby', 0, 0, NULL),
(35, 'Prof. Mohamed Tatongy', '$2y$10$/lxoyBADVaxndtuZAJYqd.btdReRHxeTlKr163Uxt6.uEH4PygprW', 'Tatongy@yahoo.com', 1, 'd58135ea7fe94a7edc257ed6993c97b8adb19e61', NULL, NULL, NULL, 0, NULL, '2016-01-30 11:19:51', '172.16.0.11', 5, 'Mohamed Eltatongy', 0, 4, NULL),
(31, '167323', '$2y$10$bzvIGmnruNcYixdev5TCHOB80GJMe1aWTBYd722ValQNVpvNHzxxK', 'a@ss.s', 1, 'f2f214865a4b45636584f9cb016c1243b9cd2104', NULL, NULL, 'fd9ab4ab1fe041cc2743339d2d15b85a6bb48e5580b7d02f61c9cc6663742fd2', 0, NULL, '2016-01-23 10:41:49', '172.16.0.11', 3, '?§?­U„?§U… ?§?¨Uˆ ?§U„?¹U„?§', 0, 0, NULL),
(32, 'sedomido', '$2y$10$l5NYyCxFWBIUtyI1n7PVmuIzVULa5JtBc16uHRz3xBMEATWbX6i6K', 'sedo.mando@yahoo.com', 1, '35e97a44f9f1da53809627b59d9149b37532cc08', NULL, NULL, NULL, 0, NULL, '2016-01-23 11:13:56', '172.16.0.11', 1, 'mohamed almandoh', 0, 0, NULL),
(33, 'ab', '$2y$10$GT0tKHIrFc8Ir8GNltkXaOpCoRVJI2.nWAP5lpbrIlT34ep6e7cUu', 'dd.@dd.d', 1, '71c948448f3b3bbfc520d2e269da36ffd509cf43', NULL, NULL, 'ca6b15d6e52571ce96be4b8041c00acec224f77240d9bd936ba6261f676909d1', 1, 1455445819, '2016-01-23 13:30:40', '172.16.0.11', 3, '?¹?¨U??± ?¹?¨?¯?§U„?±?­U…U†', 0, 0, NULL),
(34, 'Prof.Hend Shalaby', '$2y$10$D9JRo0k1iYx2GDwVKC0.reQRnuPDvfR.n7Zt9zjamoGmndww/puQC', 'a@s.co', 1, '184cf3ccb1143c4b8820c0187ea662cc8432533c', NULL, NULL, NULL, 0, NULL, '2016-01-30 11:13:21', '172.16.0.11', 5, 'testrays', 0, 4, NULL),
(36, 'ITIDADOC', '$2y$10$sIgUuJczf6lyq0Me940K1u6nJLKQiGtqcacVRBsfBHblHWzLLVyse', '', 1, '3570a813d5f0879c024b10b84d64c686e72dce4c', NULL, NULL, NULL, 0, NULL, '2016-02-27 11:24:51', '172.16.0.11', 4, 'ITIDA_DOCTOR', 3, 2, NULL),
(43, 'set', '$2y$10$AFMC2lcR9Y1Ayje.ZruM.eqObQI4rF58JPYqWORP3dgkUQ2SDYVaK', 'set@set.com', 1, '0b16662d0428c62e05a6e122ff72f4095483f96b', NULL, NULL, NULL, 0, NULL, '2016-11-15 19:57:20', '192.168.1.112', 3, 'set', 0, 0, NULL),
(44, 'Rec', '$2y$10$493LEEU3rVq6DivZGzm62.6oCyqxgxMH/kDs.TNc.96aToIWlwY5S', 'dd@dd.dd', 1, '1035d6349d20f896d3006caa3b5c838928d8c538', NULL, NULL, NULL, 1, 1576676537, '2019-11-27 19:51:36', '127.0.0.1', 3, 'rec', 0, 0, NULL),
(45, 'Mahala', '$2y$10$.mClNCg6oExqF6xc5c.BRePyBkX2F8slelGTJxjwpintaK31m8VkW', '', 1, '4acdd486c35fb5df4b64273adebf275933ac2aef', NULL, NULL, NULL, 0, NULL, '2021-07-13 11:53:00', '41.40.132.164', 3, 'mahala', 0, 0, NULL),
(47, 'Ahmed', '$2y$10$Rq56MLfiFWYZR3RTY19XUOZFIy2rtSbguqoqwpmH8FLjvalpNfBle', '', 1, '86fa7da5a1b2c6218b13c2a70c351f641a67a4df', NULL, NULL, NULL, 0, NULL, '2021-07-13 12:08:45', '41.40.132.164', 4, 'ahmed', 0, 0, NULL),
(46, 'Mans', '$2y$10$Zjvqx45XqeQFDxwncZsN8un2JwW2ue88nELXZFqL6oDrb2/g.H/z2', '', 1, 'f5108652416a9ae9e5ad85cfb2e64f7233230703', NULL, NULL, NULL, 0, NULL, '2021-07-13 11:58:11', '41.40.132.164', 3, 'mans', 0, 0, NULL);

-- --------------------------------------------------------

--
-- Table structure for table `bcomments`
--

CREATE TABLE IF NOT EXISTS `bcomments` (
  `id` int(11) NOT NULL AUTO_INCREMENT,
  `memberid` int(11) NOT NULL,
  `requestid` int(11) NOT NULL,
  `comment` text NOT NULL,
  `relatedcommentid` int(11) NOT NULL,
  PRIMARY KEY (`id`)
) ENGINE=InnoDB DEFAULT CHARSET=latin1 AUTO_INCREMENT=1 ;

-- --------------------------------------------------------

--
-- Table structure for table `bloodtypes`
--

CREATE TABLE IF NOT EXISTS `bloodtypes` (
  `id` int(11) NOT NULL AUTO_INCREMENT,
  `title` varchar(40) NOT NULL,
  `del` int(11) unsigned DEFAULT NULL,
  PRIMARY KEY (`id`)
) ENGINE=InnoDB  DEFAULT CHARSET=latin1 ROW_FORMAT=COMPACT AUTO_INCREMENT=5 ;

--
-- Dumping data for table `bloodtypes`
--

INSERT INTO `bloodtypes` (`id`, `title`, `del`) VALUES
(1, 'A+', NULL),
(2, 'A-', NULL),
(3, 'O+', NULL),
(4, 'O-', NULL);

-- --------------------------------------------------------

--
-- Table structure for table `bmemberopenion`
--

CREATE TABLE IF NOT EXISTS `bmemberopenion` (
  `id` int(11) unsigned NOT NULL AUTO_INCREMENT,
  `requestid` int(11) unsigned DEFAULT NULL,
  `sessionmemberid` int(11) unsigned DEFAULT NULL,
  `openion` int(11) unsigned DEFAULT NULL,
  PRIMARY KEY (`id`)
) ENGINE=InnoDB DEFAULT CHARSET=utf8mb4 COLLATE=utf8mb4_unicode_ci ROW_FORMAT=COMPACT AUTO_INCREMENT=1 ;

-- --------------------------------------------------------

--
-- Table structure for table `brequests`
--

CREATE TABLE IF NOT EXISTS `brequests` (
  `id` int(11) unsigned NOT NULL AUTO_INCREMENT,
  `memberid` int(11) unsigned DEFAULT NULL,
  `title` varchar(191) COLLATE utf8mb4_unicode_ci DEFAULT NULL,
  `details` varchar(191) COLLATE utf8mb4_unicode_ci DEFAULT NULL,
  `status` int(11) unsigned DEFAULT NULL,
  `date` date DEFAULT NULL,
  `delay` int(11) unsigned DEFAULT '0',
  `decision` varchar(191) COLLATE utf8mb4_unicode_ci DEFAULT NULL,
  `sessionid` int(11) unsigned DEFAULT NULL,
  PRIMARY KEY (`id`)
) ENGINE=InnoDB DEFAULT CHARSET=utf8mb4 COLLATE=utf8mb4_unicode_ci ROW_FORMAT=COMPACT AUTO_INCREMENT=1 ;

-- --------------------------------------------------------

--
-- Table structure for table `bsession`
--

CREATE TABLE IF NOT EXISTS `bsession` (
  `id` int(11) NOT NULL AUTO_INCREMENT,
  `date` date NOT NULL,
  `status` int(11) NOT NULL,
  `memberid` int(11) unsigned DEFAULT NULL,
  PRIMARY KEY (`id`)
) ENGINE=InnoDB DEFAULT CHARSET=latin1 ROW_FORMAT=COMPACT AUTO_INCREMENT=1 ;

-- --------------------------------------------------------

--
-- Table structure for table `bsessionmembers`
--

CREATE TABLE IF NOT EXISTS `bsessionmembers` (
  `id` int(11) unsigned NOT NULL AUTO_INCREMENT,
  `sessionid` int(11) unsigned DEFAULT NULL,
  `memberid` int(11) unsigned DEFAULT NULL,
  PRIMARY KEY (`id`)
) ENGINE=InnoDB DEFAULT CHARSET=utf8mb4 COLLATE=utf8mb4_unicode_ci ROW_FORMAT=COMPACT AUTO_INCREMENT=1 ;

-- --------------------------------------------------------

--
-- Table structure for table `complaint`
--

CREATE TABLE IF NOT EXISTS `complaint` (
  `id` int(11) NOT NULL AUTO_INCREMENT,
  `name` varchar(255) NOT NULL,
  `conditions` int(11) NOT NULL,
  PRIMARY KEY (`id`)
) ENGINE=InnoDB  DEFAULT CHARSET=latin1 ROW_FORMAT=COMPACT AUTO_INCREMENT=198 ;

--
-- Dumping data for table `complaint`
--

INSERT INTO `complaint` (`id`, `name`, `conditions`) VALUES
(1, 'Loss of weight ', 0),
(2, 'secondary amenorrhea', 0),
(3, 'muscular chest pain ', 0),
(4, 'uncontrolled T2d ', 0),
(5, 'gastritis ', 0),
(6, 'neck swelling ', 0),
(7, 'psychosomatic disorders', 0),
(8, 'toxic symptoms', 0),
(9, 'fatigue', 0),
(10, 'obesity ', 0),
(11, 'myalgia', 0),
(12, 'fu goitre', 0),
(13, 'Palpitation ', 0),
(14, 'low body weight', 0),
(15, 'small breast', 0),
(16, 'FU Hyperthyroidism ', 0),
(17, 'FU Hypothyroidism ', 0),
(18, 'hair loss ', 0),
(19, 'Postprandial dizziness ', 0),
(20, 'D. Neuropathy ', 0),
(21, 'acanthosis Nigricans ', 0),
(22, 'Fu T2D & HTN ', 0),
(23, 'short stature ', 0),
(24, 'delayed puberty ', 0),
(25, 'Fu T1D', 0),
(26, 'sense of lump ', 0),
(27, 'gERD', 0),
(28, 'Bone aches ', 0),
(29, 'Migraine Headache ', 0),
(30, 'anorexia', 0),
(31, 'Uncontrolled T2D & HTN ', 0),
(32, 'falls ', 0),
(33, 'FU T2D', 0),
(34, 'Menorrhagia ', 0),
(35, 'anxiety ', 0),
(36, 'revise Investigations ', 0),
(37, 'Sweating', 0),
(38, 'FU ', 0),
(39, 'seeking fertility ', 0),
(40, 'oligomenorrhea ', 0),
(41, 'hisuitism', 0),
(42, 'hot flushes ', 0),
(43, 'depressed mode ', 0),
(44, 'carpopedal spasm ', 0),
(45, 'symptomatic Hypoglycemia ', 0),
(46, 'Insomnia ', 0),
(47, 'edema LL ', 0),
(48, 'constipation ', 0),
(49, 'recent discovered T2D', 0),
(50, 'Panic Attacks', 0),
(51, 'dyspenea', 0),
(52, 'Premarital Consultation ', 0),
(53, 'Uncontrolled HTN ', 0),
(54, 'Preoperative consultation ', 0),
(55, 'Recurrent  ', 0),
(56, 'Recurrent  UTI', 0),
(57, 'sore throat ', 0),
(58, 'syncope ', 0),
(59, 'Abdominal Pain ', 0),
(60, 'Paresthesia ', 0),
(61, 'dyspepsia ', 0),
(62, 'uncontrolled T1D', 0),
(63, 'ED', 0),
(64, 'Headache ', 0),
(65, 'lack of concentration ', 0),
(66, 'Plantar fasciitis ', 0),
(67, 'muscle cramps ', 0),
(68, 'galactorrhea ', 0),
(69, 'DCL', 0),
(70, 'urgency ', 0),
(71, 'vert', 0),
(72, 'vertigo ', 0),
(73, 'Fatigue & dizziness ', 0),
(74, 'Polyuria & Polydipsia ', 0),
(75, 'Blackouts ', 0),
(76, 'LBP', 0),
(77, 'Gynacomastia ', 0),
(78, 'pruritis ', 0),
(79, 'ptyalism', 0),
(80, 'small penis ', 0),
(81, 'cough ', 0),
(82, 'pruritis Vulvae ', 0),
(83, 'arthralgia ', 0),
(84, 'Inability to walk', 0),
(85, 'Frozen Shoulder ', 0),
(86, 'hot flushes ', 0),
(87, 'Heat intolerance ', 0),
(88, 'axillary LN ', 0),
(89, 'cellulitis ', 0),
(90, 'intermittent claudication ', 0),
(91, 'PND', 0),
(92, 'nocturnal hypoglycemia ', 0),
(93, 'proximal myopathy ', 0),
(94, 'vomiting', 0),
(95, 'puffy eye ', 0),
(96, 'loss of Libido ', 0),
(97, 'somnlence', 0),
(98, 'acne', 0),
(99, 'easy bruising ', 0),
(100, 'flu like symptoms ', 0),
(101, 'dysparunia ', 0),
(102, 'cold intolerance ', 0),
(103, 'tremors ', 0),
(104, 'dysuria ', 0),
(105, 'polymenorhea ', 0),
(106, 'darkening of skin ', 0),
(107, 'perimenstrual syndrome ', 0),
(108, 'chronic diarrhea ', 0),
(109, 'mastalgia', 0),
(110, 'loss of teeth', 0),
(111, 'hyperhydrosis ', 0),
(112, 'large Breast ', 0),
(113, 'proptosis', 0),
(114, 'severe hypoglycemia ', 0),
(115, 'tooth aches ', 0),
(116, 'hiccough ', 0),
(117, 'Diurnal hypoglycemia ', 0),
(118, 'nocturia', 0),
(119, 'nausea', 0),
(120, 'trigger finger ', 0),
(121, 'post-auricular swelling ', 0),
(122, 'hypotension ', 0),
(123, 'Darkening of skin ', 0),
(124, 'fever', 0),
(125, 'bitter taste ', 0),
(126, 'loin pain ', 0),
(127, 'dry Mouth', 0),
(128, 'early satiety ', 0),
(129, 'Recent Discovered T1D ', 0),
(130, 'Recurrent Abscess ', 0),
(131, 'skin rash ', 0),
(132, 'hoarseness of voice ', 0),
(133, 'dry skin', 0),
(134, 'heel pain', 0),
(135, 'recurrent abortions ', 0),
(136, 'chest pain ', 0),
(137, 'premature Puberty ', 0),
(138, 'allodynia', 0),
(139, 'blurring of vision', 0),
(140, 'diplopia', 0),
(141, 'dysphagia', 0),
(142, 'tinitus', 0),
(143, 'neck pain ', 0),
(144, 'muscle weakness ', 0),
(145, 'halitosis ', 0),
(146, 'otalgia', 0),
(147, 'dysmenorrhea ', 0),
(148, 'echymosis ', 0),
(149, 'hypo', 0),
(150, 'pallor', 0),
(151, 'postprandial dizziness ', 0),
(152, 'easy fatigability', 0),
(153, 'skin tags ', 0),
(154, 'accedintal discovered by lab ', 0),
(155, 'primary Amenorhea for investigation', 0),
(156, 'rigors', 0),
(157, 'epistaxis ', 0),
(158, 'first discovered ', 0),
(159, 'submandibular swelling ', 0),
(160, 'improved', 0),
(161, 'polyphagia ', 0),
(162, 'shivering', 0),
(163, 'TALL STATURE', 0),
(164, 'abdominal enlargement ', 0),
(165, 'fits ', 0),
(166, 'confusion', 0),
(167, 'memory problems', 0),
(168, 'eructation ', 0),
(169, 'nail dystrophy', 0),
(170, 'sugar craving ', 0),
(171, 'agitation', 0),
(172, 'shoulder pain ', 0),
(173, 'delayed wound healing ', 0),
(174, 'drippling of urine ', 0),
(175, 'frothy urine ', 0),
(176, 'oral ulcers ', 0),
(177, 'eructation ', 0),
(178, 'ACCIDENTAL DISCOVERED RADIOLOGY', 0),
(179, 'occipital headache', 0),
(180, 'ED', 0),
(181, 'postural dizziness', 0),
(182, 'chest tightness', 0),
(183, 'leg pain ', 0),
(184, 'fullness', 0),
(185, 'Tongue Darkening', 0),
(186, 'supraclavicular swelling ', 0),
(187, 'muscle wasting ', 0),
(188, 'unavailable drugs ', 0),
(189, 'hesitancy', 0),
(190, 'sharka ', 0),
(191, 'Non-Compliant on ttt ', 0),
(192, 'sha', 0),
(193, 'snoring', 0),
(194, 'Stria Rubra ', 0),
(195, 'hypomenorrhea', 0),
(196, 'Pre-Ramadan consultatin', 0),
(197, 'facial pain ', 0);

-- --------------------------------------------------------

--
-- Table structure for table `complaintant`
--

CREATE TABLE IF NOT EXISTS `complaintant` (
  `id` int(11) NOT NULL AUTO_INCREMENT,
  `name` varchar(255) NOT NULL,
  `conditions` int(11) NOT NULL,
  PRIMARY KEY (`id`)
) ENGINE=InnoDB DEFAULT CHARSET=latin1 ROW_FORMAT=COMPACT AUTO_INCREMENT=1 ;

-- --------------------------------------------------------

--
-- Table structure for table `copycavity`
--

CREATE TABLE IF NOT EXISTS `copycavity` (
  `id` int(11) unsigned NOT NULL AUTO_INCREMENT,
  `title` varchar(191) COLLATE utf8mb4_unicode_ci DEFAULT NULL,
  `del` tinyint(1) unsigned DEFAULT NULL,
  PRIMARY KEY (`id`)
) ENGINE=InnoDB DEFAULT CHARSET=utf8mb4 COLLATE=utf8mb4_unicode_ci AUTO_INCREMENT=1 ;

-- --------------------------------------------------------

--
-- Table structure for table `copycx`
--

CREATE TABLE IF NOT EXISTS `copycx` (
  `id` int(11) unsigned NOT NULL AUTO_INCREMENT,
  `title` varchar(191) COLLATE utf8mb4_unicode_ci DEFAULT NULL,
  `del` int(11) unsigned DEFAULT NULL,
  PRIMARY KEY (`id`)
) ENGINE=InnoDB DEFAULT CHARSET=utf8mb4 COLLATE=utf8mb4_unicode_ci AUTO_INCREMENT=1 ;

-- --------------------------------------------------------

--
-- Table structure for table `copydil`
--

CREATE TABLE IF NOT EXISTS `copydil` (
  `id` int(11) unsigned NOT NULL AUTO_INCREMENT,
  `title` varchar(191) COLLATE utf8mb4_unicode_ci DEFAULT NULL,
  `del` tinyint(1) unsigned DEFAULT NULL,
  PRIMARY KEY (`id`)
) ENGINE=InnoDB DEFAULT CHARSET=utf8mb4 COLLATE=utf8mb4_unicode_ci AUTO_INCREMENT=1 ;

-- --------------------------------------------------------

--
-- Table structure for table `copyintrod`
--

CREATE TABLE IF NOT EXISTS `copyintrod` (
  `id` int(11) unsigned NOT NULL AUTO_INCREMENT,
  `title` varchar(191) COLLATE utf8mb4_unicode_ci DEFAULT NULL,
  `del` tinyint(1) unsigned DEFAULT NULL,
  PRIMARY KEY (`id`)
) ENGINE=InnoDB DEFAULT CHARSET=utf8mb4 COLLATE=utf8mb4_unicode_ci AUTO_INCREMENT=1 ;

-- --------------------------------------------------------

--
-- Table structure for table `copylostium`
--

CREATE TABLE IF NOT EXISTS `copylostium` (
  `id` int(11) unsigned NOT NULL AUTO_INCREMENT,
  `title` varchar(191) COLLATE utf8mb4_unicode_ci DEFAULT NULL,
  `del` tinyint(1) unsigned DEFAULT NULL,
  PRIMARY KEY (`id`)
) ENGINE=InnoDB DEFAULT CHARSET=utf8mb4 COLLATE=utf8mb4_unicode_ci AUTO_INCREMENT=1 ;

-- --------------------------------------------------------

--
-- Table structure for table `copymcavity`
--

CREATE TABLE IF NOT EXISTS `copymcavity` (
  `id` int(11) unsigned NOT NULL AUTO_INCREMENT,
  `title` varchar(191) COLLATE utf8mb4_unicode_ci DEFAULT NULL,
  `del` int(11) unsigned DEFAULT NULL,
  PRIMARY KEY (`id`)
) ENGINE=InnoDB DEFAULT CHARSET=utf8mb4 COLLATE=utf8mb4_unicode_ci AUTO_INCREMENT=1 ;

-- --------------------------------------------------------

--
-- Table structure for table `copymcx`
--

CREATE TABLE IF NOT EXISTS `copymcx` (
  `id` int(11) unsigned NOT NULL AUTO_INCREMENT,
  `title` varchar(191) COLLATE utf8mb4_unicode_ci DEFAULT NULL,
  `del` int(11) unsigned DEFAULT NULL,
  PRIMARY KEY (`id`)
) ENGINE=InnoDB DEFAULT CHARSET=utf8mb4 COLLATE=utf8mb4_unicode_ci AUTO_INCREMENT=1 ;

-- --------------------------------------------------------

--
-- Table structure for table `copymlostium`
--

CREATE TABLE IF NOT EXISTS `copymlostium` (
  `id` int(11) unsigned NOT NULL AUTO_INCREMENT,
  `title` varchar(191) COLLATE utf8mb4_unicode_ci DEFAULT NULL,
  `del` tinyint(1) unsigned DEFAULT NULL,
  PRIMARY KEY (`id`)
) ENGINE=InnoDB DEFAULT CHARSET=utf8mb4 COLLATE=utf8mb4_unicode_ci AUTO_INCREMENT=1 ;

-- --------------------------------------------------------

--
-- Table structure for table `copymrostium`
--

CREATE TABLE IF NOT EXISTS `copymrostium` (
  `id` int(11) unsigned NOT NULL AUTO_INCREMENT,
  `title` varchar(191) COLLATE utf8mb4_unicode_ci DEFAULT NULL,
  `del` tinyint(1) unsigned DEFAULT NULL,
  PRIMARY KEY (`id`)
) ENGINE=InnoDB DEFAULT CHARSET=utf8mb4 COLLATE=utf8mb4_unicode_ci AUTO_INCREMENT=1 ;

-- --------------------------------------------------------

--
-- Table structure for table `copyplace`
--

CREATE TABLE IF NOT EXISTS `copyplace` (
  `id` int(11) unsigned NOT NULL AUTO_INCREMENT,
  `title` varchar(191) COLLATE utf8mb4_unicode_ci DEFAULT NULL,
  `del` tinyint(1) unsigned DEFAULT NULL,
  PRIMARY KEY (`id`)
) ENGINE=InnoDB DEFAULT CHARSET=utf8mb4 COLLATE=utf8mb4_unicode_ci AUTO_INCREMENT=1 ;

-- --------------------------------------------------------

--
-- Table structure for table `copyrostium`
--

CREATE TABLE IF NOT EXISTS `copyrostium` (
  `id` int(11) unsigned NOT NULL AUTO_INCREMENT,
  `title` varchar(191) COLLATE utf8mb4_unicode_ci DEFAULT NULL,
  `del` tinyint(1) unsigned DEFAULT NULL,
  PRIMARY KEY (`id`)
) ENGINE=InnoDB DEFAULT CHARSET=utf8mb4 COLLATE=utf8mb4_unicode_ci AUTO_INCREMENT=1 ;

-- --------------------------------------------------------

--
-- Table structure for table `councilstaff`
--

CREATE TABLE IF NOT EXISTS `councilstaff` (
  `id` int(11) NOT NULL AUTO_INCREMENT,
  `userid` int(11) NOT NULL,
  `status` int(11) NOT NULL COMMENT '0  head  , 1  amin  ,  2  member',
  PRIMARY KEY (`id`)
) ENGINE=InnoDB DEFAULT CHARSET=latin1 AUTO_INCREMENT=1 ;

-- --------------------------------------------------------

--
-- Table structure for table `detections`
--

CREATE TABLE IF NOT EXISTS `detections` (
  `id` int(11) NOT NULL AUTO_INCREMENT,
  `title` varchar(100) COLLATE utf8mb4_unicode_ci NOT NULL,
  `detectionval` float NOT NULL,
  `del` int(11) unsigned DEFAULT NULL,
  PRIMARY KEY (`id`)
) ENGINE=InnoDB  DEFAULT CHARSET=utf8mb4 COLLATE=utf8mb4_unicode_ci ROW_FORMAT=COMPACT AUTO_INCREMENT=78 ;

--
-- Dumping data for table `detections`
--

INSERT INTO `detections` (`id`, `title`, `detectionval`, `del`) VALUES
(1, 'قسم 10', 0, 1),
(2, 'عيادة 8 موجات', 0, 1),
(3, 'قسم 9', 0, 1),
(4, 'قسم 15', 0, 1),
(5, 'قسم 18', 0, 1),
(6, 'كشك الولادة', 0, 1),
(7, 'قسم 10', 0, 1),
(8, 'حوامل ', 0, 1),
(9, ' قسم 10حوامل ', 0, 1),
(10, 'ت حمل بول', 30, 1),
(11, 'ت زلال بول', 40, 1),
(12, 'مستعجل', 150, 1),
(13, 'طوارئ', 200, 1),
(14, 'قيصرى', 5600, 1),
(15, 'قيصرى 2', 5100, 1),
(16, 'رباعى', 0, 1),
(17, 'كشÙ جديد', 100, 1),
(18, 'كشÙ جديد', 100, 1),
(19, 'كشÙ تيست', 200, 1),
(20, 'قسم جديد 1', 100, 1),
(21, 'قسم جديد 2', 200, 1),
(22, 'قسم جديد 3', 300, 1),
(23, '', 0, 1),
(24, 'كشÙ مؤقت', 100, 1),
(25, 'كشÙ مؤقت', 200, 1),
(26, 'لوب نحاسي 1', 650, 1),
(27, 'لوب مالتي لود 2', 700, 1),
(28, 'لوب Ùضي 3', 750, 1),
(29, 'لوب هرمونى 4', 1250, 1),
(30, 'محلول حديد', 180, 1),
(31, 'تخطيط جنيني', 150, 1),
(32, 'م عملية/بلاستر ', 0, 1),
(33, 'منشط/ميزوتاك', 0, 1),
(34, 'ت حمل دم', 60, 1),
(35, '4D مخÙض', 400, 1),
(36, '4D', 500, 1),
(37, 'م تبويض حقن', 150, 1),
(38, 'م تبويض', 100, 1),
(39, 'م تبويض 1', 100, 1),
(40, 'سونار مهبلي 3D', 250, 1),
(41, 'سونار مهبلي', 200, 1),
(42, 'إعادة', 50, 1),
(43, 'كشÙ مخÙض', 0, 1),
(44, 'كشÙ', 150, 1),
(45, '', 0, 1),
(46, '', 0, 1),
(47, '', 0, 1),
(48, 'محلول', 0, 1),
(49, 'اعادة', 70, 1),
(50, 'كشÙ أول', 150, 1),
(51, 'كشÙ أول', 150, 1),
(52, 'محلول حديد', 0, 1),
(53, '', 0, 1),
(54, '', 0, 1),
(55, 'كشÙ', 200, 1),
(56, 'اعادة', 100, 1),
(57, 'كشÙ بعيادة المنصورة', 450, 1),
(58, 'كشÙ', 100, 0),
(59, 'اعادة', 20, 0),
(60, 'كشÙ بعيادة المحلة', 350, 1),
(61, 'استشارة', 0, 0),
(62, 'كشÙ مجانى', 0, 0),
(63, 'تحويل كهرباء ', 0, 1),
(64, 'تحويل جامعه ', 30, 1),
(65, 'تحويل جامعه', 0, 0),
(66, 'استشارة اون لاين', 0, 0),
(67, '3466', 0, 1),
(68, 'كشÙ مستعجل عيادة المحلة ', 450, 1),
(69, 'كشÙ مستعجل', 200, 0),
(70, '', 0, 1),
(71, 'حقن', 0, 1),
(72, 'متابعة تردد حراري ', 50, 0),
(73, 'عرض اشعه', 0, 0),
(74, 'متابعه بالغردقة', 0, 1),
(75, 'كشÙ مخÙض', 0, 1),
(76, 'كشÙ مخÙض', 0, 0),
(77, 'عرض تقرير', 0, 0);

-- --------------------------------------------------------

--
-- Table structure for table `diagnosis`
--

CREATE TABLE IF NOT EXISTS `diagnosis` (
  `id` int(11) unsigned NOT NULL AUTO_INCREMENT,
  `name` varchar(191) COLLATE utf8mb4_unicode_ci DEFAULT NULL,
  `conditions` int(11) unsigned DEFAULT NULL,
  `title` varchar(191) COLLATE utf8mb4_unicode_ci DEFAULT NULL,
  `del` tinyint(1) unsigned DEFAULT NULL,
  PRIMARY KEY (`id`)
) ENGINE=InnoDB  DEFAULT CHARSET=utf8mb4 COLLATE=utf8mb4_unicode_ci ROW_FORMAT=COMPACT AUTO_INCREMENT=328 ;

--
-- Dumping data for table `diagnosis`
--

INSERT INTO `diagnosis` (`id`, `name`, `conditions`, `title`, `del`) VALUES
(1, NULL, NULL, 'N', NULL),
(2, NULL, NULL, 'PCOS', NULL),
(3, NULL, NULL, 'Hyper PRL', NULL),
(4, NULL, NULL, 'POI', NULL),
(5, NULL, NULL, 'AMA', NULL),
(6, NULL, NULL, 'DOR', NULL),
(7, NULL, NULL, 'PID (Hydrosalpnix)', NULL),
(8, NULL, NULL, 'PID (TOC)', NULL),
(9, NULL, NULL, 'tubal block (Rt)', NULL),
(10, NULL, NULL, 'Tubal Block (Lt)', NULL),
(11, NULL, NULL, 'suspected Endometriosis', NULL),
(12, NULL, NULL, 'Endometrioma', NULL),
(13, NULL, NULL, 'pelvic adhesions', NULL),
(14, NULL, NULL, 'ut septum', NULL),
(15, NULL, NULL, 'ut fibroid', NULL),
(16, NULL, NULL, 'ut polyp', NULL),
(17, NULL, NULL, 'ut synachiae', NULL),
(18, NULL, NULL, 'RIF', NULL),
(19, NULL, NULL, 'rec misc', NULL),
(20, NULL, NULL, 'subseptate ut', NULL),
(21, NULL, NULL, 'repeated implant failure', NULL),
(22, NULL, NULL, 'Disconnected rt f.t', NULL),
(23, NULL, NULL, 'prev failed ICSI', NULL),
(24, NULL, NULL, 'corrected arcuate', NULL),
(25, 'Bleeding', 0, NULL, NULL),
(26, 'Headeck', 0, NULL, NULL),
(27, 'T2DM', 0, NULL, NULL),
(28, 'isolated hypogonadotrophic hypogonadism', 0, NULL, NULL),
(29, 'Sub clinical hypothyroidism ', 0, NULL, NULL),
(30, 'postthyroidectomy hypothyroidism ', 0, NULL, NULL),
(31, 'DKD', 0, NULL, NULL),
(32, 'IHD with stent ', 0, NULL, NULL),
(33, 'HTN', 0, NULL, NULL),
(34, 'simple MNG', 0, NULL, NULL),
(35, 'd.neuropathy ', 0, NULL, NULL),
(36, 'PCO', 0, NULL, NULL),
(37, 'primary hyperthyroidism', 0, NULL, NULL),
(38, 'primary hypothyroidism ', 0, NULL, NULL),
(39, 'psychosomatic disorders', 0, NULL, NULL),
(40, 'depression ', 0, NULL, NULL),
(41, 'IBS-C', 0, NULL, NULL),
(42, 'simple obesity', 0, NULL, NULL),
(43, 'low body weight', 0, NULL, NULL),
(44, 'vascular dementia', 0, NULL, NULL),
(45, 'Dyslipidemia ', 0, NULL, NULL),
(46, 'IDA', 0, NULL, NULL),
(47, 'Dumping syndrome ', 0, NULL, NULL),
(48, 'Recurrent Hyperthyroidism After Lobectomy ', 0, NULL, NULL),
(49, 'Type 1 Diabetes ', 0, NULL, NULL),
(50, '?? Fibromyalgia ', 0, NULL, NULL),
(51, 'gastritis ', 0, NULL, NULL),
(52, 'CKD', 0, NULL, NULL),
(53, 'sensory Ataxia ', 0, NULL, NULL),
(54, 'Primary Infertility ', 0, NULL, NULL),
(55, 'cystitis ', 0, NULL, NULL),
(56, 'sec', 0, NULL, NULL),
(57, 'labile HTN', 0, NULL, NULL),
(58, 'ischemic CS', 0, NULL, NULL),
(59, 'Pituitary Microadenoma', 0, NULL, NULL),
(60, 'Hyperprolactinemia ', 0, NULL, NULL),
(61, 'Euthyroid Hyperthyroxinemia ', 0, NULL, NULL),
(62, 'Toxic MNG', 0, NULL, NULL),
(63, 'simple STN', 0, NULL, NULL),
(64, 'Hirsuitism for investigation', 0, NULL, NULL),
(65, 'postthyroidectomy hypothyroidism ', 0, NULL, NULL),
(66, 'postthyroidectomy hypoparathyroidism', 0, NULL, NULL),
(67, 'NPDR', 0, NULL, NULL),
(68, 'anxiety ', 0, NULL, NULL),
(69, 'Pregnant', 0, NULL, NULL),
(70, 'Hashimoto Hypothyroidism', 0, NULL, NULL),
(71, 'MNG', 0, NULL, NULL),
(72, 'primary Hypogonadism ', 0, NULL, NULL),
(73, 'Psychogenic Headache ', 0, NULL, NULL),
(74, 'Reactive Cervical LNitis ', 0, NULL, NULL),
(75, 'gERD', 0, NULL, NULL),
(76, 'Down Syndrome', 0, NULL, NULL),
(77, 'Osteoporosis ', 0, NULL, NULL),
(78, 'Hashimoto Hypothyroidism ', 0, NULL, NULL),
(79, 'IGT', 0, NULL, NULL),
(80, 'Metabolic Syndrome ', 0, NULL, NULL),
(81, 'NASH ', 0, NULL, NULL),
(82, 'Primary hyperthyroidism Vs Thyroiditis for FU', 0, NULL, NULL),
(83, 'PDR', 0, NULL, NULL),
(84, 'SCH with pregnancy', 0, NULL, NULL),
(85, 'Compensated Cirrhosis  ', 0, NULL, NULL),
(86, 'Decompensated Cirrhosis ', 0, NULL, NULL),
(87, 'Graves Disease ', 0, NULL, NULL),
(88, 'HFpEF', 0, NULL, NULL),
(89, 'subclinical Hyperthyroidism ', 0, NULL, NULL),
(90, 'Migraine Headache ', 0, NULL, NULL),
(91, 'Gout ', 0, NULL, NULL),
(92, 'Insomnia ', 0, NULL, NULL),
(93, 'IBS-C', 0, NULL, NULL),
(94, 'GTT', 0, NULL, NULL),
(95, 'LADA ', 0, NULL, NULL),
(96, 'T2D vs LADA ', 0, NULL, NULL),
(97, 'short Stature for investigation ', 0, NULL, NULL),
(98, 'Delayed Puberty for investigation ', 0, NULL, NULL),
(99, 'Micro pTC', 0, NULL, NULL),
(100, 'Risk of falls ', 0, NULL, NULL),
(101, 'Venous Insufficiency ', 0, NULL, NULL),
(102, 'BA', 0, NULL, NULL),
(103, 'Secondary Infertility ', 0, NULL, NULL),
(104, 'CABG', 0, NULL, NULL),
(105, 'MVP', 0, NULL, NULL),
(106, 'Knee oA', 0, NULL, NULL),
(107, 'Secondary hyperparathyroidism d.t. vit D Deficiency ', 0, NULL, NULL),
(108, 'Constitutional Delayed Puberty ', 0, NULL, NULL),
(109, 'IHD', 0, NULL, NULL),
(110, 'Goiter for Investigation ', 0, NULL, NULL),
(111, 'Vitamin d Deficiency ', 0, NULL, NULL),
(112, 'Chronic AF', 0, NULL, NULL),
(113, 'Hip OA ', 0, NULL, NULL),
(114, 'CKD on HD', 0, NULL, NULL),
(115, '2ry Hyperparathyroidism', 0, NULL, NULL),
(116, 'Mosaic Turner ', 0, NULL, NULL),
(117, 'Panic Attack', 0, NULL, NULL),
(118, 'IBS', 0, NULL, NULL),
(119, 'elephantiasis ', 0, NULL, NULL),
(120, 'pAD', 0, NULL, NULL),
(121, 'Double DM', 0, NULL, NULL),
(122, 'congenital Hypothyroidism ', 0, NULL, NULL),
(123, 'Pituitary Macroadenoma ', 0, NULL, NULL),
(124, 'Bronchitis ', 0, NULL, NULL),
(125, 'PTC', 0, NULL, NULL),
(126, 'Hyperuricemia ', 0, NULL, NULL),
(127, 'rheumatoid Arthritis ', 0, NULL, NULL),
(128, 'Ankylosing Spondylitis ', 0, NULL, NULL),
(129, 'Dysentery ', 0, NULL, NULL),
(130, 'Frailty ', 0, NULL, NULL),
(131, 'epilepsy ', 0, NULL, NULL),
(132, 'TIA', 0, NULL, NULL),
(133, 'Lactating ', 0, NULL, NULL),
(134, 'Corpulmonale ', 0, NULL, NULL),
(135, 'OSA', 0, NULL, NULL),
(136, 'Angina Equivalent for FU ', 0, NULL, NULL),
(137, 'Anemia of chronic illness ', 0, NULL, NULL),
(138, 'Subacute Thyroiditis ', 0, NULL, NULL),
(139, 'TAH +BSO', 0, NULL, NULL),
(140, 'cHRONIC pANCREATITIS ', 0, NULL, NULL),
(141, '2ry Diabetes ', 0, NULL, NULL),
(142, 'urge Incontinence ', 0, NULL, NULL),
(143, 'adrenal Incidentaloma for investigation ', 0, NULL, NULL),
(144, 'Pruritis  for investigation ', 0, NULL, NULL),
(145, 'AD ', 0, NULL, NULL),
(146, 'Diabetes Insipidus ?? ', 0, NULL, NULL),
(147, 'secondary amenorrhea for inestigation ', 0, NULL, NULL),
(148, '2ry amenorrhea for investigation ', 0, NULL, NULL),
(149, 'Lumber spondylosis ', 0, NULL, NULL),
(150, 'parkinsonism ', 0, NULL, NULL),
(151, 'Iatrogenic ', 0, NULL, NULL),
(152, 'chronic Gout ', 0, NULL, NULL),
(153, 'Reactive Hypoglycemia ', 0, NULL, NULL),
(154, 'sheehan'' syndrome ', 0, NULL, NULL),
(155, 'acute charcot ??', 0, NULL, NULL),
(156, 'cardiac neurosis ', 0, NULL, NULL),
(157, 'COVID', 0, NULL, NULL),
(158, 'Addison''s Disease ', 0, NULL, NULL),
(159, 'corpulmonale ', 0, NULL, NULL),
(160, 'cervical spondylosis ', 0, NULL, NULL),
(161, 'GTT versus primary hyperthyoidism ', 0, NULL, NULL),
(162, 'Idiopathic gynecomastia ', 0, NULL, NULL),
(163, 'Sialadentitis ', 0, NULL, NULL),
(164, 'Thallesemia ', 0, NULL, NULL),
(165, 'Hypoparathyroidism ', 0, NULL, NULL),
(166, 'Ulcerative Colitis ', 0, NULL, NULL),
(167, 'TAO', 0, NULL, NULL),
(168, 'MCI ', 0, NULL, NULL),
(169, 'Labrynthitis ', 0, NULL, NULL),
(170, 'familial short stature ', 0, NULL, NULL),
(171, 'Craniopharyngioma ', 0, NULL, NULL),
(172, 'Hypopiututarism ', 0, NULL, NULL),
(173, 'cellutlitis ', 0, NULL, NULL),
(174, 'Tension Headache ', 0, NULL, NULL),
(175, 'fibroadenosis ', 0, NULL, NULL),
(176, 'premature ovarian failure ', 0, NULL, NULL),
(177, 'paroxysmal AF ', 0, NULL, NULL),
(178, 'Bilrhaziasis >>> Portal HTN', 0, NULL, NULL),
(179, 'glucoma ', 0, NULL, NULL),
(180, 'juvenile Hypothyroidism  ', 0, NULL, NULL),
(181, 'Gestational Diabetes ', 0, NULL, NULL),
(182, 'cerebral Hge ', 0, NULL, NULL),
(183, 'pM syndrome', 0, NULL, NULL),
(184, 'lymphadenopathy for investigation ', 0, NULL, NULL),
(185, 'hashimoto disease ', 0, NULL, NULL),
(186, 'pre', 0, NULL, NULL),
(187, 'Lobectomy ', 0, NULL, NULL),
(188, 'sciatica ', 0, NULL, NULL),
(189, 'FMF', 0, NULL, NULL),
(190, 'ankylosing spondylitis ', 0, NULL, NULL),
(191, 'BPH', 0, NULL, NULL),
(192, 'Post-Hypophysectomy hypopit.', 0, NULL, NULL),
(193, 'IPF', 0, NULL, NULL),
(194, 'acromegaly ', 0, NULL, NULL),
(195, 'loss of weight for investigation ', 0, NULL, NULL),
(196, 'GHD', 0, NULL, NULL),
(197, 'COPD', 0, NULL, NULL),
(198, 'primary Amenorhea for investigation', 0, NULL, NULL),
(199, 'chronic Charcot ', 0, NULL, NULL),
(200, 'Improved AKI ', 0, NULL, NULL),
(201, 'chronic pyelonephritis ', 0, NULL, NULL),
(202, 'post-thyroidectomy ', 0, NULL, NULL),
(203, 'AKI', 0, NULL, NULL),
(204, 'adrenal mass for investigation', 0, NULL, NULL),
(205, 'CP', 0, NULL, NULL),
(206, 'Diabetic triopathy ', 0, NULL, NULL),
(207, 'familial hypertriglyceridemia ', 0, NULL, NULL),
(208, 'Hypercalcemia for investigations ', 0, NULL, NULL),
(209, 'Fahr''s syndrome ', 0, NULL, NULL),
(210, 'Myotonia', 0, NULL, NULL),
(211, 'perimenstrual syndrome ', 0, NULL, NULL),
(212, 'primary Hyperparathyroidism ', 0, NULL, NULL),
(213, 'GDM', 0, NULL, NULL),
(214, 'GB stones ', 0, NULL, NULL),
(215, 'Generalized lymphadenopathy for Investigation', 0, NULL, NULL),
(216, 'NHL', 0, NULL, NULL),
(217, 'restless leg syndrome ? ', 0, NULL, NULL),
(218, 'Sjogren syndrome ', 0, NULL, NULL),
(219, 'ACEI induced cough ', 0, NULL, NULL),
(220, 'Non Eruptive HZ ??', 0, NULL, NULL),
(221, 'Toxic Adenoma ', 0, NULL, NULL),
(222, 'MS', 0, NULL, NULL),
(223, 'anemia for investigation', 0, NULL, NULL),
(224, '2ry hyperparathyroidism', 0, NULL, NULL),
(225, 'HFrEF', 0, NULL, NULL),
(226, '6th Nerve palsy ', 0, NULL, NULL),
(227, 'Bipolar depression', 0, NULL, NULL),
(228, 'secondary diabetes ', 0, NULL, NULL),
(229, 'Crohn''s disease ', 0, NULL, NULL),
(230, 'CRA thrombosis ', 0, NULL, NULL),
(231, 'IBD', 0, NULL, NULL),
(232, 'Post COVID syndrome', 0, NULL, NULL),
(233, 'statin intolerance ', 0, NULL, NULL),
(234, 'CAH', 0, NULL, NULL),
(235, 'Empty Sella ', 0, NULL, NULL),
(236, 'AVR', 0, NULL, NULL),
(237, 'sciatica ', 0, NULL, NULL),
(238, 'Acute Gouty arthritis ', 0, NULL, NULL),
(239, 'secondary hyperprolactinemia ', 0, NULL, NULL),
(240, 'stress Induced DM ', 0, NULL, NULL),
(241, 'central Hypogonadism ', 0, NULL, NULL),
(242, 'Pharyngitis ', 0, NULL, NULL),
(243, 'familial dyslipidemia ', 0, NULL, NULL),
(244, 'parotitis ', 0, NULL, NULL),
(245, 'B Portal HTN', 0, NULL, NULL),
(246, 'H.Pylori Gastritis ', 0, NULL, NULL),
(247, 'STN ', 0, NULL, NULL),
(248, 'plantar fasciitis ', 0, NULL, NULL),
(249, 'asymptomatic hyperuricemia', 0, NULL, NULL),
(250, 'MVR', 0, NULL, NULL),
(251, 'Idiopathic gynecomastia ', 0, NULL, NULL),
(252, 'Idiopathic hIRSUITI', 0, NULL, NULL),
(253, 'recurrent hyperthyroidism after thyroidectomy ', 0, NULL, NULL),
(254, 'cervical Lymphadenpathy for investigation ', 0, NULL, NULL),
(255, 'CTS', 0, NULL, NULL),
(256, 'infective colitis ', 0, NULL, NULL),
(257, 'CAO ', 0, NULL, NULL),
(258, 'cancer prostate ', 0, NULL, NULL),
(259, 'drug induced hepatitis ', 0, NULL, NULL),
(260, 'SLE', 0, NULL, NULL),
(261, 'Hunter Syndrome ', 0, NULL, NULL),
(262, 'Craniopharyngioma ', 0, NULL, NULL),
(263, 'trigeminal Neuralgia ', 0, NULL, NULL),
(264, 'ketosis prone DM versus T1D ', 0, NULL, NULL),
(265, 'Drug induced Hyperprolactinemia ', 0, NULL, NULL),
(266, 'achondroplasia ', 0, NULL, NULL),
(267, 'primary polydepsia ', 0, NULL, NULL),
(268, 'Frozen Shoulder ', 0, NULL, NULL),
(269, 'Bell''s Palsy ', 0, NULL, NULL),
(270, 'Iatrogenic Cushing', 0, NULL, NULL),
(271, 'idiopathic Hirsuitism ', 0, NULL, NULL),
(272, 'Hypoglycemic unawareness ', 0, NULL, NULL),
(273, 'thyrotoxic HF ', 0, NULL, NULL),
(274, 'steroid Induced Diabetes ', 0, NULL, NULL),
(275, 'hCC', 0, NULL, NULL),
(276, 'MI', 0, NULL, NULL),
(277, 'Cushing''s Disease ', 0, NULL, NULL),
(278, 'Friedreich''s Ataxia', 0, NULL, NULL),
(279, 'osteopenia', 0, NULL, NULL),
(280, 'Thallassemia Trait', 0, NULL, NULL),
(281, 'MI', 0, NULL, NULL),
(282, 'metformin Intolerance', 0, NULL, NULL),
(283, 'Hgic CS', 0, NULL, NULL),
(284, 'Tertiary Hyperparathyroidism', 0, NULL, NULL),
(285, 'Mediastinal syndrome ?? ', 0, NULL, NULL),
(286, 'Post RAI Hypothyroidism ', 0, NULL, NULL),
(287, 'Chronic ITP ', 0, NULL, NULL),
(288, 'raynaud''s phenomenon ', 0, NULL, NULL),
(289, 'PUO for Investigations ', 0, NULL, NULL),
(290, 'OCD', 0, NULL, NULL),
(291, 'empty sella turcica', 0, NULL, NULL),
(292, 'primary Amenorhea for investigation', 0, NULL, NULL),
(293, 'meningioma', 0, NULL, NULL),
(294, 'primary hypoparathyroidism', 0, NULL, NULL),
(295, 'honey moon phase', 0, NULL, NULL),
(296, 'postpartum thyroiditis', 0, NULL, NULL),
(297, 'panhypopituitarism', 0, NULL, NULL),
(298, 'pheochromocytoma ', 0, NULL, NULL),
(299, 'stable Angina ', 0, NULL, NULL),
(300, 'autism', 0, NULL, NULL),
(301, 'whipple Operation ', 0, NULL, NULL),
(302, 'subacute pancreatitis ', 0, NULL, NULL),
(303, 'bilateral Adrenalectomy', 0, NULL, NULL),
(304, 'ketosis prone T2D', 0, NULL, NULL),
(305, 'Fibroadenoma in Breast', 0, NULL, NULL),
(306, 'central preco', 0, NULL, NULL),
(307, 'central precocious puberty', 0, NULL, NULL),
(308, 'hiatus hernia', 0, NULL, NULL),
(309, 'CLL', 0, NULL, NULL),
(310, 'allergic rhinitis ', 0, NULL, NULL),
(311, 'congenital bronchiactesis ', 0, NULL, NULL),
(312, 'carcinoid syndrome ', 0, NULL, NULL),
(313, 'white coat hTN', 0, NULL, NULL),
(314, 'autoimmune hepatitis ', 0, NULL, NULL),
(315, 'follicular thyroid carcinoma ', 0, NULL, NULL),
(316, 'MM', 0, NULL, NULL),
(317, 'thyroglossal cyst ', 0, NULL, NULL),
(318, 'HZ', 0, NULL, NULL),
(319, 'C', 0, NULL, NULL),
(320, 'Cholestatic hepatitis ', 0, NULL, NULL),
(321, 'secondary polycythemia ', 0, NULL, NULL),
(322, 'HOCM', 0, NULL, NULL),
(323, 'medullary thyroid carcinoma ', 0, NULL, NULL),
(324, 'T3 thyrotoxicosis', 0, NULL, NULL),
(325, 'occulomotor palsy', 0, NULL, NULL),
(326, 'Vs', 0, NULL, NULL),
(327, 'MAFLD', 0, NULL, NULL);

-- --------------------------------------------------------

--
-- Table structure for table `diagnosisant`
--

CREATE TABLE IF NOT EXISTS `diagnosisant` (
  `id` int(11) unsigned NOT NULL AUTO_INCREMENT,
  `name` varchar(191) COLLATE utf8mb4_unicode_ci DEFAULT NULL,
  `conditions` int(11) unsigned DEFAULT NULL,
  PRIMARY KEY (`id`)
) ENGINE=InnoDB DEFAULT CHARSET=utf8mb4 COLLATE=utf8mb4_unicode_ci ROW_FORMAT=COMPACT AUTO_INCREMENT=1 ;

-- --------------------------------------------------------

--
-- Table structure for table `drugs`
--

CREATE TABLE IF NOT EXISTS `drugs` (
  `id` int(11) NOT NULL AUTO_INCREMENT,
  `drugcat` varchar(255) COLLATE utf8mb4_unicode_ci DEFAULT NULL,
  `drugname` varchar(230) COLLATE utf8mb4_unicode_ci NOT NULL,
  `drugtype` varchar(100) COLLATE utf8mb4_unicode_ci NOT NULL,
  `drugdos` varchar(255) COLLATE utf8mb4_unicode_ci DEFAULT NULL,
  `initialbalance` int(11) DEFAULT '0',
  `currentbalance` int(11) DEFAULT '0',
  PRIMARY KEY (`id`)
) ENGINE=InnoDB  DEFAULT CHARSET=utf8mb4 COLLATE=utf8mb4_unicode_ci ROW_FORMAT=COMPACT AUTO_INCREMENT=564 ;

--
-- Dumping data for table `drugs`
--

INSERT INTO `drugs` (`id`, `drugcat`, `drugname`, `drugtype`, `drugdos`, `initialbalance`, `currentbalance`) VALUES
(4, 'thyroid', 'Euthyrox 50 ug ', 'tab ', 'قرص ونص قبل الÙطار بساعة يوميا ', 0, 0),
(5, 'calcium ', 'one alpha 0.5ug', 'tab', 'قرص بعد العشاء', 0, 0),
(6, 'thyroid', 'eltroxin 100 ug ', 'tab', 'قرص قبل الÙطار بساعة يويما والجمعة 2 قرص ', 0, 0),
(7, 'GIT', 'amipiride 50 ', 'tab', ' قرص بعد العشاء لمدة شهر', 0, 0),
(8, 'thyroid', 'Euthyrox 100ug', 'tab', 'قرص قبل الÙطار بساعة يوميا ', 0, 0),
(9, 'thyroid', 'Euthyrox 25ug', 'tab', 'قرص قبل الÙطار بساعة يوميا', 0, 0),
(10, 'thyroid', 'eltroxin 50ug', 'tab', 'قرص قبل الÙطار بساعة يوميا', 0, 0),
(11, 'thyroid', 'Thyrocil 50mg', 'tab', 'قرص بعد الÙطار والعشاء يوميا', 0, 0),
(12, 'thyroid', 'Carbimazole 5mg', 'tab', 'قرصين بعد الاكل 3 مرات ', 0, 0),
(13, 'thyroid', 'Neomercazole 5mg', 'tab', 'قرصين بعد الاكل 3 مرات', 0, 0),
(14, 'calcium', 'one alpha 0.25ug', 'tab', '  قرص بعد العشاء يوميا', 0, 0),
(15, 'calcium', 'one alpha 1ug', 'tab', '  قرص بعد العشاء يوميا', 0, 0),
(16, 'calcium', 'calmag', 'tab', 'قرص بعد الغذاء والعشاء يوميا ', 0, 0),
(17, 'calcium', 'calpreg', 'tab', 'قرص بعد الغذاء والعشاء يوميا', 0, 0),
(18, 'calcium', 'bone care 0.25ug', 'tab', 'قرص بعد العشاء', 0, 0),
(19, 'calcium', 'bone care 0.5ug', 'tab', '  قرص بعد العشاء يوميا', 0, 0),
(20, 'calcium', 'bone care 1ug', 'tab', '  قرص بعد العشاء يوميا', 0, 0),
(21, 'calcium', 'vidrop', 'oral drops', 'زجاجة كاملة بعد العشاء مرة كل اسبوع لمدة 10 اسابيع ', 0, 0),
(22, 'calcium', 'devarol-s 200.000 IU', 'amp', 'حقنة عضل كل اسبوع لمدة 3 اسابيع ثم تكرر حقنة عضل كل 3 شهور ', 0, 0),
(23, 'GIT', 'nexicure 40 ', 'tab', 'قرص قبل الÙطار بنص ساعة لمدة 6 اسابيع ', 0, 0),
(24, 'GIT', 'rabykyrl 20mg', 'tab', 'قرص قبل الÙطار بنص ساعة لمدة 6 اسابيع', 0, 0),
(25, 'GIT', 'nexium 40mg', 'tab', 'قرص قبل الÙطار بنص ساعة لمدة 6 اسابيع', 0, 0),
(26, 'GIT', 'pariet 20mg', 'tab', 'قرص قبل الÙطار بنص ساعة لمدة 6 اسابيع', 0, 0),
(27, 'GIT', 'controloc 40mg', 'tab', 'قرص قبل الÙطار بنص ساعة لمدة 6 اسابيع', 0, 0),
(28, 'GIT', 'amebazole ', 'tab', 'قرصين بعد الÙطار لمدة 3 ايام ', 0, 0),
(29, 'GIT', 'gastrobiotic 550mg', 'tab', 'قرص بعد الÙطار والعشاء لمدة خمس ايام ', 0, 0),
(30, 'GIT', 'idibact 550mg', 'tab', 'قرص بعد الÙطار والعشاء لمدة خمس ايام', 0, 0),
(31, 'GIT', 'dogmatil fort ', 'tab', 'قرص قبل الÙطار بنص ساعة لمدة 6 اسابيع', 0, 0),
(32, 'GIT', 'spasmomen', 'tab', 'قرص قبل الاكل بنص ساعة 3 مرات يوميا ', 0, 0),
(33, 'GIT', 'cloxide ', 'cap', 'كبسولة بعد العشاء يوميا ', 0, 0),
(34, 'GIT', 'gaviscon ', 'susp', 'لمدة اسبوع ملعقتين كبيرة بعد الاكل 3 مرات ', 0, 0),
(35, 'calcium', 'moduretic', 'tab', 'نص قرص بعد الÙطار يوميا ', 0, 0),
(36, 'calcium', 'forteo', 'pen', 'حقنة تحت الجلد كل 12 ساعة يوميا ', 0, 0),
(37, 'calcium', 'calcitron ', 'cap', 'كبسولة بعد العشاء يوميا', 0, 0),
(38, 'tonics ', 'prolance', 'sachets', 'كيس مع كوب لبن بعد الغذاء يوميا ', 0, 0),
(39, 'tonics', 'ferrotron ', 'cap', 'كبسولة بعد الغذاء يوميا ', 0, 0),
(40, 'tonics', 'ferroglobin ', 'cap', 'كبسولة بعد الغذاء يوميا', 0, 0),
(41, 'tonics', 'theragran -h ', 'tab', 'قرص بعد الغذاء يوميا ', 0, 0),
(42, 'tonics', 'digest ezz', 'cap', 'كبسولة بعد الÙطار والعشاء يوميا ', 0, 0),
(43, 'tonics', 'diginorm ', 'tab', 'قرص بعد الÙطار والعشاء يوميا ', 0, 0),
(44, 'tonics', 'ensure', 'powder', 'ستة مكيال على كوب لبن او ماء بعد الÙطار يوميا ', 0, 0),
(45, 'tonics', 'elbavit with iron ', 'syrp ', 'ملقعقة كبيرة بعد الÙطار والعشاء يوميا ', 0, 0),
(46, 'tonics', 'cod liver oil ', 'syrp', 'ملقعقة كبيرة بعد الÙطار والعشاء يوميا', 0, 0),
(47, 'tonics', 'cervitam', 'cap', 'كبسولة بعد الÙطار والعشاء يوميا', 0, 0),
(48, 'tonics', 'verserc 24mg', 'tab', 'قرص بعد الÙطار والعشاء يوميا', 0, 0),
(49, 'tonics', 'royal vit g', 'cap', 'كبسولة بعد الÙطار يوميا', 0, 0),
(50, 'tonics', 'arcalion forte', 'tab', 'قرص بعد الغذاء يوميا', 0, 0),
(51, 'tonics', 'carnivita forte', 'cap', 'كبسولة بعد الÙطار والعشاء يوميا', 0, 0),
(52, 'tonics', 'antox', 'tab', 'قرص بعد الغذاء يوميا', 0, 0),
(53, 'tonics', 'octatron', 'cap', 'كبسولة بعد الÙطار يوميا', 0, 0),
(54, 'obesity', 'saxenda ', 'flextouch', '0.6 وحدة تحت الجلد يوميا لمدة اسبوع ثم  <br> 1.2 وحدة تحت الجلد يوميا لمدة اسبوع ثم <br> 1.8 وحدة تحت الجلد يوميا ', 0, 0),
(55, 'obesity', 'regimax ', 'cap', 'كبسولة بعد الغذاء يوميا', 0, 0),
(56, 'obesity', 'orlistat ', 'cap', 'كبسولة بعد الغذاء يوميا', 0, 0),
(57, 'obesity', 'chromatron ', 'cap', 'كبسولة بعد الغذاء يوميا', 0, 0),
(58, 'obesity', 'vivan ', 'sachets', 'كيس مع كوبين ماء قبل الغذاء بساعة يوميا ', 0, 0),
(59, 'lipid', 'crestor 5', 'tab', 'قرص بعد العشاء', 0, 0),
(60, 'lipid', 'crestor 10', 'tab', 'قرص بعد العشاء', 0, 0),
(61, 'lipid', 'crestor 20', 'tab', 'قرص بعد العشاء', 0, 0),
(62, 'lipid', 'rositor 10mg', 'tab', 'قرص بعد العشاء', 0, 0),
(63, 'lipid', 'rositor 20mg', 'tab', 'قرص بعد العشاء', 0, 0),
(64, 'lipid', 'zyrovazet 10/10', 'tab', 'قرص بعد العشاء', 0, 0),
(65, 'lipid', 'zyrovazet 10/20', 'tab', 'قرص بعد العشاء', 0, 0),
(66, 'lipid', 'lipanthyl supra', 'tab', 'قرص بعد العشاء', 0, 0),
(67, 'lipid', 'exeedolip', 'cap', 'كبسولتين قبل الÙطار والعشاء بنص ساعة يوميا ', 0, 0),
(68, 'CNC', 'duloxprine 30 ', 'cap', 'كبسولة بعد العشاء يوميا', 0, 0),
(69, 'ORAL DIABETES', 'aVEROPHAGE 15/850', 'tab', '  قرص بعد العشاء يوميا', 0, 0),
(70, 'ORAL DIABETES', 'GLUCOPHAGE 1GM', 'tab', 'قرص بعد الغذاء يوميا', 0, 0),
(71, 'INSULIN', 'MIXTARD 30', 'VIAL ', '--', 0, 0),
(72, 'INSULIN', 'ACTRAPID ', 'VIAL', '--', 0, 0),
(73, 'GONADS', 'Cyclopregenova ', 'tab', 'قرص بعد العشاء لمدة 21 يوم وراحة 7 ايام ويكرر', 0, 0),
(74, 'CNC', 'ciprapro 10 ', 'tab', 'قرص بعد العشاء', 0, 0),
(75, 'CNC', 'camepam 1.5 ', 'tab', 'قرص بعد العشاء', 0, 0),
(76, 'CNC', 'mertimash 30 ', 'tab', 'نص قرص بعد العشاء يوميا ', 0, 0),
(77, 'GIT', 'constapride 2mg', 'tab', '  قرص بعد العشاء يوميا', 0, 0),
(78, 'ORAL DIABETES', 'zanoglide 2/30 ', 'tab', 'قرص قبل الÙطار يوميا', 0, 0),
(79, 'ORAL DIABETES', 'gliptus plus 50/850 ', 'tab', 'قرص بعد الغذاء والعشاء يوميا', 0, 0),
(80, 'ORAL DIABETES', 'Januvia 50mg', 'tab', '', 0, 0),
(81, 'ORAL DIABETES', 'Januvia 100mg ', 'tab', '', 0, 0),
(82, 'ORAL DIABETES', 'Januvia 100mg ', 'tab', '', 0, 0),
(83, 'HTN', 'capoten 50mg', 'tab', '', 0, 0),
(84, 'ORAL DIABETES', 'Janumet 50/1000 ', 'tab', '', 0, 0),
(85, 'ORAL DIABETES', 'Janumet 50/500 ', 'tab', '', 0, 0),
(86, 'ORAL DIABETES', 'Janumet 50/850 ', 'tab', '', 0, 0),
(87, 'ORAL DIABETES', 'Galvus 50', 'tab', '', 0, 0),
(88, 'ORAL DIABETES', 'Galvus-met 50/500 ', 'tab', '', 0, 0),
(89, 'ORAL DIABETES', 'Galvus-met 50/1000 ', 'tab', '', 0, 0),
(90, 'ORAL DIABETES', 'Galvus-met 50/850 ', 'tab', '', 0, 0),
(91, 'ORAL DIABETES', 'Gliptus 50 ', 'tab', '', 0, 0),
(92, 'ORAL DIABETES', 'Gliptus plus 50/850 ', 'tab', '', 0, 0),
(93, 'ORAL DIABETES', 'Gliptus plus 50/1000 ', 'tab', '', 0, 0),
(94, 'ORAL DIABETES', 'Inhiglip 25 ', 'tab', '', 0, 0),
(95, 'ORAL DIABETES', 'Inhibamet 12.5/1000 ', 'tab', '', 0, 0),
(96, 'ORAL DIABETES', 'Inhibamet 12.5/500 ', 'tab', '', 0, 0),
(97, 'ORAL DIABETES', 'Prandaglim plus 25/15 ', 'tab', '', 0, 0),
(98, 'ORAL DIABETES', 'Prandaglim plus 25/30', 'tab', '', 0, 0),
(99, 'ORAL DIABETES', 'Diamicron 60 MR', 'tab', '', 0, 0),
(100, 'ORAL DIABETES', 'Diamicron 30 MR ', 'tab', '', 0, 0),
(101, 'ORAL DIABETES', 'Dolcyl 1 mg ', 'tab', '', 0, 0),
(102, 'ORAL DIABETES', 'Dolcyl 2 mg ', 'tab', '', 0, 0),
(103, 'ORAL DIABETES', 'Dolcyl 3 mg ', 'tab', '', 0, 0),
(104, 'ORAL DIABETES', 'Dolcyl 4 mg ', 'tab', '', 0, 0),
(105, 'ORAL DIABETES', 'Dolcyl 6 mg ', 'tab', '', 0, 0),
(106, 'ORAL DIABETES', 'Amaryl 1 mg', 'tab', '', 0, 0),
(107, 'ORAL DIABETES', 'Amaryl 2 mg ', 'tab', '', 0, 0),
(108, 'ORAL DIABETES', 'Amaryl 2-M  ', 'tab', '', 0, 0),
(109, 'ORAL DIABETES', 'Amaryl 3 mg ', 'tab', '', 0, 0),
(110, 'ORAL DIABETES', 'Amaryl 4 mg ', 'tab', '', 0, 0),
(111, 'ORAL DIABETES', 'Glaryl 1 mg ', 'tab', '', 0, 0),
(112, 'ORAL DIABETES', 'Glaryl 2 mg ', 'tab', '', 0, 0),
(113, 'ORAL DIABETES', 'Glaryl 3 mg ', 'tab', '', 0, 0),
(114, 'ORAL DIABETES', 'Glaryl 4 mg ', 'tab', '', 0, 0),
(115, 'ORAL DIABETES', 'Trajenta 5 mg ', 'tab', '', 0, 0),
(116, 'ORAL DIABETES', 'Forxiga 10 mg ', 'tab', '', 0, 0),
(117, 'ORAL DIABETES', 'Jardiance 10  mg ', 'tab', '', 0, 0),
(118, 'ORAL DIABETES', 'Jardiance 25mg', 'tab', '', 0, 0),
(119, 'ORAL DIABETES', 'Synjardy 12.5/1000 ', 'tab', '', 0, 0),
(120, 'ORAL DIABETES', 'Xigduo 5/1000 ', 'tab', '', 0, 0),
(121, 'ORAL DIABETES', 'Empacoza 10 mg ', 'tab', '', 0, 0),
(122, 'ORAL DIABETES', 'Empacoza 25 mg', 'tab', '', 0, 0),
(123, 'ORAL DIABETES', 'Mellitofix- Met 12.5/1000 mg ', 'tab', '', 0, 0),
(124, 'ORAL DIABETES', 'Mellitofix- Met 12.5/500 mg ', 'tab', '', 0, 0),
(125, 'ORAL DIABETES', 'Mellitofix 10 mg ', 'tab', '', 0, 0),
(126, 'ORAL DIABETES', 'Mellitofix 25 mg ', 'tab', '', 0, 0),
(127, 'ORAL DIABETES', 'Diaflozimet 10/1000 XR ', 'tab', '', 0, 0),
(128, 'ORAL DIABETES', 'Glucophage 500mg ', 'tab', '', 0, 0),
(129, 'ORAL DIABETES', 'Glucophage 1000mg ', 'tab', '', 0, 0),
(130, 'ORAL DIABETES', 'Glucophage 1000mg XR ', 'tab', '', 0, 0),
(131, 'ORAL DIABETES', 'Glucolight 1000 mg XR ', 'tab', '', 0, 0),
(132, 'ORAL DIABETES', 'Maxophage 1000 mg XR ', 'tab', '', 0, 0),
(133, 'ORAL DIABETES', 'Cidophage 500 mg ', 'tab', '', 0, 0),
(134, 'ORAL DIABETES', 'Cidophage 850 mg ', 'tab', '', 0, 0),
(135, 'ORAL DIABETES', 'Cidophage 1000 mg ', 'tab', '', 0, 0),
(136, 'ORAL DIABETES', 'Averophage 15/500 mg ', 'tab', '', 0, 0),
(137, 'ORAL DIABETES', 'Pioglimet 15/850 mg ', 'tab', '', 0, 0),
(138, 'ORAL DIABETES', 'Bioglita Plus 15/580 mg', 'tab', '', 0, 0),
(139, 'ORAL DIABETES', 'Zanoglide 4/30 mg ', 'tab', '', 0, 0),
(140, 'ORAL DIABETES', 'Zanoglide 2/30 mg ', 'tab', '', 0, 0),
(141, 'ORAL DIABETES', 'Glimepiride Plus 4/30 ', 'tab', '', 0, 0),
(142, 'ORAL DIABETES', 'Diabetonorm 45 mg ', 'tab', '', 0, 0),
(143, 'ORAL DIABETES', 'Actos 15 mg ', 'tab', '', 0, 0),
(144, 'ORAL DIABETES', 'Actos 30 mg ', 'tab', '', 0, 0),
(145, 'INSULIN', 'ACTRAPID', 'VIAL', '', 0, 0),
(146, 'INSULIN', 'Insulatard', 'VIAL', '', 0, 0),
(147, 'INSULIN', 'Mixtard 30/70', 'penfill', '', 0, 0),
(148, 'INSULIN', 'Actrapid ', 'penfill', '', 0, 0),
(149, 'INSULIN', 'Insulatard', 'penfill', '', 0, 0),
(150, 'INSULIN', 'Humulin 30/70 ', 'penfill', '', 0, 0),
(151, 'INSULIN', 'Humulin R', 'penfill', '', 0, 0),
(152, 'INSULIN', 'Humulin N', 'penfill', '', 0, 0),
(153, 'INSULIN', 'Insulinagypt 30/70 ', 'VIAL', '', 0, 0),
(154, 'INSULIN', 'Insulinagypt R', 'VIAL', '', 0, 0),
(155, 'INSULIN', 'Insulinagypt N', 'VIAL', '', 0, 0),
(156, 'INSULIN', 'Novorapid ', 'flexpen ', '', 0, 0),
(157, 'INSULIN', 'Apidra', 'Solostar', '', 0, 0),
(158, 'INSULIN', 'Humalog 100IU ', 'penfill', '', 0, 0),
(159, 'INSULIN', 'Humalog 200 IU ', 'penfill', '', 0, 0),
(160, 'INSULIN', 'Ryzodeg', 'flextouch', '', 0, 0),
(161, 'INSULIN', 'Tresiba', 'flextouch', '', 0, 0),
(162, 'INSULIN', 'Lantus', 'Solostar', '', 0, 0),
(163, 'INSULIN', 'Toujeo', 'Solostar', '', 0, 0),
(164, 'INSULIN', 'Novomix 30 ', 'flexpen', '', 0, 0),
(165, 'INSULIN', 'Novomix 50 ', 'flexpen', '', 0, 0),
(166, 'INSULIN', 'Humalog Mix 25 ', 'penfill', '', 0, 0),
(167, 'INSULIN', 'Humalog Mix 50 ', 'penfill', '', 0, 0),
(168, 'GLP-1 ', 'Victoza', 'flexpen', '', 0, 0),
(169, 'GLP-1', 'Trulicity 1.5mg ', 'syringe', '', 0, 0),
(170, 'GLP-1', 'Ozempic 0.25mg ', 'flextouch', '', 0, 0),
(171, 'GLP-1', 'Ozempic 0.5mg ', 'flextouch', '', 0, 0),
(172, 'GLP-1', 'Ozempic 1mg ', 'flextouch', '', 0, 0),
(173, 'GLP-1', 'Soliqua 10-40 IU ', 'Solostar', '', 0, 0),
(174, 'GLP-1', 'Soliqua 30-60 IU ', 'Solostar', '', 0, 0),
(175, 'HTN', 'Capoten 50mg ', 'tab', '', 0, 0),
(176, 'HTN', 'Capoten 25mg ', 'tab', '', 0, 0),
(177, 'HTN', 'Sinopril 10 mg ', 'tab', '', 0, 0),
(178, 'HTN', 'Sinopril 20 mg ', 'tab', '', 0, 0),
(179, 'HTN', 'Sinopril Co ', 'tab', '', 0, 0),
(180, 'HTN', 'Ezapril 10 mg ', 'tab', '', 0, 0),
(181, 'HTN', 'Ezapril 20 mg ', 'tab', '', 0, 0),
(182, 'HTN', 'Ezapril Co ', 'tab', '', 0, 0),
(183, 'HTN', 'Tritace 1.25 mg ', 'tab', '', 0, 0),
(184, 'HTN', 'Tritace 2.5 mg ', 'tab', '', 0, 0),
(185, 'HTN', 'Tritace 5 mg ', 'tab', '', 0, 0),
(186, 'HTN', 'Tritace 10mg Protect ', 'tab', '', 0, 0),
(187, 'HTN', 'Tritace Comb LS ', 'tab', '', 0, 0),
(188, 'HTN', 'Tritace Comb ', 'tab', '', 0, 0),
(189, 'HTN', 'Tritace 10 MAX ', 'tab', '', 0, 0),
(190, 'HTN', 'Triacor 5/5 ', 'tab', '', 0, 0),
(191, 'HTN', 'Coversyl 5mg ', 'tab', '', 0, 0),
(192, 'HTN', 'Coversyl 10 mg ', 'tab', '', 0, 0),
(193, 'HTN', 'Coveram 5/5 ', 'tab', '', 0, 0),
(194, 'HTN', 'Coveram 5/10 ', 'tab', '', 0, 0),
(195, 'HTN', 'Coveram 10/5 ', 'tab', '', 0, 0),
(196, 'HTN', 'Coveram 10/10 ', 'tab', '', 0, 0),
(197, 'HTN', 'Amloveran 5/5 ', 'tab', '', 0, 0),
(198, 'HTN', 'Amloveran 5/10 ', 'tab', '', 0, 0),
(199, 'HTN', 'Amloveran 10/5 ', 'tab', '', 0, 0),
(200, 'HTN', 'Amloveran 10/10 ', 'tab', '', 0, 0),
(201, 'HTN', 'Concor 5 mg ', 'tab', '', 0, 0),
(202, 'HTN', 'Concor 5 PLUS ', 'tab', '', 0, 0),
(203, 'HTN', 'Concor 10 mg ', 'tab', '', 0, 0),
(204, 'HTN', 'Concor 10 PLUS', 'tab', '', 0, 0),
(205, 'HTN', 'Concor Cor 2.5 mg ', 'tab', '', 0, 0),
(206, 'HTN', 'Concor AMLO ', 'tab', '', 0, 0),
(207, 'HTN', 'Bisocard 5mg ', 'tab', '', 0, 0),
(208, 'HTN', 'Bisocard 5 PLUS', 'tab', '', 0, 0),
(209, 'HTN', 'Bisocard 10mg ', 'tab', '', 0, 0),
(210, 'HTN', 'Selkon Zoc 25mg ', 'tab', '', 0, 0),
(211, 'HTN', 'Selkon Zoc 50mg', 'tab', '', 0, 0),
(212, 'HTN', 'Selkon Zoc 100mg ', 'tab', '', 0, 0),
(213, 'HTN', 'Selkon Zoc 200mg ', 'tab', '', 0, 0),
(214, 'HTN', 'Nevilob 2.5 mg ', 'tab', '', 0, 0),
(215, 'HTN', 'Nevilob 5 mg ', 'tab', '', 0, 0),
(216, 'HTN', 'Nebilit 2.5 mg ', 'tab', '', 0, 0),
(217, 'HTN', 'Nebilit 5 mg ', 'tab', '', 0, 0),
(218, 'HTN', 'Inderal 10 mg ', 'tab', '', 0, 0),
(219, 'HTN', 'Inderal 40 mg ', 'tab', '', 0, 0),
(220, 'HTN', 'Isopten 80mg ', 'tab', '', 0, 0),
(221, 'HTN', 'Isopten 240 CR ', 'tab', '', 0, 0),
(222, 'HTN', 'Windipine 5mg ', 'tab', '', 0, 0),
(223, 'HTN', 'Windipine 10 mg ', 'tab', '', 0, 0),
(224, 'HTN', 'Plendil 2.5mg ', 'tab', '', 0, 0),
(225, 'HTN', 'Plendil 5mg ', 'tab', '', 0, 0),
(226, 'HTN', 'Plendil 10mg ', 'tab', '', 0, 0),
(227, 'HTN', 'Epilat Retard ', 'tab', '', 0, 0),
(228, 'HTN', 'Aldomet 250 mg ', 'tab', '', 0, 0),
(229, 'HTN', 'Cardura 1mg ', 'tab', '', 0, 0),
(230, 'HTN', 'Cardura 4 mg ', 'tab', '', 0, 0),
(231, 'HTN', 'Carvid 25 mg ', 'tab', '', 0, 0),
(232, 'HTN', 'Carvid 6.25 mg ', 'tab', '', 0, 0),
(233, 'HTN', 'Atacand 4 mg', 'tab', '', 0, 0),
(234, 'HTN', 'Atacand 8 mg ', 'tab', '', 0, 0),
(235, 'HTN', 'Atacand 16 mg ', 'tab', '', 0, 0),
(236, 'HTN', 'Atacand 16 PLUS  ', 'tab', '', 0, 0),
(237, 'HTN', ' Atacand 32 PLUS  ', 'tab', '', 0, 0),
(238, 'HTN', ' Atacand 32 PLUS  ', 'tab', '', 0, 0),
(239, 'HTN', 'Candelkan 8mg ', 'tab', '', 0, 0),
(240, 'HTN', 'Candelkan 16 mg ', 'tab', '', 0, 0),
(241, 'HTN', 'Candelkan 16 PLUS ', 'tab', '', 0, 0),
(242, 'HTN', 'Candelkan 32 PLUS ', 'tab', '', 0, 0),
(243, 'HTN', 'Tareg 80 mg ', 'tab', '', 0, 0),
(244, 'HTN', 'Tareg 160 mg ', 'tab', '', 0, 0),
(245, 'HTN', 'Co-Tareg 160 mg ', 'tab', '', 0, 0),
(246, 'HTN', 'Co-Tareg 320 mg ', 'tab', '', 0, 0),
(247, 'HTN', 'Exforge 5/160 mg ', 'tab', '', 0, 0),
(248, 'HTN', 'Exforge 10/160 mg ', 'tab', '', 0, 0),
(249, 'HTN', 'Exforge HCT 10/160/25 mg ', 'tab', '', 0, 0),
(250, 'HTN', 'Erastapex 20mg ', 'tab', '', 0, 0),
(251, 'HTN', 'Erastapex 20 PLUS ', 'tab', '', 0, 0),
(252, 'HTN', 'Erastapex 40mg ', 'tab', '', 0, 0),
(253, 'HTN', 'Erastapex 40 PLUS ', 'tab', '', 0, 0),
(254, 'HTN', 'Erastapex CO 5/20 ', 'tab', '', 0, 0),
(255, 'HTN', 'Erastapex CO 10/40 ', 'tab', '', 0, 0),
(256, 'HTN', 'Erastapex TRIO 5/20/12.5 mg', 'tab', '', 0, 0),
(257, 'HTN', 'Erastapex TRIO 10/40/25mg', 'tab', '', 0, 0),
(258, 'HTN', 'Marvitense 5/20/12.5 mg', 'tab', '', 0, 0),
(259, 'HTN', 'Marvitense 10/40/25mg', 'tab', '', 0, 0),
(260, 'HTN', ' Adancor 10 mg ', 'tab', '', 0, 0),
(261, 'HTN', 'Adancor 20 mg ', 'tab', '', 0, 0),
(262, 'HTN', 'Nitromack Retard ', 'cap', '', 0, 0),
(263, 'HTN', 'Aspirin 100 Protect ', 'tab', '', 0, 0),
(264, 'HTN', 'Aggrex 75mg ', 'tab', '', 0, 0),
(265, 'HTN', 'Aspicarlo 81 mg ', 'tab', '', 0, 0),
(266, 'HTN', 'Aspocid 75mg ', 'chewable tab ', '', 0, 0),
(267, 'HTN', 'Jusprin 81 mg ', 'tab', '', 0, 0),
(268, 'HTN', 'Plavix 75mg ', 'tab', '', 0, 0),
(269, 'HTN', 'Clopex 75 mg ', 'tab', '', 0, 0),
(270, 'HTN', 'Clatex 75 mg', 'tab', '', 0, 0),
(271, 'HTN', 'Fibrogril 75 mg ', 'tab', '', 0, 0),
(272, 'HTN', 'Marevan 1mg ', 'tab', '', 0, 0),
(273, 'HTN', 'Marevan 3mg ', 'tab', '', 0, 0),
(274, 'HTN', 'Marevan 5mg ', 'tab', '', 0, 0),
(275, 'Antibiotics', 'Tavanic 500mg ', 'tab', '', 0, 0),
(276, 'Antibiotics', 'Tavacin 500mg', 'tab', '', 0, 0),
(277, 'Antibiotics', 'Levanic 500 ', 'tab', '', 0, 0),
(278, 'Antibiotics', 'Uvamen Retard ', 'cap', '', 0, 0),
(284, 'Antibiotics', 'Mepafuran 100mg ', 'cap', '', 0, 0),
(287, 'Antibiotics', 'Rancif 500mg', 'tab', '', 0, 0),
(288, 'Antibiotics', 'Vibramycin', 'cap', '', 0, 0),
(289, 'Antibiotics', 'Averozolid', 'tab', '', 0, 0),
(290, 'Antibiotics', 'Emox 500mg ', 'cap', '', 0, 0),
(291, 'Antibiotics', 'Flagyl 500mg ', 'tab', '', 0, 0),
(292, 'Antibiotics', 'Amrizole 500 ', 'tab', '', 0, 0),
(293, 'Antibiotics', 'Amrizole N', 'Vaginal Supp ', '', 0, 0),
(294, 'Antibiotics', 'Monicure Plus ', 'Vaginal Supp', '', 0, 0),
(295, 'Antibiotics', 'Cyteal', 'Vaginal Douch ', '', 0, 0),
(296, 'Antibiotics', 'Betadine', 'Vaginal Douch', '', 0, 0),
(297, 'Antibiotics', 'Betadine', 'MW', '', 0, 0),
(298, 'Antibiotics', 'Tantum', 'MW', '', 0, 0),
(299, 'Antibiotics', 'Listerine', 'MW', '', 0, 0),
(300, 'Antibiotics', 'Ambezim', 'tab', '', 0, 0),
(301, 'Antibiotics', 'Alphintern', 'tab', '', 0, 0),
(302, 'Antibiotics', 'Maxilase', 'syrp', '', 0, 0),
(303, 'Antibiotics', 'Cefotax 1gm ', 'VIAL', '', 0, 0),
(304, 'Antibiotics', 'Fortum 1gm ', 'VIAL', '', 0, 0),
(305, 'Antibiotics', 'Maxipime 1gm ', 'VIAL', '', 0, 0),
(306, 'Antibiotics', 'Perfelgan', 'bottle', '', 0, 0),
(307, 'Antibiotics', 'Flagyl', 'bottle', '', 0, 0),
(308, 'Antibiotics', 'Novaldol 1gm ', 'tab', '', 0, 0),
(309, 'Antibiotics', 'Adol 500mg ', 'tab', '', 0, 0),
(310, '--', '--', '--', 'قرص بعد الاكل 3 مرات يوميا ', 0, 0),
(311, '--', 'cortilon ', 'tab', 'قرص عند اللزوم', 0, 0),
(312, 'CNC', 'cipralex 10mg ', 'tab', 'قرص بعد العشاء', 0, 0),
(313, '--', '--', '--', 'وجدة قبل الÙطار بتلت ساعة و         وحدة قبل العشاء بتلت ساعة ', 0, 0),
(314, '--', '--', '--', 'وحدة قبل الغذاء بتلت ساعة ', 0, 0),
(315, '--', '--', '--', ' <br> وحدة قبل العشاء بتلت ساعة وحدة قبل الÙطار بتلت ساعة ', 0, 0),
(316, '--', 'Mixtard 30/70', 'VIAL', ' <br> وحدة قبل العشاء بتلت ساعة وحدة قبل الÙطار بتلت ساعة', 0, 0),
(317, '--', '--', '--', ' قرص قبل الÙطار بساعة يومياعدا الخميس والجمعة لاشي', 0, 0),
(318, 'lipid', 'cholerose PLUS 20/10mg ', 'tab', 'قرص بعد العشاء', 0, 0),
(319, '--', '--', '--', 'قرص بعد الÙطار ', 0, 0),
(320, '--', '--', '--', 'قرص بعد الÙطار والعشاء يوميا', 0, 0),
(321, 'CNC', 'Thiotacid 600 Compund ', 'caplet', 'كبسولة قبل الÙطار والعشاء بنص ساعة مع كوبين ماء كبير', 0, 0),
(322, 'tonics', 'Cobal - F ', 'tab', 'قرص بعد الغذاء والعشاء يوميا', 0, 0),
(323, 'ORAL DIABETES', 'vildagluse Plus 50/1000', 'tab', 'قرص بعد الÙطار والعشاء يوميا', 0, 0),
(324, 'GONADS', 'Marvigoline ', 'tab', 'نص قرص بعد العشاء كل اسبوع ', 0, 0),
(325, 'CNC', 'Buspar 10 mg ', 'tab', 'قرص بعد العشاء', 0, 0),
(326, 'CNC', 'calmepam 1.5 mg ', 'tab', 'قرص بعد العشاء', 0, 0),
(327, '--', '--', '--', 'قرصين بعد الÙطار والعشاء ', 0, 0),
(328, 'GONADS', 'dostinex ', 'tab', 'نص قرص كل 3 ايام بعد العشاء ويكرر', 0, 0),
(329, '--', '--', '--', 'قرص قبل الÙطار بساعة يوميا والخميس والجمعة قرصين ', 0, 0),
(330, 'CNC', 'Moodapex', 'tab', 'قرص بعد العشاء', 0, 0),
(331, 'CNC', 'Quitapex 25mg ', 'tab', 'قرص بعد العشاء', 0, 0),
(332, 'calcium', 'Fosamax 70mg ', 'tab', 'قرص قبل الÙطار بنص ساعة مع كوبين ماء كبير مرة كل أسبوع ويكرر', 0, 0),
(333, '--', '--', '--', 'وحدة تحت الجلد يوميا ', 0, 0),
(334, '--', '--', '--', 'وحدة تحت الجلد يوميا  ويتم زيادة وحدتين يوميا حتى يصل السكر الصايم من 80-130', 0, 0),
(335, 'GIT', 'Ursogall Plus ', 'cap', 'كبسولتين بعد الÙطار والعشاء ', 0, 0),
(336, '--', '--', '--', 'نص قرص قرص بعد الÙطار والعشاء ', 0, 0),
(337, 'CNC', 'Migranil ', 'tab', 'قرص عند اللزوم', 0, 0),
(338, 'HTN', 'Lasilactone 50mg', 'tab', 'قرص بعد الÙطار', 0, 0),
(339, 'GIT', 'Motilum ', 'tab', 'قرص قبل الاكل بنص ساعة 3 مرات يوميا', 0, 0),
(340, 'Antibiotics', 'Telfast 120mg ', 'tab', 'قرص بعد العشاء', 0, 0),
(341, '--', 'Daktarin ', 'Oral Gel ', 'دهان 4 مرات يوميا ', 0, 0),
(342, '--', '--', '--', 'قرصين قبل الÙطار بساعة يوميا ', 0, 0),
(343, 'HTN', 'Spectone 100 ', 'tab', 'قرص بعد الغذاء يوميا', 0, 0),
(344, 'GIT', 'Topmode ', 'tab', 'قرص بعد العشاء', 0, 0),
(345, 'CNC', 'Neurontin 300mg ', 'cap', 'كبسولة بعد العشاء يوميا', 0, 0),
(346, '--', '--', '--', 'قرص قبل الغذاء ', 0, 0),
(347, '--', '--', '--', 'تحت الجلد كل اسبوع ', 0, 0),
(348, 'GIT', 'Itopride ', 'tab', 'قرص قبل الاكل بنص ساعة 3 مرات يوميا', 0, 0),
(349, 'HTN', 'Co-Diovan 160/12.5', 'tab', 'قرص بعد الÙطار', 0, 0),
(350, 'GONADS', 'cidotestone 250mg', 'amp', 'نص حقنة عضل بسرنجة 5سم كل شهر لمدة 3 شهور Ùقط ', 0, 0),
(351, 'GONADS', 'lactodel ', 'tab', 'نص قرص بعد العشاء يوميا', 0, 0),
(352, 'calcium', 'dimra', 'tab', 'قرص عند اللزوم', 0, 0),
(353, 'HTN', 'praxilene ', 'tab', 'قرص بعد الÙطار والعشاء يوميا', 0, 0),
(354, 'ORAL DIABETES', 'novonorm 1mg', 'tab', 'قرص عند اللزوم', 0, 0),
(355, 'GONADS', 'Marvigoline ', 'tab', 'نص قرص كل 3 ايام بعد العشاء ويكرر', 0, 0),
(356, 'CNC', 'Topiramate 25mg', 'tab', 'قرص بعد العشاء', 0, 0),
(357, '--', 'solupred 20 ', 'tab', 'قرص بعد الÙطار والعشاء لمدة خمس ايام', 0, 0),
(358, 'tonics', 'Limitless MAN MAX ', 'tab', 'قرص بعد الغذاء يوميا', 0, 0),
(359, 'tonics', 'Limitless WOMEN MAX ', 'tab', 'قرص بعد الغذاء يوميا', 0, 0),
(360, 'tonics', 'Limitless C-Zinc PLUS', 'tab', 'قرص بعد الغذاء يوميا', 0, 0),
(361, 'CNC', 'Night calm 3 mg ', 'tab', '  قرص بعد العشاء يوميا', 0, 0),
(362, 'CNC', 'Night Calm 1 mg  ', 'tab', ' قرص بعد العشاء لمدة شهر', 0, 0),
(363, 'ORAL DIABETES', 'glucovance 5/1000 mg ', 'tab', 'قبل الÙطار والعشاء يوميا', 0, 0),
(364, 'Antibiotics', 'Incont 4 mg ', 'tab', 'قرص بعد العشاء', 0, 0),
(365, '', 'xanthestop 80 ', 'tab', '  قرص بعد العشاء يوميا', 0, 0),
(366, 'GIT', 'mucosta ', 'tab', 'قرص قبل الاكل بنص ساعة 3 مرات يوميا', 0, 0),
(367, 'tonics', 'Pravotin ', 'sachets', 'كيس مع كوب ماء قبل الغذاء بنص ساعة ', 0, 0),
(368, '--', 'adrenocortin ', 'amp', '--', 0, 0),
(369, 'HTN', 'betacor ', 'tab', 'نص قرص قرص بعد الÙطار والعشاء', 0, 0),
(370, 'CNC', 'conventin 100 ', 'cap', 'كبسولة بعد العشاء يوميا', 0, 0),
(371, 'INSULIN', 'levimer ', 'flexpen', 'وحدة تحت الجلد يوميا', 0, 0),
(372, '--', 'solupred 5 mg ', 'tab', '--', 0, 0),
(373, '--', 'starkoprex 5mg ', 'tab', 'قرص بعد العشاء', 0, 0),
(374, '--', 'primrose plus ', 'cap', 'كبسولة بعد الÙطار والعشاء يوميا', 0, 0),
(375, '--', 'natralix SR ', 'tab', 'قرص بعد الÙطار', 0, 0),
(376, '--', '--', '--', 'حقنة عضل كل 3 شهور و تكرر ', 0, 0),
(377, '--', 'novistoric 20 ', 'tab', 'قرص بعد العشاء', 0, 0),
(378, '--', 'atozet 10/40 ', 'tab', 'قرص بعد العشاء', 0, 0),
(379, '--', 'tamoxifen ', 'tab', 'قرص بعد العشاء', 0, 0),
(380, '--', '--', '--', 'حقنة عضل كل اسبوعين وتكرر ', 0, 0),
(381, '--', 'ondalenz 8mg ', 'Film ', 'تحت اللسان عند اللزوم ', 0, 0),
(382, '--', '--', '--', '3 أقراص 3 مرات يوميا ', 0, 0),
(383, 'CNC', 'alzemenda 10 tab ', 'tab', 'قرص بعد العشاء', 0, 0),
(384, '--', 'Uniphylline 300', 'tab', 'تلت قرص بعد العشاء ', 0, 0),
(385, 'CNC', 'Tryptizole 25 ', 'tab', 'قرص بعد العشاء', 0, 0),
(386, '--', 'ziscrocin ', 'cap', 'كبسولة بعد الÙطار بساعتين لمدة 3 ايام ', 0, 0),
(387, '--', 'Hostacortin ', 'tab', 'نص قرص بعد الÙطار والعشاء ', 0, 0),
(388, '--', 'solumedrol 500mg ', 'VIAL', 'تحل Ùي 250 محلول ملح وتعطى كل اسبوع لمدة 6 اسابيع ', 0, 0),
(389, '--', 'trimedflu ', 'tab', 'قرص بعد الÙطار والعشاء يوميا', 0, 0),
(390, '--', 'oflam 50mg ', 'tab', 'قرص بعد الÙطار والعشاء لمدة خمس ايام', 0, 0),
(391, '--', 'zolam 0.25 ', 'tab', 'قرص بعد العشاء', 0, 0),
(392, '--', 'xanax 0.25', 'tab', 'قرص بعد العشاء', 0, 0),
(393, '--', 'calmepam 3mg ', 'tab', 'قرص بعد العشاء', 0, 0),
(394, '--', 'zolam 0.5 ', 'tab', 'قرص بعد العشاء', 0, 0),
(395, '--', 'selgon ', 'tab', 'قرص بعد الاكل 3 مرات يوميا', 0, 0),
(396, '--', 'Livagall ', 'cap', 'كبسولة بعد الÙطار والعشاء يوميا', 0, 0),
(397, '--', 'livabion ', 'amp', 'عضل كل اسبوع لمدة 4 اسابيع ', 0, 0),
(398, '--', 'somatropine 4 IU ', 'VIAL', 'تحل Ùي 1سم ويعظى      وحدة بسرنجة انسولين تحت الجلد يوميا الساعة 10 مساء ', 0, 0),
(399, '--', 'minirin melt 60ug ', 'tab', '--', 0, 0),
(400, '--', 'ruta - c ', 'tab', 'قرص بعد الاكل 3 مرات يوميا', 0, 0),
(401, '--', 'amipristone 24 ', 'cap', 'كبسولة بعد الÙطار والعشاء يوميا', 0, 0),
(402, '--', 'cinacalcet 30 ', 'tab', 'قرص بعد العشاء', 0, 0),
(403, '--', 'conventin 300 ', 'cap', 'كبسولة بعد العشاء يوميا', 0, 0),
(404, '--', 'Atozet 10/20 ', 'tab', 'قرص بعد العشاء', 0, 0),
(405, '--', 'Livagoal ', 'cap', 'كبسولة بعد الÙطار والعشاء يوميا', 0, 0),
(406, '--', 'Epifasi 5000 IU ', 'amp', 'حقنة عضل كل 3 أيام وتكرر ', 0, 0),
(407, '--', 'centrum ', 'tab', 'قرص بعد الغذاء يوميا', 0, 0),
(408, '--', 'bilichol', 'cap', 'كبسولة بعد الÙطار والعشاء يوميا', 0, 0),
(409, '--', 'sirdalud 4mg ', 'tab', 'نص قرص بعد العشاء يوميا', 0, 0),
(410, '--', 'tareg 40', 'tab', 'قرص بعد الÙطار', 0, 0),
(411, '--', 'voltaren ', 'emulgel', 'دهان مرتين يوميا ', 0, 0),
(412, '--', 'zyrovazet 10/5', 'tab', 'قرص بعد العشاء', 0, 0),
(413, '--', 'ferrosac', 'amp', 'أربعة امبولات Ùي زجاجة محلول ملح وريد ببطء بعد عمل اختبار حساسية ', 0, 0),
(414, '--', 'neurovit ', 'tab', 'قرص بعد الÙطار والعشاء يوميا', 0, 0),
(415, '--', 'diabenor 3 mg ', 'tab', 'قرص قبل الÙطار يوميا', 0, 0),
(416, '--', 'kerovit', 'cap', 'كبسولة بعد الÙطار يوميا', 0, 0),
(417, '--', 'primpran ', 'tab', 'قرص قبل الاكل بنص ساعة 3 مرات يوميا', 0, 0),
(418, '--', 'atoreza 10/20', 'tab', 'قرص بعد العشاء', 0, 0),
(419, '--', 'atoreza 10/40', 'tab', 'قرص بعد العشاء', 0, 0),
(420, '--', 'armowake ', 'tab', 'قرص بعد الÙطار', 0, 0),
(421, '--', 'for Hair & Nails ', 'cap', 'كبسولة بعد الÙطار والعشاء يوميا', 0, 0),
(422, '--', 'nexirozova 20 ', 'tab', 'قرص بعد العشاء', 0, 0),
(423, '--', 'nexirozova 10', 'tab', 'قرص بعد العشاء', 0, 0),
(424, '--', 'maxical', 'tab', 'قرص بعد العشاء', 0, 0),
(425, '--', 'exaretic 10', 'tab', 'قرص قبل الÙطار يوميا', 0, 0),
(426, '--', 'triplixam 10/2.5/10', 'tab', 'قرص بعد الÙطار', 0, 0),
(427, '--', 'gynera', 'tab', 'قرص بعد العشاء لمدة 21 يوم وراحة 7 ايام ويكرر', 0, 0),
(428, '--', 'antodine 40 ', 'tab', 'قرص قبل العشاء بنص ساعة ', 0, 0),
(429, '--', 'strepsils ', 'lozenges ', 'قرص استحلاب 4 مرات يوميا ', 0, 0),
(430, '--', 'pedical ', 'syrp', 'ملقعقة كبيرة بعد الÙطار والعشاء يوميا', 0, 0),
(431, '--', 'cialis 20', 'tab', 'قرص قبل النوم بساعتين عند اللزوم', 0, 0),
(432, '--', 'doliprane 1000', 'tab', 'قرص عند اللزوم', 0, 0),
(433, '--', 'triplixam 5/1.25/5', 'tab', 'قرص بعد الÙطار', 0, 0),
(434, '--', 'ganaton ', 'tab', 'قرص قبل الاكل بنص ساعة 3 مرات يوميا', 0, 0),
(435, '--', 'hibiotic 1gm ', 'tab', 'قرص بعد الÙطار والعشاء يوميا', 0, 0),
(436, '--', 'uripan XR ', 'tab', 'قرص بعد العشاء', 0, 0),
(437, '--', 'dorofen ', 'cap', 'كبسولة قبل الاكل بنص ساعة 3 مرات لمدة شهرين ثم كبسولة قبل العشاء يوميا', 0, 0),
(438, '--', 'Natrixam 5/1.5', 'tab', 'قرص بعد الÙطار', 0, 0),
(439, '--', 'natrixam 10/1.5 ', 'tab', 'قرص بعد الÙطار', 0, 0),
(440, '--', 'sinadry ', 'syrp', 'ملعقة كبيرة 4 مرات لمدة أسبوع', 0, 0),
(441, '--', 'prolia ', 'syringe', 'تحت الجلد كل 6 شهور وتكرر ', 0, 0),
(442, '--', 'retarpen 1.200.000 U ', 'VIAL', 'حقنة عضل بعد عمل اختبار حساسية وتكرر كل شهر ', 0, 0),
(443, '--', 'lustral 50 ', 'tab', 'قرص بعد العشاء', 0, 0),
(444, '--', 'Picolax ', 'oral drops', 'خمسة عشرة نقطة مع كوبين ماء كبير عند اللزوم ', 0, 0),
(445, '--', 'Buspar 15 mg', 'tab', 'قرص بعد العشاء', 0, 0),
(446, '', 'lipocomb 10/10', 'cap', 'قرص بعد العشاء', 0, 0),
(447, '', 'lipocomb 20/10', 'cap', '  قرص بعد العشاء يوميا', 0, 0),
(448, '--', 'feburic 80', 'tab', 'قرص بعد العشاء', 0, 0),
(449, '--', 'cyteal ', 'Vaginal Douch', 'تشطيÙ مهبلي مساء ', 0, 0),
(450, '--', 'Monicure Plus', 'Vaginal Supp', 'لبوس مهبلي مساءا ', 0, 0),
(451, '--', 'glucovance 2.5/500 mg', 'tab', ' قرص قبل العشاء ', 0, 0),
(452, '--', 'novonorm 0.5mg', 'tab', 'قرص عند اللزوم', 0, 0),
(453, '--', 'mavilor 5', 'tab', 'قرص بعد العشاء', 0, 0),
(454, '--', '--', '--', 'نص قرص قبل الÙطار ', 0, 0),
(455, '--', 'edemex ', 'tab', 'قرص قبل الÙطار يوميا', 0, 0),
(456, '--', 'co-Approvel 300/25', 'tab', 'قرص بعد الÙطار', 0, 0),
(457, '--', 'xultophy ', 'flextouch', 'وحدة تحت الجلد يوميا  ويتم زيادة وحدتين يوميا حتى يصل السكر الصايم من 80-130', 0, 0),
(458, '--', 'minirin melt 120ug', 'tab', 'تحت اللسان كل 12 ساعة', 0, 0),
(459, '', 'Exeedogast 40 ', 'cap', 'كبسولة قبل الÙطار بنص ساعة لمدة 6 اسابيع', 0, 0),
(460, '--', 'vastarel MR', 'tab', 'قرص بعد الÙطار والعشاء يوميا', 0, 0),
(461, '--', 'diprosalic', 'cream ', 'دهات للاماكن الجاÙة مرتين يوميا ', 0, 0),
(462, '--', 'ossofortin D3 Original 5000 IU ', 'tab', 'قرص بعد العشاء', 0, 0),
(463, '--', 'Amaglust 2/30 ', 'tab', 'قرص قبل الÙطار يوميا', 0, 0),
(464, '', 'limitless Chromax Cut ', 'sachets', 'كيس مع كوبين ماء كبير قبل الغذاء والعشاء بنص ساعة يوميا', 0, 0),
(465, '--', 'orly ', 'cap', 'كبسولة بعد الغذاء يوميا', 0, 0),
(466, '--', 'moov', 'cream', 'دهان عند اللزوم ', 0, 0),
(467, '--', 'zyrtec 10 ', 'tab', 'قرص بعد العشاء', 0, 0),
(469, '', 'norditropin 5mg', 'Nordiflex', 'وحدة تحت الجلد يوميا', 0, 0),
(470, '--', 'entresto 50 ', 'tab', 'قرص بعد الÙطار والعشاء يوميا', 0, 0),
(471, '--', 'diacurimap 10 ', 'tab', 'قرص بعد الÙطار', 0, 0),
(472, '--', 'diacurimap 25 ', 'tab', 'قرص بعد الÙطار', 0, 0),
(473, '--', 'cymbatex 30 ', 'cap', 'كبسولة بعد العشاء يوميا', 0, 0),
(474, '', 'Limitless ALLZYME', 'tab', 'قرص بعد الÙطار والعشاء يوميا', 0, 0),
(475, '--', 'lustral 100', 'tab', 'قرص بعد العشاء', 0, 0),
(476, '--', 'osteocare', 'tab', 'قرص بعد العشاء', 0, 0),
(477, '--', 'conventin 400 ', 'cap', 'كبسولة بعد العشاء يوميا', 0, 0),
(478, '--', 'triactin', 'tab', 'قرص بعد العشاء', 0, 0),
(479, '--', 'duloxprine 60', 'cap', 'كبسولة بعد العشاء يوميا', 0, 0),
(480, '', 'Empacoza PLUS 10/5', 'tab', 'قرص بعد الÙطار', 0, 0),
(481, '--', 'Limitless Milga MAX', 'tab', 'قرص بعد الÙطار', 0, 0),
(482, '', 'Rybelsus 7mg', 'tab', ' قرص قبل الÙطار  بنص ساعة يوميا ', 0, 0),
(483, '', 'Rybelsus 14mg', 'tab', 'قرص قبل الÙطار بنص ساعة يوميا ', 0, 0),
(484, '', 'zyrovazet 10/40', 'tab', '  قرص بعد العشاء يوميا', 0, 0),
(485, '--', 'stress ', 'tab', 'قرص بعد الÙطار', 0, 0),
(486, '', 'Rybelsus 3mg', 'tab', ' قرص قبل الÙطار  بنص ساعة يوميا', 0, 0),
(487, '--', 'omegapress 0.1 mg ', 'tab', 'قرص بعد الÙطار والعشاء يوميا', 0, 0),
(488, '--', 'GLYXAMBI 25/5', 'tab', 'قرص بعد الÙطار', 0, 0),
(489, '--', 'pletaal 50 ', 'tab', 'قرص بعد الÙطار والعشاء يوميا', 0, 0),
(490, '', 'stopadol', 'sachets', 'كيس على كوب ماء بعد الاكل 3 مرات', 0, 0),
(491, '--', 'dolcy 2/1000', 'tab', 'قرص قبل الÙطار يوميا', 0, 0),
(492, '--', 'Muco SR', 'cap', 'كبسولة بعد الÙطار والعشاء لمدة اسبوع ', 0, 0),
(493, '--', 'dozova Melatonin 5 mg ', 'cap', 'كبسولة بعد العشاء يوميا', 0, 0),
(494, '--', 'livial 2.5 ', 'tab', 'قرص بعد العشاء', 0, 0),
(495, '--', 'ciprodiazole', 'tab', 'قرص بعد الÙطار والعشاء لمدة خمس ايام', 0, 0),
(496, '', 'osavidin', '200.000IU amp ', 'حقنة عضل كل اسبوع لمدة 3 اسابيع ثم تكرر حقنة عضل كل 3 شهور', 0, 0),
(497, '--', 'tamsulin ', 'cap', 'كبسولة بعد العشاء يوميا', 0, 0),
(498, '--', 'eliquis 5 mg ', 'tab', 'قرص بعد الÙطار والعشاء يوميا', 0, 0),
(499, '--', 'dalacin- c 600 ', 'cap', 'كبسولة بعد الÙطار والعشاء يوميا', 0, 0),
(500, '--', 'gliptivia Plus 50/1000', 'tab', 'قرص بعد الÙطار والعشاء يوميا', 0, 0),
(501, '--', 'mixderm ', 'cream', 'دهان مرتين يوميا', 0, 0),
(502, '--', 'Bioglita Plus 15/850 mg', 'tab', 'قرص بعد الÙطار والعشاء يوميا', 0, 0),
(503, '--', 'sediproct ', 'cream', 'دهان للشرج مرتين يوميا ', 0, 0),
(504, '', 'gleptomet 50/500 ', 'tab', 'قرص بعد الÙطار والعشاء يوميا', 0, 0),
(505, '', 'gleptomet 50/1000', 'tab', 'قرص بعد الÙطار والعشاء يوميا', 0, 0),
(506, '--', 'diamonrecta 5', 'tab', '  قرص بعد العشاء يوميا', 0, 0),
(507, '--', 'sinemet 250/25', 'tab', 'نص قرص بعد العشاء يوميا ', 0, 0),
(508, '--', 'thyrocarbine ', 'tab', 'قرصين بعد الاكل 3 مرات', 0, 0),
(509, '', 'prevaglip 5', 'tab', 'قرص بعد الÙطار', 0, 0),
(510, '', 'prevaglip PLUS 2.5/500', 'tab', 'قرص بعد الÙطار والعشاء يوميا', 0, 0),
(511, '', 'prevaglip PLUS 2.5/1000', 'tab', 'قرص بعد الÙطار والعشاء يوميا', 0, 0);
INSERT INTO `drugs` (`id`, `drugcat`, `drugname`, `drugtype`, `drugdos`, `initialbalance`, `currentbalance`) VALUES
(512, '--', 'diane ', 'tab', 'قرص بعد العشاء لمدة 21 يوم وراحة 7 ايام ويكرر', 0, 0),
(513, '', 'care dipine 10 ', 'tab', 'قرص بعد الÙطار', 0, 0),
(514, '', 'care dipine 20', 'tab', 'قرص بعد الÙطار', 0, 0),
(515, '', 'care dipine PLUS 10/20', 'tab', 'قرص بعد الÙطار', 0, 0),
(516, '', 'glimpacare PLUS 25/5', 'tab', 'قرص بعد الÙطار', 0, 0),
(517, '', 'glimpacare 10', 'tab', 'قرص بعد الÙطار', 0, 0),
(518, '', 'cinacalcet 60', 'tab', 'قرص بعد الÙطار', 0, 0),
(519, '', 'plavicard 75', 'tab', 'قرص بعد العشاء', 0, 0),
(520, '--', 'crestolip 20 ', 'tab', 'قرص بعد العشاء', 0, 0),
(521, '--', 'euthyrox OR T4 Thyro OR Thyroxine 100 ', 'tab', 'قرص قبل الÙطار بساعة يوميا', 0, 0),
(522, '--', 'chromax ', 'cap', 'كبسولة بعد الÙطار والعشاء يوميا', 0, 0),
(523, '--', 'osavidin 300.000 ', ' amp', 'حقنة عضل كل 3 شهور و تكرر', 0, 0),
(524, '--', 'spectone 25', 'tab', 'قرص بعد الÙطار', 0, 0),
(525, '--', 'procorlan 5', 'tab', 'قرص بعد العشاء', 0, 0),
(526, '--', 'Diaflozimet 5/1000 ', 'tab', 'قرص بعد الÙطار والعشاء يوميا', 0, 0),
(527, '', 'Evaneotrim', 'tab', 'قرص بعد الÙطار يوميا لمدة اسبوع ثم قرص بعد الÙطار والعشاء لمدة اسبوع ثم قرصين بعد الÙطار وقرص بعد العشاء لمدة اسبوع ثم قرصين بعد الÙطار والعØ', 0, 0),
(528, '', 'Evaneotrim', 'tab', 'قرص بعد الÙطار يوميا لمدة اسبوع ثم قرص بعد الÙطار والعشاء لمدة اسبوع ثم قرصين بعد الÙطار وقرص بعد العشاء لمدة اسبوع ثم قرصين بعد الÙطار والعØ', 0, 0),
(529, '', 'Evaneotrim', 'tab', 'قرص بعد الÙطار يوميا لمدة اسبوع ثم قرص بعد الÙطار والعشاء لمدة اسبوع ثم قرصين بعد الÙطار وقرص بعد العشاء لمدة اسبوع ثم قرصين بعد الÙطار والعØ', 0, 0),
(530, '', 'Evaneotrim', 'tab', 'قرص بعد الÙطار يوميا لمدة اسبوع ثم قرص بعد الÙطار والعشاء لمدة اسبوع ثم قرصين بعد الÙطار وقرص بعد العشاء لمدة اسبوع ثم قرصين بعد الÙطار والعØ', 0, 0),
(531, '--', 'euthyrox OR T4 Thyro OR Thyroxine 50', 'tab', 'قرص ونص قبل الÙطار بساعة يوميا', 0, 0),
(532, '--', 'Mounjaro 12.5', 'syringe', 'تحت الجلد كل اسبوع', 0, 0),
(533, '--', 'Mounjaro 15', 'syrp', 'تحت الجلد كل اسبوع', 0, 0),
(534, '--', 'diflucan 150 ', 'cap', 'كبسولة الان وتكرر بعد اسبوع ', 0, 0),
(535, '--', 'thrombex ', 'gel ', 'دهات للاماكن المتورمة مرتين يوميا', 0, 0),
(536, '--', 'coloverin - D', 'tab', 'قرصين بعد الاكل 3 مرات', 0, 0),
(537, '', 'Cosimprel 5/5', 'tab', 'قرص بعد الÙطار', 0, 0),
(538, '', 'Cosimprel 5/5', 'tab', 'قرص بعد الÙطار', 0, 0),
(539, '', 'Cosimprel 5/5', 'tab', 'قرص بعد الÙطار', 0, 0),
(540, '', 'Cosimprel 5/10', 'tab', 'قرص بعد الÙطار', 0, 0),
(541, '', 'limitless Sleep Aid ', 'tab', '  قرص بعد العشاء يوميا', 0, 0),
(542, '', 'Limitless LIPOFERREX', 'tab', 'قرص بعد الغذاء يوميا', 0, 0),
(543, '', 'Limitless LIPOFERREX', 'tab', 'قرص بعد الغذاء يوميا', 0, 0),
(544, '--', 'conventin 300 XR ', 'tab', 'قرص بعد العشاء', 0, 0),
(545, '--', 'conventin 600 XR ', 'tab', 'قرص بعد العشاء', 0, 0),
(546, '--', 'metformin 1000 XR EVAPHARMA', 'tab', 'قرص بعد العشاء', 0, 0),
(547, '--', 'DHEA 50 ', 'tab', 'قرص بعد الÙطار', 0, 0),
(548, '', 'stopadol 650 XR', 'tab', 'قرص بعد الاكل 3 مرات يوميا', 0, 0),
(549, '', 'stopadol 650 XR', 'tab', 'قرص بعد الاكل 3 مرات يوميا', 0, 0),
(550, '', 'melltofix TRIO 10/5/1000 XR', 'tab', 'قرص بعد الÙطار', 0, 0),
(551, '--', 'melltofix TRIO 25/5/1000 XR', 'tab', 'قرص بعد الÙطار', 0, 0),
(552, '', 'gypravastin 20 ', 'tab', '  قرص بعد العشاء يوميا', 0, 0),
(553, '', 'gypravastin 10', 'tab', '  قرص بعد العشاء يوميا', 0, 0),
(554, '', 'gypravastin 40', 'tab', '  قرص بعد العشاء يوميا', 0, 0),
(555, '', 'Giflog 10', 'tab', 'قرص بعد الÙطار', 0, 0),
(556, '', 'Giflog 25', 'tab', 'قرص بعد الÙطار يوميا', 0, 0),
(557, '--', 'Empacoza Trio XR 10/5/1000', 'tab', 'قرص بعد الÙطار', 0, 0),
(558, '--', 'cymbatex 20', 'cap', 'كبسولة بعد العشاء لمدة 10 ايام ثم ', 0, 0),
(559, '--', 'Empacoza Trio XR 25/5/1000', 'tab', 'قرص بعد الÙطار', 0, 0),
(560, '--', 'cymbatex 60', 'cap', 'كبسولة بعد العشاء يوميا', 0, 0),
(561, '', 'Zetacolest 180', 'tab', 'قرص بعد العشاء', 0, 0),
(562, '', 'enaroBeful', 'cap', 'كبسولة بعد الÙطار يوميا', 0, 0),
(563, '', 'adultominita', 'tab', 'قرص بعد الÙطار', 0, 0);

-- --------------------------------------------------------

--
-- Table structure for table `dtvs`
--

CREATE TABLE IF NOT EXISTS `dtvs` (
  `id` int(11) NOT NULL AUTO_INCREMENT,
  `infertilitysheetid` int(11) unsigned DEFAULT NULL,
  `dtvsresult` varchar(191) COLLATE utf8mb4_unicode_ci DEFAULT NULL,
  `date` varchar(191) COLLATE utf8mb4_unicode_ci DEFAULT NULL,
  PRIMARY KEY (`id`)
) ENGINE=InnoDB DEFAULT CHARSET=utf8mb4 COLLATE=utf8mb4_unicode_ci AUTO_INCREMENT=1 ;

-- --------------------------------------------------------

--
-- Table structure for table `dtvsplace`
--

CREATE TABLE IF NOT EXISTS `dtvsplace` (
  `id` int(11) unsigned NOT NULL AUTO_INCREMENT,
  `title` varchar(191) COLLATE utf8mb4_unicode_ci DEFAULT NULL,
  `del` tinyint(1) unsigned DEFAULT NULL,
  PRIMARY KEY (`id`)
) ENGINE=InnoDB DEFAULT CHARSET=utf8mb4 COLLATE=utf8mb4_unicode_ci AUTO_INCREMENT=1 ;

-- --------------------------------------------------------

--
-- Table structure for table `dtvsresult`
--

CREATE TABLE IF NOT EXISTS `dtvsresult` (
  `id` int(11) unsigned NOT NULL AUTO_INCREMENT,
  `title` varchar(191) COLLATE utf8mb4_unicode_ci DEFAULT NULL,
  `del` tinyint(1) unsigned DEFAULT NULL,
  PRIMARY KEY (`id`)
) ENGINE=InnoDB DEFAULT CHARSET=utf8mb4 COLLATE=utf8mb4_unicode_ci AUTO_INCREMENT=1 ;

-- --------------------------------------------------------

--
-- Table structure for table `education`
--

CREATE TABLE IF NOT EXISTS `education` (
  `id` int(11) NOT NULL AUTO_INCREMENT,
  `title` varchar(150) NOT NULL,
  `del` int(11) unsigned DEFAULT NULL,
  PRIMARY KEY (`id`)
) ENGINE=InnoDB  DEFAULT CHARSET=latin1 ROW_FORMAT=COMPACT AUTO_INCREMENT=8 ;

--
-- Dumping data for table `education`
--

INSERT INTO `education` (`id`, `title`, `del`) VALUES
(1, 'بكالوريوس', NULL),
(2, 'دبلوم', NULL),
(3, 'ابتدائي', NULL),
(4, 'طالبه جامعيه', NULL),
(5, 'ثانوى', NULL),
(6, 'معهد', NULL),
(7, 'طالبة', NULL);

-- --------------------------------------------------------

--
-- Table structure for table `endvisitreports`
--

CREATE TABLE IF NOT EXISTS `endvisitreports` (
  `id` int(11) NOT NULL AUTO_INCREMENT,
  `patientid` int(11) NOT NULL,
  `reason` text,
  `enddate` date DEFAULT NULL,
  `notes` text,
  `doctorid` int(11) NOT NULL,
  `status` int(11) unsigned DEFAULT NULL,
  PRIMARY KEY (`id`)
) ENGINE=InnoDB DEFAULT CHARSET=latin1 ROW_FORMAT=COMPACT AUTO_INCREMENT=1 ;

-- --------------------------------------------------------

--
-- Table structure for table `eprep`
--

CREATE TABLE IF NOT EXISTS `eprep` (
  `id` int(11) NOT NULL AUTO_INCREMENT,
  `ivfsheetid` int(11) unsigned DEFAULT NULL,
  `epreplps` varchar(191) COLLATE utf8mb4_unicode_ci DEFAULT NULL,
  `eprepcd` varchar(191) COLLATE utf8mb4_unicode_ci DEFAULT NULL,
  `lmpfrozen` varchar(191) COLLATE utf8mb4_unicode_ci DEFAULT NULL,
  `eprepdate` varchar(191) COLLATE utf8mb4_unicode_ci DEFAULT NULL,
  `eprepttt` varchar(191) COLLATE utf8mb4_unicode_ci DEFAULT NULL,
  `eprepe` varchar(191) COLLATE utf8mb4_unicode_ci DEFAULT NULL,
  `eprepro` varchar(191) COLLATE utf8mb4_unicode_ci DEFAULT NULL,
  `epreplo` varchar(191) COLLATE utf8mb4_unicode_ci DEFAULT NULL,
  `eprepcancel` varchar(191) COLLATE utf8mb4_unicode_ci DEFAULT NULL,
  `thawingdate` varchar(191) COLLATE utf8mb4_unicode_ci DEFAULT NULL,
  `thawingstn` varchar(191) COLLATE utf8mb4_unicode_ci DEFAULT NULL,
  `thawingen` varchar(191) COLLATE utf8mb4_unicode_ci DEFAULT NULL,
  PRIMARY KEY (`id`)
) ENGINE=InnoDB DEFAULT CHARSET=utf8mb4 COLLATE=utf8mb4_unicode_ci AUTO_INCREMENT=1 ;

-- --------------------------------------------------------

--
-- Table structure for table `epreplps`
--

CREATE TABLE IF NOT EXISTS `epreplps` (
  `id` int(11) unsigned NOT NULL AUTO_INCREMENT,
  `title` varchar(191) COLLATE utf8mb4_unicode_ci DEFAULT NULL,
  `del` tinyint(1) unsigned DEFAULT NULL,
  PRIMARY KEY (`id`)
) ENGINE=InnoDB DEFAULT CHARSET=utf8mb4 COLLATE=utf8mb4_unicode_ci AUTO_INCREMENT=1 ;

-- --------------------------------------------------------

--
-- Table structure for table `examination`
--

CREATE TABLE IF NOT EXISTS `examination` (
  `id` int(11) unsigned NOT NULL AUTO_INCREMENT,
  `patientid` varchar(191) COLLATE utf8mb4_unicode_ci DEFAULT NULL,
  `doctorid` int(11) unsigned DEFAULT NULL,
  `sysdate` varchar(191) COLLATE utf8mb4_unicode_ci DEFAULT NULL,
  `examinationdate` varchar(191) COLLATE utf8mb4_unicode_ci DEFAULT NULL,
  `weight` varchar(191) COLLATE utf8mb4_unicode_ci DEFAULT NULL,
  `height` varchar(191) COLLATE utf8mb4_unicode_ci DEFAULT NULL,
  `bmi` varchar(191) COLLATE utf8mb4_unicode_ci DEFAULT NULL,
  `b_p` varchar(191) COLLATE utf8mb4_unicode_ci DEFAULT NULL,
  `pulse` text COLLATE utf8mb4_unicode_ci,
  `rgb` varchar(191) CHARACTER SET utf8mb4 DEFAULT NULL,
  `headandneck` varchar(191) COLLATE utf8mb4_unicode_ci DEFAULT NULL,
  `chestandheart` varchar(191) COLLATE utf8mb4_unicode_ci DEFAULT NULL,
  `abdomen` varchar(191) COLLATE utf8mb4_unicode_ci DEFAULT NULL,
  `pelvis` varchar(191) COLLATE utf8mb4_unicode_ci DEFAULT NULL,
  `extremitis` varchar(191) COLLATE utf8mb4_unicode_ci DEFAULT NULL,
  `del` int(11) unsigned DEFAULT NULL,
  `bp2` varchar(191) COLLATE utf8mb4_unicode_ci DEFAULT NULL,
  PRIMARY KEY (`id`)
) ENGINE=InnoDB DEFAULT CHARSET=utf8mb4 COLLATE=utf8mb4_unicode_ci ROW_FORMAT=DYNAMIC AUTO_INCREMENT=1 ;

-- --------------------------------------------------------

--
-- Table structure for table `examinationabdomen`
--

CREATE TABLE IF NOT EXISTS `examinationabdomen` (
  `id` int(11) unsigned NOT NULL AUTO_INCREMENT,
  `name` varchar(191) COLLATE utf8mb4_unicode_ci DEFAULT NULL,
  `del` int(11) unsigned DEFAULT NULL,
  PRIMARY KEY (`id`)
) ENGINE=InnoDB DEFAULT CHARSET=utf8mb4 COLLATE=utf8mb4_unicode_ci AUTO_INCREMENT=1 ;

-- --------------------------------------------------------

--
-- Table structure for table `examinationextremitis`
--

CREATE TABLE IF NOT EXISTS `examinationextremitis` (
  `id` int(11) unsigned NOT NULL AUTO_INCREMENT,
  `name` varchar(191) COLLATE utf8mb4_unicode_ci DEFAULT NULL,
  `del` int(11) unsigned DEFAULT NULL,
  PRIMARY KEY (`id`)
) ENGINE=InnoDB DEFAULT CHARSET=utf8mb4 COLLATE=utf8mb4_unicode_ci AUTO_INCREMENT=1 ;

-- --------------------------------------------------------

--
-- Table structure for table `examinationhead`
--

CREATE TABLE IF NOT EXISTS `examinationhead` (
  `id` int(11) unsigned NOT NULL AUTO_INCREMENT,
  `name` varchar(191) COLLATE utf8mb4_unicode_ci DEFAULT NULL,
  `del` int(11) unsigned DEFAULT NULL,
  PRIMARY KEY (`id`)
) ENGINE=InnoDB DEFAULT CHARSET=utf8mb4 COLLATE=utf8mb4_unicode_ci AUTO_INCREMENT=1 ;

-- --------------------------------------------------------

--
-- Table structure for table `examinationlocalse`
--

CREATE TABLE IF NOT EXISTS `examinationlocalse` (
  `id` int(11) unsigned NOT NULL AUTO_INCREMENT,
  `title` varchar(191) COLLATE utf8mb4_unicode_ci DEFAULT NULL,
  `del` tinyint(1) unsigned DEFAULT NULL,
  PRIMARY KEY (`id`)
) ENGINE=InnoDB DEFAULT CHARSET=utf8mb4 COLLATE=utf8mb4_unicode_ci AUTO_INCREMENT=1 ;

-- --------------------------------------------------------

--
-- Table structure for table `examinationpelvis`
--

CREATE TABLE IF NOT EXISTS `examinationpelvis` (
  `id` int(11) unsigned NOT NULL AUTO_INCREMENT,
  `del` int(11) unsigned DEFAULT NULL,
  `name` varchar(191) COLLATE utf8mb4_unicode_ci DEFAULT NULL,
  PRIMARY KEY (`id`)
) ENGINE=InnoDB DEFAULT CHARSET=utf8mb4 COLLATE=utf8mb4_unicode_ci AUTO_INCREMENT=1 ;

-- --------------------------------------------------------

--
-- Table structure for table `excelinfo`
--

CREATE TABLE IF NOT EXISTS `excelinfo` (
  `id` int(11) NOT NULL AUTO_INCREMENT,
  `time` datetime DEFAULT NULL,
  `serial` text COLLATE utf8mb4_unicode_ci,
  PRIMARY KEY (`id`)
) ENGINE=InnoDB  DEFAULT CHARSET=utf8mb4 COLLATE=utf8mb4_unicode_ci ROW_FORMAT=COMPACT AUTO_INCREMENT=2 ;

--
-- Dumping data for table `excelinfo`
--

INSERT INTO `excelinfo` (`id`, `time`, `serial`) VALUES
(1, '2020-07-21 03:29:34', 'd2dc0d4a176d32a97932cebd7e737b14adc7ba654265aa43b3e7887301651afe531e1066a5b2f49112f18207cc741b3043e7678b1160efbeb3f18e5e2c995267');

-- --------------------------------------------------------

--
-- Table structure for table `excelinfopatients`
--

CREATE TABLE IF NOT EXISTS `excelinfopatients` (
  `id` int(11) NOT NULL AUTO_INCREMENT,
  `patientid` int(11) NOT NULL,
  `statusno` int(11) NOT NULL,
  PRIMARY KEY (`id`)
) ENGINE=InnoDB DEFAULT CHARSET=utf8mb4 COLLATE=utf8mb4_unicode_ci AUTO_INCREMENT=1 ;

-- --------------------------------------------------------

--
-- Table structure for table `familyhistory`
--

CREATE TABLE IF NOT EXISTS `familyhistory` (
  `id` int(11) unsigned NOT NULL AUTO_INCREMENT,
  `title` varchar(191) COLLATE utf8mb4_unicode_ci DEFAULT NULL,
  `del` int(11) unsigned DEFAULT NULL,
  PRIMARY KEY (`id`)
) ENGINE=InnoDB DEFAULT CHARSET=utf8mb4 COLLATE=utf8mb4_unicode_ci AUTO_INCREMENT=1 ;

-- --------------------------------------------------------

--
-- Table structure for table `folliculom`
--

CREATE TABLE IF NOT EXISTS `folliculom` (
  `id` int(11) NOT NULL AUTO_INCREMENT,
  `infertilitysheetid` int(11) unsigned DEFAULT NULL,
  `lmp` varchar(191) COLLATE utf8mb4_unicode_ci DEFAULT NULL,
  `ttt` varchar(191) COLLATE utf8mb4_unicode_ci DEFAULT NULL,
  `cd` varchar(191) COLLATE utf8mb4_unicode_ci DEFAULT NULL,
  `date` varchar(191) COLLATE utf8mb4_unicode_ci DEFAULT NULL,
  `ro` varchar(191) COLLATE utf8mb4_unicode_ci DEFAULT NULL,
  `lo` varchar(191) COLLATE utf8mb4_unicode_ci DEFAULT NULL,
  `endo` varchar(191) COLLATE utf8mb4_unicode_ci DEFAULT NULL,
  `pelvis` varchar(191) COLLATE utf8mb4_unicode_ci DEFAULT NULL,
  `too` varchar(191) COLLATE utf8mb4_unicode_ci DEFAULT NULL,
  `result` varchar(191) COLLATE utf8mb4_unicode_ci DEFAULT NULL,
  PRIMARY KEY (`id`)
) ENGINE=InnoDB DEFAULT CHARSET=utf8mb4 COLLATE=utf8mb4_unicode_ci AUTO_INCREMENT=1 ;

-- --------------------------------------------------------

--
-- Table structure for table `followup`
--

CREATE TABLE IF NOT EXISTS `followup` (
  `id` int(11) NOT NULL AUTO_INCREMENT,
  `patientid` int(11) NOT NULL,
  `history` text COLLATE utf8mb4_unicode_ci NOT NULL,
  `lmp` date NOT NULL,
  `eed` date NOT NULL,
  `ivf` date NOT NULL,
  `g` varchar(100) COLLATE utf8mb4_unicode_ci NOT NULL,
  `p` varchar(100) COLLATE utf8mb4_unicode_ci NOT NULL,
  `status` int(11) NOT NULL DEFAULT '0' COMMENT '1 end , 0 not yet ',
  PRIMARY KEY (`id`)
) ENGINE=InnoDB DEFAULT CHARSET=utf8mb4 COLLATE=utf8mb4_unicode_ci AUTO_INCREMENT=1 ;

-- --------------------------------------------------------

--
-- Table structure for table `followupcard`
--

CREATE TABLE IF NOT EXISTS `followupcard` (
  `id` int(11) NOT NULL AUTO_INCREMENT,
  `enterdate` date DEFAULT NULL,
  `exitdate` date DEFAULT NULL,
  `date` date DEFAULT NULL,
  `patientid` int(11) NOT NULL,
  `doctorid` int(11) NOT NULL,
  `diagnosis` text NOT NULL,
  `status` int(11) NOT NULL,
  `deleted` int(11) DEFAULT '0',
  `deptid` int(11) DEFAULT NULL,
  PRIMARY KEY (`id`)
) ENGINE=InnoDB DEFAULT CHARSET=latin1 ROW_FORMAT=COMPACT AUTO_INCREMENT=1 ;

-- --------------------------------------------------------

--
-- Table structure for table `followupcarddrugs`
--

CREATE TABLE IF NOT EXISTS `followupcarddrugs` (
  `id` int(11) NOT NULL AUTO_INCREMENT,
  `cardid` int(11) NOT NULL,
  `drugid` int(11) NOT NULL,
  `drugtype` varchar(250) NOT NULL,
  `drugdos` varchar(250) NOT NULL,
  `recepittmpid` int(11) DEFAULT '0',
  PRIMARY KEY (`id`)
) ENGINE=InnoDB DEFAULT CHARSET=latin1 ROW_FORMAT=COMPACT AUTO_INCREMENT=1 ;

-- --------------------------------------------------------

--
-- Table structure for table `followupdiagnosis`
--

CREATE TABLE IF NOT EXISTS `followupdiagnosis` (
  `id` int(11) NOT NULL AUTO_INCREMENT,
  `followid` int(11) NOT NULL,
  `date` date NOT NULL,
  `diagnosis` text COLLATE utf8mb4_unicode_ci NOT NULL,
  `del` int(11) NOT NULL DEFAULT '0',
  PRIMARY KEY (`id`)
) ENGINE=InnoDB DEFAULT CHARSET=utf8mb4 COLLATE=utf8mb4_unicode_ci AUTO_INCREMENT=1 ;

-- --------------------------------------------------------

--
-- Table structure for table `followupexam`
--

CREATE TABLE IF NOT EXISTS `followupexam` (
  `id` int(11) NOT NULL AUTO_INCREMENT,
  `followid` int(11) NOT NULL,
  `date` date NOT NULL,
  `exam` text COLLATE utf8mb4_unicode_ci NOT NULL,
  `del` int(11) NOT NULL DEFAULT '0',
  PRIMARY KEY (`id`)
) ENGINE=InnoDB DEFAULT CHARSET=utf8mb4 COLLATE=utf8mb4_unicode_ci AUTO_INCREMENT=1 ;

-- --------------------------------------------------------

--
-- Table structure for table `followupinvest`
--

CREATE TABLE IF NOT EXISTS `followupinvest` (
  `id` int(11) NOT NULL AUTO_INCREMENT,
  `followid` int(11) NOT NULL,
  `date` date NOT NULL,
  `invest` text COLLATE utf8mb4_unicode_ci NOT NULL,
  `del` int(11) NOT NULL DEFAULT '0',
  PRIMARY KEY (`id`)
) ENGINE=InnoDB DEFAULT CHARSET=utf8mb4 COLLATE=utf8mb4_unicode_ci AUTO_INCREMENT=1 ;

-- --------------------------------------------------------

--
-- Table structure for table `followupvisit`
--

CREATE TABLE IF NOT EXISTS `followupvisit` (
  `id` int(11) NOT NULL AUTO_INCREMENT,
  `followid` int(11) NOT NULL,
  `date` date NOT NULL,
  `wt` varchar(50) COLLATE utf8mb4_unicode_ci NOT NULL,
  `bp` varchar(50) COLLATE utf8mb4_unicode_ci NOT NULL,
  `ga` varchar(100) COLLATE utf8mb4_unicode_ci NOT NULL,
  `us` varchar(100) COLLATE utf8mb4_unicode_ci NOT NULL,
  `notes` text COLLATE utf8mb4_unicode_ci NOT NULL,
  `del` int(11) NOT NULL DEFAULT '0',
  PRIMARY KEY (`id`)
) ENGINE=InnoDB DEFAULT CHARSET=utf8mb4 COLLATE=utf8mb4_unicode_ci AUTO_INCREMENT=1 ;

-- --------------------------------------------------------

--
-- Table structure for table `generalanasthesa`
--

CREATE TABLE IF NOT EXISTS `generalanasthesa` (
  `id` int(11) NOT NULL AUTO_INCREMENT,
  `name` varchar(255) COLLATE utf8mb4_unicode_ci NOT NULL,
  `del` int(11) NOT NULL,
  `anasthesaid` int(11) NOT NULL,
  PRIMARY KEY (`id`)
) ENGINE=InnoDB  DEFAULT CHARSET=utf8mb4 COLLATE=utf8mb4_unicode_ci AUTO_INCREMENT=41 ;

--
-- Dumping data for table `generalanasthesa`
--

INSERT INTO `generalanasthesa` (`id`, `name`, `del`, `anasthesaid`) VALUES
(1, 'I.V', 0, 1),
(2, 'mask', 0, 1),
(3, 'spinal', 0, 2),
(4, 'epidural', 0, 2),
(5, 'local infiltration', 0, 2),
(6, 'paracervical block', 0, 2),
(7, 'wwww', 0, 4),
(8, 'wwww', 0, 3),
(9, 'uuu', 0, 5),
(10, 'aatt', 0, 16),
(11, 'ee', 0, 16),
(12, 'w', 1, 2),
(13, 'eeq', 1, 2),
(14, 'tt', 1, 2),
(15, 'qqm', 1, 21),
(16, 'rr', 1, 21),
(17, 'ww', 1, 21),
(18, 'aaa11', 0, 21),
(19, 'rrrr', 1, 21),
(20, '222', 0, 16),
(21, 'yyyy', 0, 29),
(22, 'yyyy', 1, 29),
(23, 'bb', 0, 30),
(24, 'ssss', 0, 31),
(25, 'zzz', 0, 33),
(26, 'dddd', 1, 35),
(27, 'hhhh', 0, 37),
(28, 'iiii', 0, 36),
(29, 'gfgfg', 0, 0),
(30, 'www', 0, 1),
(31, 'ttt1', 0, 1),
(32, 'ggg', 0, 1),
(33, 'hhh', 0, 1),
(34, 'uuuu', 0, 1),
(35, 'اا', 0, 39),
(36, 'ثثث', 0, 39),
(37, 'بب', 0, 39),
(38, 'ddd', 0, 39),
(39, 'aa', 0, 39),
(40, 'bb', 0, 39);

-- --------------------------------------------------------

--
-- Table structure for table `generalbreast`
--

CREATE TABLE IF NOT EXISTS `generalbreast` (
  `id` int(11) unsigned NOT NULL AUTO_INCREMENT,
  `title` varchar(191) COLLATE utf8mb4_unicode_ci DEFAULT NULL,
  `del` tinyint(1) unsigned DEFAULT NULL,
  PRIMARY KEY (`id`)
) ENGINE=InnoDB DEFAULT CHARSET=utf8mb4 COLLATE=utf8mb4_unicode_ci AUTO_INCREMENT=1 ;

-- --------------------------------------------------------

--
-- Table structure for table `generalhirsutism`
--

CREATE TABLE IF NOT EXISTS `generalhirsutism` (
  `id` int(11) unsigned NOT NULL AUTO_INCREMENT,
  `title` varchar(191) COLLATE utf8mb4_unicode_ci DEFAULT NULL,
  `del` tinyint(1) unsigned DEFAULT NULL,
  PRIMARY KEY (`id`)
) ENGINE=InnoDB DEFAULT CHARSET=utf8mb4 COLLATE=utf8mb4_unicode_ci AUTO_INCREMENT=1 ;

-- --------------------------------------------------------

--
-- Table structure for table `generalthyroid`
--

CREATE TABLE IF NOT EXISTS `generalthyroid` (
  `id` int(11) unsigned NOT NULL AUTO_INCREMENT,
  `title` varchar(191) COLLATE utf8mb4_unicode_ci DEFAULT NULL,
  `del` tinyint(1) unsigned DEFAULT NULL,
  PRIMARY KEY (`id`)
) ENGINE=InnoDB DEFAULT CHARSET=utf8mb4 COLLATE=utf8mb4_unicode_ci AUTO_INCREMENT=1 ;

-- --------------------------------------------------------

--
-- Table structure for table `gtdetail`
--

CREATE TABLE IF NOT EXISTS `gtdetail` (
  `id` int(11) unsigned NOT NULL AUTO_INCREMENT,
  `gtid` int(11) unsigned DEFAULT NULL,
  `posx` double DEFAULT NULL,
  `posy` double DEFAULT NULL,
  `width` int(11) unsigned DEFAULT NULL,
  `height` int(11) unsigned DEFAULT NULL,
  `imgno` int(11) unsigned DEFAULT NULL,
  `del` int(11) unsigned DEFAULT NULL,
  PRIMARY KEY (`id`)
) ENGINE=InnoDB DEFAULT CHARSET=utf8mb4 COLLATE=utf8mb4_unicode_ci ROW_FORMAT=COMPACT AUTO_INCREMENT=1 ;

-- --------------------------------------------------------

--
-- Table structure for table `gtimage`
--

CREATE TABLE IF NOT EXISTS `gtimage` (
  `id` int(11) unsigned NOT NULL AUTO_INCREMENT,
  `gdate` date DEFAULT NULL,
  `patientid` int(11) unsigned DEFAULT NULL,
  `doctorid` int(11) unsigned DEFAULT NULL,
  `gtid` int(11) unsigned DEFAULT NULL,
  `comment` varchar(191) COLLATE utf8mb4_unicode_ci DEFAULT NULL,
  `del` int(11) unsigned DEFAULT NULL,
  PRIMARY KEY (`id`)
) ENGINE=InnoDB DEFAULT CHARSET=utf8mb4 COLLATE=utf8mb4_unicode_ci ROW_FORMAT=COMPACT AUTO_INCREMENT=1 ;

-- --------------------------------------------------------

--
-- Table structure for table `gyna`
--

CREATE TABLE IF NOT EXISTS `gyna` (
  `id` int(11) unsigned NOT NULL AUTO_INCREMENT,
  `patientid` int(11) unsigned DEFAULT NULL,
  `gynadate` date DEFAULT NULL,
  `complaint` varchar(191) COLLATE utf8mb4_unicode_ci DEFAULT NULL,
  `diagnosisid` text COLLATE utf8mb4_unicode_ci,
  `notes` text COLLATE utf8mb4_unicode_ci,
  `conditions` int(11) unsigned DEFAULT NULL,
  `doctorid` int(11) unsigned DEFAULT NULL,
  `diagnosistxt` varchar(191) COLLATE utf8mb4_unicode_ci DEFAULT NULL,
  `complaintid` varchar(191) COLLATE utf8mb4_unicode_ci DEFAULT NULL,
  `inf_type` varchar(255) COLLATE utf8mb4_unicode_ci DEFAULT NULL,
  `inf_since_y` varchar(255) COLLATE utf8mb4_unicode_ci DEFAULT NULL,
  `inf_since_m` varchar(255) COLLATE utf8mb4_unicode_ci DEFAULT NULL,
  `inf_stay_y` varchar(255) COLLATE utf8mb4_unicode_ci DEFAULT NULL,
  `inf_stay_m` varchar(255) COLLATE utf8mb4_unicode_ci DEFAULT NULL,
  `inf_stay_hus` varchar(255) COLLATE utf8mb4_unicode_ci DEFAULT NULL,
  `inf_abortion` varchar(255) COLLATE utf8mb4_unicode_ci DEFAULT NULL,
  `inf_semen` varchar(255) COLLATE utf8mb4_unicode_ci DEFAULT NULL,
  `inf_fsh` varchar(255) COLLATE utf8mb4_unicode_ci DEFAULT NULL,
  `inf_lh` varchar(255) COLLATE utf8mb4_unicode_ci DEFAULT NULL,
  `inf_tsh` varchar(255) COLLATE utf8mb4_unicode_ci DEFAULT NULL,
  `inf_prl` varchar(255) COLLATE utf8mb4_unicode_ci DEFAULT NULL,
  `inf_amh` varchar(255) COLLATE utf8mb4_unicode_ci DEFAULT NULL,
  `inf_hsg` varchar(255) COLLATE utf8mb4_unicode_ci DEFAULT NULL,
  `inf_note` text COLLATE utf8mb4_unicode_ci,
  `gynalmp` date DEFAULT NULL,
  PRIMARY KEY (`id`)
) ENGINE=InnoDB DEFAULT CHARSET=utf8mb4 COLLATE=utf8mb4_unicode_ci ROW_FORMAT=DYNAMIC AUTO_INCREMENT=1 ;

-- --------------------------------------------------------

--
-- Table structure for table `gynadrugs`
--

CREATE TABLE IF NOT EXISTS `gynadrugs` (
  `id` int(11) NOT NULL AUTO_INCREMENT,
  `patientid` int(11) NOT NULL,
  `date` date NOT NULL,
  `drugid` varchar(150) COLLATE utf8mb4_unicode_ci DEFAULT NULL,
  `drugtype` varchar(100) COLLATE utf8mb4_unicode_ci DEFAULT NULL,
  `drugdos` varchar(255) COLLATE utf8mb4_unicode_ci DEFAULT NULL,
  `deleted` int(11) NOT NULL DEFAULT '0',
  `doctorid` int(11) NOT NULL,
  `drugname` varchar(191) COLLATE utf8mb4_unicode_ci DEFAULT NULL,
  `forhusband` int(11) unsigned DEFAULT NULL,
  `recepittmpid` int(11) DEFAULT '0',
  `recepitdrugid` int(11) DEFAULT '0',
  PRIMARY KEY (`id`)
) ENGINE=InnoDB DEFAULT CHARSET=utf8mb4 COLLATE=utf8mb4_unicode_ci ROW_FORMAT=COMPACT AUTO_INCREMENT=1 ;

-- --------------------------------------------------------

--
-- Table structure for table `gynainfertility`
--

CREATE TABLE IF NOT EXISTS `gynainfertility` (
  `id` int(11) NOT NULL AUTO_INCREMENT,
  `patientid` int(11) NOT NULL,
  `note` text COLLATE utf8mb4_unicode_ci,
  `date` date DEFAULT NULL,
  `type` varchar(255) COLLATE utf8mb4_unicode_ci DEFAULT NULL,
  `since_y` varchar(255) COLLATE utf8mb4_unicode_ci DEFAULT NULL,
  `since_m` varchar(255) COLLATE utf8mb4_unicode_ci DEFAULT NULL,
  `stay_y` varchar(255) COLLATE utf8mb4_unicode_ci DEFAULT NULL,
  `stay_m` varchar(255) COLLATE utf8mb4_unicode_ci DEFAULT NULL,
  `stay_hus` varchar(255) COLLATE utf8mb4_unicode_ci DEFAULT NULL,
  `abortion` varchar(255) COLLATE utf8mb4_unicode_ci DEFAULT NULL,
  `semen` varchar(255) COLLATE utf8mb4_unicode_ci DEFAULT NULL,
  `fsh` varchar(255) COLLATE utf8mb4_unicode_ci DEFAULT NULL,
  `lh` varchar(255) COLLATE utf8mb4_unicode_ci DEFAULT NULL,
  `tsh` varchar(255) COLLATE utf8mb4_unicode_ci DEFAULT NULL,
  `prl` varchar(255) COLLATE utf8mb4_unicode_ci DEFAULT NULL,
  `amh` varchar(255) COLLATE utf8mb4_unicode_ci DEFAULT NULL,
  `hsg` varchar(255) COLLATE utf8mb4_unicode_ci DEFAULT NULL,
  PRIMARY KEY (`id`)
) ENGINE=InnoDB DEFAULT CHARSET=utf8mb4 COLLATE=utf8mb4_unicode_ci ROW_FORMAT=DYNAMIC AUTO_INCREMENT=1 ;

-- --------------------------------------------------------

--
-- Table structure for table `gynainfertilityplan`
--

CREATE TABLE IF NOT EXISTS `gynainfertilityplan` (
  `id` int(11) NOT NULL AUTO_INCREMENT,
  `patientid` int(11) NOT NULL,
  `plan` text COLLATE utf8mb4_unicode_ci,
  `itr` int(11) DEFAULT '0',
  `deleted` int(11) DEFAULT '0',
  PRIMARY KEY (`id`)
) ENGINE=InnoDB DEFAULT CHARSET=utf8mb4 COLLATE=utf8mb4_unicode_ci ROW_FORMAT=COMPACT AUTO_INCREMENT=1 ;

-- --------------------------------------------------------

--
-- Table structure for table `gynainfertilitytype`
--

CREATE TABLE IF NOT EXISTS `gynainfertilitytype` (
  `id` int(11) NOT NULL AUTO_INCREMENT,
  `name` text COLLATE utf8mb4_unicode_ci,
  `deleted` int(11) DEFAULT '0',
  PRIMARY KEY (`id`)
) ENGINE=InnoDB DEFAULT CHARSET=utf8mb4 COLLATE=utf8mb4_unicode_ci ROW_FORMAT=COMPACT AUTO_INCREMENT=1 ;

-- --------------------------------------------------------

--
-- Table structure for table `gynainvestigation`
--

CREATE TABLE IF NOT EXISTS `gynainvestigation` (
  `id` int(11) NOT NULL AUTO_INCREMENT,
  `patientid` int(11) NOT NULL,
  `date` date NOT NULL,
  `investid` int(11) NOT NULL,
  `investresult` varchar(250) COLLATE utf8mb4_unicode_ci DEFAULT NULL,
  `deleted` int(11) NOT NULL DEFAULT '0',
  `doctorid` int(11) NOT NULL,
  `forhusband` int(11) DEFAULT NULL,
  PRIMARY KEY (`id`)
) ENGINE=InnoDB DEFAULT CHARSET=utf8mb4 COLLATE=utf8mb4_unicode_ci ROW_FORMAT=COMPACT AUTO_INCREMENT=1 ;

-- --------------------------------------------------------

--
-- Table structure for table `gynasheet`
--

CREATE TABLE IF NOT EXISTS `gynasheet` (
  `id` int(11) NOT NULL AUTO_INCREMENT,
  `patientid` int(11) unsigned DEFAULT NULL,
  `usvsdtv` varchar(191) COLLATE utf8mb4_unicode_ci DEFAULT NULL,
  PRIMARY KEY (`id`)
) ENGINE=InnoDB DEFAULT CHARSET=utf8mb4 COLLATE=utf8mb4_unicode_ci AUTO_INCREMENT=1 ;

-- --------------------------------------------------------

--
-- Table structure for table `gynasheetdrugs`
--

CREATE TABLE IF NOT EXISTS `gynasheetdrugs` (
  `id` int(11) NOT NULL AUTO_INCREMENT,
  `patientid` int(11) NOT NULL,
  `date` date NOT NULL,
  `drugid` varchar(150) COLLATE utf8mb4_unicode_ci DEFAULT NULL,
  `drugtype` varchar(100) COLLATE utf8mb4_unicode_ci DEFAULT NULL,
  `drugdos` varchar(255) COLLATE utf8mb4_unicode_ci DEFAULT NULL,
  `deleted` int(11) NOT NULL DEFAULT '0',
  `doctorid` int(11) NOT NULL,
  `drugname` varchar(191) COLLATE utf8mb4_unicode_ci DEFAULT NULL,
  `forhusband` int(11) unsigned DEFAULT NULL,
  `recepittmpid` int(11) DEFAULT '0',
  `recepitdrugid` int(11) DEFAULT '0',
  PRIMARY KEY (`id`)
) ENGINE=InnoDB DEFAULT CHARSET=utf8mb4 COLLATE=utf8mb4_unicode_ci ROW_FORMAT=COMPACT AUTO_INCREMENT=1 ;

-- --------------------------------------------------------

--
-- Table structure for table `gynaus`
--

CREATE TABLE IF NOT EXISTS `gynaus` (
  `id` int(11) NOT NULL AUTO_INCREMENT,
  `patientid` int(11) DEFAULT NULL,
  `date` date DEFAULT NULL,
  `day` varchar(50) COLLATE utf8mb4_unicode_ci DEFAULT NULL,
  `endo` varchar(50) COLLATE utf8mb4_unicode_ci DEFAULT NULL,
  `ovrayll` varchar(50) COLLATE utf8mb4_unicode_ci DEFAULT NULL,
  `ovraylw` varchar(50) COLLATE utf8mb4_unicode_ci DEFAULT NULL,
  `ovraylv` varchar(50) COLLATE utf8mb4_unicode_ci DEFAULT NULL,
  `ovraylno` varchar(50) COLLATE utf8mb4_unicode_ci DEFAULT NULL,
  `ovraylsize` varchar(50) COLLATE utf8mb4_unicode_ci DEFAULT NULL,
  `ovrayrl` varchar(50) COLLATE utf8mb4_unicode_ci DEFAULT NULL,
  `ovrayrw` varchar(50) COLLATE utf8mb4_unicode_ci DEFAULT NULL,
  `ovrayrv` varchar(50) COLLATE utf8mb4_unicode_ci DEFAULT NULL,
  `ovrayrno` varchar(50) COLLATE utf8mb4_unicode_ci DEFAULT NULL,
  `ovrayrsize` varchar(50) COLLATE utf8mb4_unicode_ci DEFAULT NULL,
  `uterusl` varchar(50) COLLATE utf8mb4_unicode_ci DEFAULT NULL,
  `uterusw` varchar(50) COLLATE utf8mb4_unicode_ci DEFAULT NULL,
  `uterusv` varchar(50) COLLATE utf8mb4_unicode_ci DEFAULT NULL,
  `cervixl` varchar(50) COLLATE utf8mb4_unicode_ci DEFAULT NULL,
  `cervixw` varchar(50) COLLATE utf8mb4_unicode_ci DEFAULT NULL,
  `cervixv` varchar(50) COLLATE utf8mb4_unicode_ci DEFAULT NULL,
  `notes` text COLLATE utf8mb4_unicode_ci,
  `lfolliclesno` int(11) NOT NULL DEFAULT '0',
  `rfolliclesno` int(11) NOT NULL DEFAULT '0',
  `doctorid` int(11) NOT NULL,
  `deleted` int(11) DEFAULT '0',
  `mainantenatalid` int(11) unsigned DEFAULT NULL,
  PRIMARY KEY (`id`)
) ENGINE=InnoDB DEFAULT CHARSET=utf8mb4 COLLATE=utf8mb4_unicode_ci ROW_FORMAT=COMPACT COMMENT='ultrasound for gyna visits' AUTO_INCREMENT=1 ;

-- --------------------------------------------------------

--
-- Table structure for table `gynausficils`
--

CREATE TABLE IF NOT EXISTS `gynausficils` (
  `id` int(11) NOT NULL AUTO_INCREMENT,
  `gynausid` int(11) NOT NULL,
  `name` varchar(100) COLLATE utf8mb4_unicode_ci DEFAULT NULL,
  `length` varchar(100) COLLATE utf8mb4_unicode_ci DEFAULT NULL,
  `width` varchar(100) COLLATE utf8mb4_unicode_ci DEFAULT NULL,
  `volume` varchar(100) COLLATE utf8mb4_unicode_ci DEFAULT NULL,
  `type` int(11) NOT NULL DEFAULT '0',
  `sysdate` date DEFAULT NULL,
  PRIMARY KEY (`id`)
) ENGINE=InnoDB DEFAULT CHARSET=utf8mb4 COLLATE=utf8mb4_unicode_ci ROW_FORMAT=COMPACT AUTO_INCREMENT=1 ;

-- --------------------------------------------------------

--
-- Table structure for table `help`
--

CREATE TABLE IF NOT EXISTS `help` (
  `id` int(11) NOT NULL AUTO_INCREMENT,
  `name` varchar(255) COLLATE utf8mb4_unicode_ci NOT NULL,
  `content` varchar(255) COLLATE utf8mb4_unicode_ci NOT NULL,
  `tempdelete` char(1) COLLATE utf8mb4_unicode_ci NOT NULL DEFAULT '0',
  PRIMARY KEY (`id`)
) ENGINE=InnoDB DEFAULT CHARSET=utf8mb4 COLLATE=utf8mb4_unicode_ci AUTO_INCREMENT=1 ;

-- --------------------------------------------------------

--
-- Table structure for table `histopath`
--

CREATE TABLE IF NOT EXISTS `histopath` (
  `id` int(11) unsigned NOT NULL AUTO_INCREMENT,
  `title` varchar(191) COLLATE utf8mb4_unicode_ci DEFAULT NULL,
  `del` tinyint(1) unsigned DEFAULT NULL,
  PRIMARY KEY (`id`)
) ENGINE=InnoDB DEFAULT CHARSET=utf8mb4 COLLATE=utf8mb4_unicode_ci AUTO_INCREMENT=1 ;

-- --------------------------------------------------------

--
-- Table structure for table `hormon`
--

CREATE TABLE IF NOT EXISTS `hormon` (
  `id` int(11) unsigned NOT NULL AUTO_INCREMENT,
  `sdate` date DEFAULT NULL,
  `patientid` varchar(191) COLLATE utf8mb4_unicode_ci DEFAULT NULL,
  `del` int(11) unsigned DEFAULT NULL,
  `lh` varchar(191) COLLATE utf8mb4_unicode_ci DEFAULT NULL,
  `prl` varchar(191) COLLATE utf8mb4_unicode_ci DEFAULT NULL,
  `etwo` varchar(191) COLLATE utf8mb4_unicode_ci DEFAULT NULL,
  `amh` varchar(191) COLLATE utf8mb4_unicode_ci DEFAULT NULL,
  `freet` varchar(191) COLLATE utf8mb4_unicode_ci DEFAULT NULL,
  `totalt` varchar(191) COLLATE utf8mb4_unicode_ci DEFAULT NULL,
  `pfour` varchar(191) COLLATE utf8mb4_unicode_ci DEFAULT NULL,
  `tsh` varchar(191) COLLATE utf8mb4_unicode_ci DEFAULT NULL,
  `tthree` varchar(191) COLLATE utf8mb4_unicode_ci DEFAULT NULL,
  `dht` varchar(191) COLLATE utf8mb4_unicode_ci DEFAULT NULL,
  `bhcg` varchar(191) COLLATE utf8mb4_unicode_ci DEFAULT NULL,
  `inhibinb` varchar(191) COLLATE utf8mb4_unicode_ci DEFAULT NULL,
  `asd` varchar(191) COLLATE utf8mb4_unicode_ci DEFAULT NULL,
  `notes` varchar(191) COLLATE utf8mb4_unicode_ci DEFAULT NULL,
  `tfour` varchar(191) COLLATE utf8mb4_unicode_ci DEFAULT NULL,
  `dheas` varchar(191) COLLATE utf8mb4_unicode_ci DEFAULT NULL,
  `fsh` varchar(191) COLLATE utf8mb4_unicode_ci DEFAULT NULL,
  `doctorid` int(11) unsigned DEFAULT NULL,
  `ca125` varchar(191) COLLATE utf8mb4_unicode_ci DEFAULT NULL,
  `cea` varchar(191) COLLATE utf8mb4_unicode_ci DEFAULT NULL,
  `calgg` varchar(191) COLLATE utf8mb4_unicode_ci DEFAULT NULL,
  `ldh` varchar(191) COLLATE utf8mb4_unicode_ci DEFAULT NULL,
  `tfehprotein` varchar(191) COLLATE utf8mb4_unicode_ci DEFAULT NULL,
  PRIMARY KEY (`id`)
) ENGINE=InnoDB DEFAULT CHARSET=utf8mb4 COLLATE=utf8mb4_unicode_ci ROW_FORMAT=DYNAMIC AUTO_INCREMENT=1 ;

-- --------------------------------------------------------

--
-- Table structure for table `hormonalprofile`
--

CREATE TABLE IF NOT EXISTS `hormonalprofile` (
  `id` int(11) NOT NULL AUTO_INCREMENT,
  `infertilitysheetid` int(11) unsigned DEFAULT NULL,
  `datefsh` varchar(191) COLLATE utf8mb4_unicode_ci DEFAULT NULL,
  `datelh` varchar(191) COLLATE utf8mb4_unicode_ci DEFAULT NULL,
  `datett` varchar(191) COLLATE utf8mb4_unicode_ci DEFAULT NULL,
  `dateprl` varchar(191) COLLATE utf8mb4_unicode_ci DEFAULT NULL,
  `datee2` varchar(191) COLLATE utf8mb4_unicode_ci DEFAULT NULL,
  `dateinhibin` varchar(191) COLLATE utf8mb4_unicode_ci DEFAULT NULL,
  `dateother` varchar(191) COLLATE utf8mb4_unicode_ci DEFAULT NULL,
  `dateother1` varchar(191) COLLATE utf8mb4_unicode_ci DEFAULT NULL,
  `resultfsh` varchar(191) COLLATE utf8mb4_unicode_ci DEFAULT NULL,
  `resultlh` varchar(191) COLLATE utf8mb4_unicode_ci DEFAULT NULL,
  `resulttt` varchar(191) COLLATE utf8mb4_unicode_ci DEFAULT NULL,
  `resultprl` varchar(191) COLLATE utf8mb4_unicode_ci DEFAULT NULL,
  `resulte2` varchar(191) COLLATE utf8mb4_unicode_ci DEFAULT NULL,
  `resultinhibin` varchar(191) COLLATE utf8mb4_unicode_ci DEFAULT NULL,
  `resultother` varchar(191) COLLATE utf8mb4_unicode_ci DEFAULT NULL,
  `resultother1` varchar(191) COLLATE utf8mb4_unicode_ci DEFAULT NULL,
  PRIMARY KEY (`id`)
) ENGINE=InnoDB DEFAULT CHARSET=utf8mb4 COLLATE=utf8mb4_unicode_ci AUTO_INCREMENT=1 ;

-- --------------------------------------------------------

--
-- Table structure for table `hormonalprofile2`
--

CREATE TABLE IF NOT EXISTS `hormonalprofile2` (
  `id` int(11) NOT NULL AUTO_INCREMENT,
  `infertilitysheetid` int(11) unsigned DEFAULT NULL,
  `dateother` varchar(191) COLLATE utf8mb4_unicode_ci DEFAULT NULL,
  `datep4` varchar(191) COLLATE utf8mb4_unicode_ci DEFAULT NULL,
  `datee2` varchar(191) COLLATE utf8mb4_unicode_ci DEFAULT NULL,
  `datelh` varchar(191) COLLATE utf8mb4_unicode_ci DEFAULT NULL,
  `datefsh` varchar(191) COLLATE utf8mb4_unicode_ci DEFAULT NULL,
  `dateprl` varchar(191) COLLATE utf8mb4_unicode_ci DEFAULT NULL,
  `datetsh` varchar(191) COLLATE utf8mb4_unicode_ci DEFAULT NULL,
  `dateamh` varchar(191) COLLATE utf8mb4_unicode_ci DEFAULT NULL,
  `resultamh` varchar(191) COLLATE utf8mb4_unicode_ci DEFAULT NULL,
  `resulttsh` varchar(191) COLLATE utf8mb4_unicode_ci DEFAULT NULL,
  `resultprl` varchar(191) COLLATE utf8mb4_unicode_ci DEFAULT NULL,
  `resultfsh` varchar(191) COLLATE utf8mb4_unicode_ci DEFAULT NULL,
  `resultlh` varchar(191) COLLATE utf8mb4_unicode_ci DEFAULT NULL,
  `resulte2` varchar(191) COLLATE utf8mb4_unicode_ci DEFAULT NULL,
  `resultp4` varchar(191) COLLATE utf8mb4_unicode_ci DEFAULT NULL,
  `resultother` varchar(191) COLLATE utf8mb4_unicode_ci DEFAULT NULL,
  PRIMARY KEY (`id`)
) ENGINE=InnoDB DEFAULT CHARSET=utf8mb4 COLLATE=utf8mb4_unicode_ci AUTO_INCREMENT=1 ;

-- --------------------------------------------------------

--
-- Table structure for table `hospitalnames`
--

CREATE TABLE IF NOT EXISTS `hospitalnames` (
  `id` int(11) unsigned NOT NULL AUTO_INCREMENT,
  `name` varchar(191) COLLATE utf8mb4_unicode_ci DEFAULT NULL,
  PRIMARY KEY (`id`)
) ENGINE=InnoDB DEFAULT CHARSET=utf8mb4 COLLATE=utf8mb4_unicode_ci AUTO_INCREMENT=1 ;

-- --------------------------------------------------------

--
-- Table structure for table `hsg`
--

CREATE TABLE IF NOT EXISTS `hsg` (
  `id` int(11) NOT NULL AUTO_INCREMENT,
  `infertilitysheetid` tinyint(1) unsigned DEFAULT NULL,
  `hsgut` varchar(191) COLLATE utf8mb4_unicode_ci DEFAULT NULL,
  `hsgplace` varchar(191) COLLATE utf8mb4_unicode_ci DEFAULT NULL,
  `hsgrt` varchar(191) COLLATE utf8mb4_unicode_ci DEFAULT NULL,
  `hsglt` varchar(191) COLLATE utf8mb4_unicode_ci DEFAULT NULL,
  `hsgpelvis` varchar(191) COLLATE utf8mb4_unicode_ci DEFAULT NULL,
  `date` varchar(191) COLLATE utf8mb4_unicode_ci DEFAULT NULL,
  `sdate` date DEFAULT NULL,
  `patientid` int(11) unsigned DEFAULT NULL,
  `doctorid` tinyint(1) unsigned DEFAULT NULL,
  `del` int(11) unsigned DEFAULT NULL,
  PRIMARY KEY (`id`)
) ENGINE=InnoDB DEFAULT CHARSET=utf8mb4 COLLATE=utf8mb4_unicode_ci AUTO_INCREMENT=1 ;

-- --------------------------------------------------------

--
-- Table structure for table `hsglt`
--

CREATE TABLE IF NOT EXISTS `hsglt` (
  `id` int(11) unsigned NOT NULL AUTO_INCREMENT,
  `title` varchar(191) COLLATE utf8mb4_unicode_ci DEFAULT NULL,
  `del` tinyint(1) unsigned DEFAULT NULL,
  PRIMARY KEY (`id`)
) ENGINE=InnoDB DEFAULT CHARSET=utf8mb4 COLLATE=utf8mb4_unicode_ci AUTO_INCREMENT=1 ;

-- --------------------------------------------------------

--
-- Table structure for table `hsgplace`
--

CREATE TABLE IF NOT EXISTS `hsgplace` (
  `id` int(11) unsigned NOT NULL AUTO_INCREMENT,
  `title` varchar(191) COLLATE utf8mb4_unicode_ci DEFAULT NULL,
  `del` tinyint(1) unsigned DEFAULT NULL,
  PRIMARY KEY (`id`)
) ENGINE=InnoDB DEFAULT CHARSET=utf8mb4 COLLATE=utf8mb4_unicode_ci AUTO_INCREMENT=1 ;

-- --------------------------------------------------------

--
-- Table structure for table `hsgrt`
--

CREATE TABLE IF NOT EXISTS `hsgrt` (
  `id` int(11) unsigned NOT NULL AUTO_INCREMENT,
  `title` varchar(191) COLLATE utf8mb4_unicode_ci DEFAULT NULL,
  `del` tinyint(1) unsigned DEFAULT NULL,
  PRIMARY KEY (`id`)
) ENGINE=InnoDB DEFAULT CHARSET=utf8mb4 COLLATE=utf8mb4_unicode_ci AUTO_INCREMENT=1 ;

-- --------------------------------------------------------

--
-- Table structure for table `hsgut`
--

CREATE TABLE IF NOT EXISTS `hsgut` (
  `id` int(11) unsigned NOT NULL AUTO_INCREMENT,
  `title` varchar(191) COLLATE utf8mb4_unicode_ci DEFAULT NULL,
  `del` tinyint(1) unsigned DEFAULT NULL,
  PRIMARY KEY (`id`)
) ENGINE=InnoDB DEFAULT CHARSET=utf8mb4 COLLATE=utf8mb4_unicode_ci AUTO_INCREMENT=1 ;

-- --------------------------------------------------------

--
-- Table structure for table `husbandjobs`
--

CREATE TABLE IF NOT EXISTS `husbandjobs` (
  `id` int(11) NOT NULL AUTO_INCREMENT,
  `title` varchar(55) NOT NULL,
  `del` int(11) unsigned DEFAULT NULL,
  PRIMARY KEY (`id`)
) ENGINE=InnoDB  DEFAULT CHARSET=latin1 ROW_FORMAT=COMPACT AUTO_INCREMENT=2 ;

--
-- Dumping data for table `husbandjobs`
--

INSERT INTO `husbandjobs` (`id`, `title`, `del`) VALUES
(1, 'محاسب', NULL);

-- --------------------------------------------------------

--
-- Table structure for table `husbandtypes`
--

CREATE TABLE IF NOT EXISTS `husbandtypes` (
  `id` int(11) NOT NULL AUTO_INCREMENT,
  `title` varchar(50) NOT NULL,
  `del` int(11) unsigned DEFAULT NULL,
  PRIMARY KEY (`id`)
) ENGINE=InnoDB  DEFAULT CHARSET=latin1 ROW_FORMAT=COMPACT AUTO_INCREMENT=2 ;

--
-- Dumping data for table `husbandtypes`
--

INSERT INTO `husbandtypes` (`id`, `title`, `del`) VALUES
(1, 'استاذ', NULL);

-- --------------------------------------------------------

--
-- Table structure for table `husbndiagnosis1`
--

CREATE TABLE IF NOT EXISTS `husbndiagnosis1` (
  `id` int(11) unsigned NOT NULL AUTO_INCREMENT,
  `title` varchar(191) COLLATE utf8mb4_unicode_ci DEFAULT NULL,
  `del` int(11) unsigned DEFAULT NULL,
  PRIMARY KEY (`id`)
) ENGINE=InnoDB DEFAULT CHARSET=utf8mb4 COLLATE=utf8mb4_unicode_ci AUTO_INCREMENT=1 ;

-- --------------------------------------------------------

--
-- Table structure for table `husbndiagnosis2`
--

CREATE TABLE IF NOT EXISTS `husbndiagnosis2` (
  `id` int(11) unsigned NOT NULL AUTO_INCREMENT,
  `title` varchar(191) COLLATE utf8mb4_unicode_ci DEFAULT NULL,
  `del` int(11) unsigned DEFAULT NULL,
  PRIMARY KEY (`id`)
) ENGINE=InnoDB DEFAULT CHARSET=utf8mb4 COLLATE=utf8mb4_unicode_ci AUTO_INCREMENT=1 ;

-- --------------------------------------------------------

--
-- Table structure for table `husbndiagnosis3`
--

CREATE TABLE IF NOT EXISTS `husbndiagnosis3` (
  `id` int(11) unsigned NOT NULL AUTO_INCREMENT,
  `title` varchar(191) COLLATE utf8mb4_unicode_ci DEFAULT NULL,
  `del` int(11) unsigned DEFAULT NULL,
  PRIMARY KEY (`id`)
) ENGINE=InnoDB DEFAULT CHARSET=utf8mb4 COLLATE=utf8mb4_unicode_ci AUTO_INCREMENT=1 ;

-- --------------------------------------------------------

--
-- Table structure for table `hysteroscopy`
--

CREATE TABLE IF NOT EXISTS `hysteroscopy` (
  `id` int(11) NOT NULL AUTO_INCREMENT,
  `infertilitysheetid` int(11) unsigned DEFAULT NULL,
  `copydil` varchar(191) COLLATE utf8mb4_unicode_ci DEFAULT NULL,
  `copycx` varchar(191) COLLATE utf8mb4_unicode_ci DEFAULT NULL,
  `copyintrod` varchar(191) COLLATE utf8mb4_unicode_ci DEFAULT NULL,
  `copycavity` varchar(191) COLLATE utf8mb4_unicode_ci DEFAULT NULL,
  `copyplace` varchar(191) COLLATE utf8mb4_unicode_ci DEFAULT NULL,
  `copymcx` varchar(191) COLLATE utf8mb4_unicode_ci DEFAULT NULL,
  `copyrostium` varchar(191) COLLATE utf8mb4_unicode_ci DEFAULT NULL,
  `copylostium` varchar(191) COLLATE utf8mb4_unicode_ci DEFAULT NULL,
  `copymcavity` varchar(191) COLLATE utf8mb4_unicode_ci DEFAULT NULL,
  `copymrostium` varchar(191) COLLATE utf8mb4_unicode_ci DEFAULT NULL,
  `copymlostium` varchar(191) COLLATE utf8mb4_unicode_ci DEFAULT NULL,
  `date` varchar(191) COLLATE utf8mb4_unicode_ci DEFAULT NULL,
  `hysintervention` varchar(191) COLLATE utf8mb4_unicode_ci DEFAULT NULL,
  `coast` varchar(191) COLLATE utf8mb4_unicode_ci DEFAULT NULL,
  `sdate` date DEFAULT NULL,
  `patientid` int(11) unsigned DEFAULT NULL,
  `doctorid` tinyint(1) unsigned DEFAULT NULL,
  `del` int(11) unsigned DEFAULT NULL,
  PRIMARY KEY (`id`)
) ENGINE=InnoDB DEFAULT CHARSET=utf8mb4 COLLATE=utf8mb4_unicode_ci AUTO_INCREMENT=1 ;

-- --------------------------------------------------------

--
-- Table structure for table `icsi`
--

CREATE TABLE IF NOT EXISTS `icsi` (
  `id` int(11) NOT NULL AUTO_INCREMENT,
  `infertilitysheetid` int(11) unsigned DEFAULT NULL,
  `icsiprotocol` varchar(191) COLLATE utf8mb4_unicode_ci DEFAULT NULL,
  `icsiplace` varchar(191) COLLATE utf8mb4_unicode_ci DEFAULT NULL,
  `icsisemen` varchar(191) COLLATE utf8mb4_unicode_ci DEFAULT NULL,
  `icsiresult` varchar(191) COLLATE utf8mb4_unicode_ci DEFAULT NULL,
  `refr` varchar(191) COLLATE utf8mb4_unicode_ci DEFAULT NULL,
  `fr` varchar(191) COLLATE utf8mb4_unicode_ci DEFAULT NULL,
  `vd` varchar(191) COLLATE utf8mb4_unicode_ci DEFAULT NULL,
  `et` varchar(191) COLLATE utf8mb4_unicode_ci DEFAULT NULL,
  `icsiss` varchar(191) COLLATE utf8mb4_unicode_ci DEFAULT NULL,
  `fert` varchar(191) COLLATE utf8mb4_unicode_ci DEFAULT NULL,
  `opu` varchar(191) COLLATE utf8mb4_unicode_ci DEFAULT NULL,
  `date` varchar(191) COLLATE utf8mb4_unicode_ci DEFAULT NULL,
  PRIMARY KEY (`id`)
) ENGINE=InnoDB DEFAULT CHARSET=utf8mb4 COLLATE=utf8mb4_unicode_ci AUTO_INCREMENT=1 ;

-- --------------------------------------------------------

--
-- Table structure for table `icsiplace`
--

CREATE TABLE IF NOT EXISTS `icsiplace` (
  `id` int(11) unsigned NOT NULL AUTO_INCREMENT,
  `title` varchar(191) COLLATE utf8mb4_unicode_ci DEFAULT NULL,
  `del` int(11) unsigned DEFAULT NULL,
  PRIMARY KEY (`id`)
) ENGINE=InnoDB DEFAULT CHARSET=utf8mb4 COLLATE=utf8mb4_unicode_ci AUTO_INCREMENT=1 ;

-- --------------------------------------------------------

--
-- Table structure for table `icsiprotocol`
--

CREATE TABLE IF NOT EXISTS `icsiprotocol` (
  `id` int(11) unsigned NOT NULL AUTO_INCREMENT,
  `title` varchar(191) COLLATE utf8mb4_unicode_ci DEFAULT NULL,
  `del` tinyint(1) unsigned DEFAULT NULL,
  PRIMARY KEY (`id`)
) ENGINE=InnoDB DEFAULT CHARSET=utf8mb4 COLLATE=utf8mb4_unicode_ci AUTO_INCREMENT=1 ;

-- --------------------------------------------------------

--
-- Table structure for table `icsiresult`
--

CREATE TABLE IF NOT EXISTS `icsiresult` (
  `id` int(11) unsigned NOT NULL AUTO_INCREMENT,
  `title` varchar(191) COLLATE utf8mb4_unicode_ci DEFAULT NULL,
  `del` tinyint(1) unsigned DEFAULT NULL,
  PRIMARY KEY (`id`)
) ENGINE=InnoDB DEFAULT CHARSET=utf8mb4 COLLATE=utf8mb4_unicode_ci AUTO_INCREMENT=1 ;

-- --------------------------------------------------------

--
-- Table structure for table `icsisemen`
--

CREATE TABLE IF NOT EXISTS `icsisemen` (
  `id` int(11) unsigned NOT NULL AUTO_INCREMENT,
  `title` varchar(191) COLLATE utf8mb4_unicode_ci DEFAULT NULL,
  `del` int(11) unsigned DEFAULT NULL,
  PRIMARY KEY (`id`)
) ENGINE=InnoDB DEFAULT CHARSET=utf8mb4 COLLATE=utf8mb4_unicode_ci AUTO_INCREMENT=1 ;

-- --------------------------------------------------------

--
-- Table structure for table `icsiss`
--

CREATE TABLE IF NOT EXISTS `icsiss` (
  `id` int(11) unsigned NOT NULL AUTO_INCREMENT,
  `title` varchar(191) COLLATE utf8mb4_unicode_ci DEFAULT NULL,
  `del` tinyint(1) unsigned DEFAULT NULL,
  PRIMARY KEY (`id`)
) ENGINE=InnoDB DEFAULT CHARSET=utf8mb4 COLLATE=utf8mb4_unicode_ci AUTO_INCREMENT=1 ;

-- --------------------------------------------------------

--
-- Table structure for table `importbill`
--

CREATE TABLE IF NOT EXISTS `importbill` (
  `id` int(11) NOT NULL AUTO_INCREMENT,
  `invoicenum` varchar(50) NOT NULL,
  `invoicedate` date NOT NULL,
  `suppliers` varchar(100) NOT NULL,
  `receiveuser` int(11) NOT NULL,
  PRIMARY KEY (`id`)
) ENGINE=InnoDB DEFAULT CHARSET=latin1 ROW_FORMAT=COMPACT AUTO_INCREMENT=1 ;

-- --------------------------------------------------------

--
-- Table structure for table `importdetails`
--

CREATE TABLE IF NOT EXISTS `importdetails` (
  `id` int(11) NOT NULL AUTO_INCREMENT,
  `bill_id` int(11) NOT NULL,
  `drug_id` int(11) NOT NULL,
  `amount` int(10) NOT NULL,
  PRIMARY KEY (`id`),
  KEY `index_foreignkey_importdetails_importbill` (`bill_id`)
) ENGINE=InnoDB DEFAULT CHARSET=latin1 ROW_FORMAT=COMPACT AUTO_INCREMENT=1 ;

-- --------------------------------------------------------

--
-- Table structure for table `importtdetails`
--

CREATE TABLE IF NOT EXISTS `importtdetails` (
  `id` int(11) unsigned NOT NULL AUTO_INCREMENT,
  `bill_id` int(11) unsigned DEFAULT NULL,
  `drug_id` int(11) unsigned DEFAULT NULL,
  `amount` int(11) unsigned DEFAULT NULL,
  PRIMARY KEY (`id`)
) ENGINE=InnoDB DEFAULT CHARSET=utf8mb4 COLLATE=utf8mb4_unicode_ci AUTO_INCREMENT=1 ;

-- --------------------------------------------------------

--
-- Table structure for table `infertility`
--

CREATE TABLE IF NOT EXISTS `infertility` (
  `id` int(11) NOT NULL AUTO_INCREMENT,
  `patientid` int(11) NOT NULL,
  `marriage` varchar(255) COLLATE utf8mb4_unicode_ci DEFAULT NULL,
  `menstr` varchar(255) COLLATE utf8mb4_unicode_ci DEFAULT NULL,
  `operations` varchar(255) COLLATE utf8mb4_unicode_ci DEFAULT NULL,
  `sexualhistory` varchar(255) COLLATE utf8mb4_unicode_ci DEFAULT NULL,
  `breast` varchar(255) COLLATE utf8mb4_unicode_ci DEFAULT NULL,
  `hirsuitism` varchar(255) COLLATE utf8mb4_unicode_ci DEFAULT NULL,
  `sexch` varchar(255) COLLATE utf8mb4_unicode_ci DEFAULT NULL,
  `obesity` varchar(255) COLLATE utf8mb4_unicode_ci DEFAULT NULL,
  PRIMARY KEY (`id`)
) ENGINE=InnoDB DEFAULT CHARSET=utf8mb4 COLLATE=utf8mb4_unicode_ci AUTO_INCREMENT=1 ;

-- --------------------------------------------------------

--
-- Table structure for table `infertilitydiagnosis`
--

CREATE TABLE IF NOT EXISTS `infertilitydiagnosis` (
  `id` int(11) NOT NULL AUTO_INCREMENT,
  `infertid` int(11) NOT NULL,
  `date` date NOT NULL,
  `diagnosiswife` text COLLATE utf8mb4_unicode_ci,
  `diagnosishusband` text COLLATE utf8mb4_unicode_ci,
  `del` int(11) DEFAULT '0',
  PRIMARY KEY (`id`)
) ENGINE=InnoDB DEFAULT CHARSET=utf8mb4 COLLATE=utf8mb4_unicode_ci AUTO_INCREMENT=1 ;

-- --------------------------------------------------------

--
-- Table structure for table `infertilitydrugs`
--

CREATE TABLE IF NOT EXISTS `infertilitydrugs` (
  `id` int(11) NOT NULL AUTO_INCREMENT,
  `patientid` int(11) NOT NULL,
  `date` date NOT NULL,
  `drugid` varchar(150) COLLATE utf8mb4_unicode_ci DEFAULT NULL,
  `drugtype` varchar(100) COLLATE utf8mb4_unicode_ci DEFAULT NULL,
  `drugdos` varchar(255) COLLATE utf8mb4_unicode_ci DEFAULT NULL,
  `deleted` int(11) NOT NULL DEFAULT '0',
  `doctorid` int(11) NOT NULL,
  `drugname` varchar(191) COLLATE utf8mb4_unicode_ci DEFAULT NULL,
  `forhusband` int(11) unsigned DEFAULT NULL,
  `recepittmpid` int(11) DEFAULT '0',
  `recepitdrugid` int(11) DEFAULT '0',
  PRIMARY KEY (`id`)
) ENGINE=InnoDB DEFAULT CHARSET=utf8mb4 COLLATE=utf8mb4_unicode_ci ROW_FORMAT=COMPACT AUTO_INCREMENT=1 ;

-- --------------------------------------------------------

--
-- Table structure for table `infertilitygyna`
--

CREATE TABLE IF NOT EXISTS `infertilitygyna` (
  `id` int(11) NOT NULL AUTO_INCREMENT,
  `infertid` int(11) NOT NULL,
  `date` date NOT NULL,
  `vagina` varchar(255) COLLATE utf8mb4_unicode_ci NOT NULL,
  `exam` varchar(255) COLLATE utf8mb4_unicode_ci NOT NULL,
  `sounding` varchar(255) COLLATE utf8mb4_unicode_ci NOT NULL,
  `adenxae` varchar(255) COLLATE utf8mb4_unicode_ci NOT NULL,
  PRIMARY KEY (`id`)
) ENGINE=InnoDB DEFAULT CHARSET=utf8mb4 COLLATE=utf8mb4_unicode_ci AUTO_INCREMENT=1 ;

-- --------------------------------------------------------

--
-- Table structure for table `infertilityinvest`
--

CREATE TABLE IF NOT EXISTS `infertilityinvest` (
  `id` int(11) NOT NULL AUTO_INCREMENT,
  `infertid` int(11) NOT NULL,
  `date` date NOT NULL,
  `semen` varchar(255) COLLATE utf8mb4_unicode_ci DEFAULT NULL,
  `peg` varchar(255) COLLATE utf8mb4_unicode_ci DEFAULT NULL,
  `hsg` varchar(255) COLLATE utf8mb4_unicode_ci DEFAULT NULL,
  `pct` varchar(255) COLLATE utf8mb4_unicode_ci DEFAULT NULL,
  `us` varchar(255) COLLATE utf8mb4_unicode_ci DEFAULT NULL,
  `prolactin` varchar(255) COLLATE utf8mb4_unicode_ci DEFAULT NULL,
  `thyr` varchar(255) COLLATE utf8mb4_unicode_ci DEFAULT NULL,
  `fsh` varchar(255) COLLATE utf8mb4_unicode_ci DEFAULT NULL,
  `lh` varchar(255) COLLATE utf8mb4_unicode_ci DEFAULT NULL,
  `laparoscopy` varchar(255) COLLATE utf8mb4_unicode_ci DEFAULT NULL,
  `del` int(11) NOT NULL DEFAULT '0',
  PRIMARY KEY (`id`)
) ENGINE=InnoDB DEFAULT CHARSET=utf8mb4 COLLATE=utf8mb4_unicode_ci AUTO_INCREMENT=1 ;

-- --------------------------------------------------------

--
-- Table structure for table `infertilitylmp`
--

CREATE TABLE IF NOT EXISTS `infertilitylmp` (
  `id` int(11) NOT NULL AUTO_INCREMENT,
  `infertid` int(11) NOT NULL,
  `date` date NOT NULL,
  PRIMARY KEY (`id`)
) ENGINE=InnoDB DEFAULT CHARSET=utf8mb4 COLLATE=utf8mb4_unicode_ci AUTO_INCREMENT=1 ;

-- --------------------------------------------------------

--
-- Table structure for table `infertilitynotes`
--

CREATE TABLE IF NOT EXISTS `infertilitynotes` (
  `id` int(11) NOT NULL AUTO_INCREMENT,
  `infertid` int(11) NOT NULL,
  `date` date NOT NULL,
  `note` text COLLATE utf8mb4_unicode_ci,
  `del` int(11) NOT NULL DEFAULT '0',
  PRIMARY KEY (`id`)
) ENGINE=InnoDB DEFAULT CHARSET=utf8mb4 COLLATE=utf8mb4_unicode_ci AUTO_INCREMENT=1 ;

-- --------------------------------------------------------

--
-- Table structure for table `infertilitysheet`
--

CREATE TABLE IF NOT EXISTS `infertilitysheet` (
  `id` int(11) NOT NULL AUTO_INCREMENT,
  `patientid` int(11) unsigned DEFAULT NULL,
  `obstg` int(11) unsigned DEFAULT NULL,
  `obstp` int(11) unsigned DEFAULT NULL,
  `obstft` int(11) unsigned DEFAULT NULL,
  `obstpt` int(11) unsigned DEFAULT NULL,
  `obstepc` int(11) unsigned DEFAULT NULL,
  `obstliving` int(11) unsigned DEFAULT NULL,
  `sheettype` varchar(191) COLLATE utf8mb4_unicode_ci DEFAULT NULL,
  `sheetyear` varchar(191) COLLATE utf8mb4_unicode_ci DEFAULT NULL,
  `sheetmonth` varchar(191) COLLATE utf8mb4_unicode_ci DEFAULT NULL,
  `husbndiagnosis1` varchar(191) COLLATE utf8mb4_unicode_ci DEFAULT NULL,
  `husbndiagnosis2` varchar(191) COLLATE utf8mb4_unicode_ci DEFAULT NULL,
  `husbndiagnosis3` varchar(191) COLLATE utf8mb4_unicode_ci DEFAULT NULL,
  `sheetttt` varchar(191) COLLATE utf8mb4_unicode_ci DEFAULT NULL,
  `diagnosis` varchar(191) COLLATE utf8mb4_unicode_ci DEFAULT NULL,
  `tttda` varchar(191) COLLATE utf8mb4_unicode_ci DEFAULT NULL,
  `tttmetformin` varchar(191) COLLATE utf8mb4_unicode_ci DEFAULT NULL,
  `ttttype` varchar(191) COLLATE utf8mb4_unicode_ci DEFAULT NULL,
  `tttresponse` varchar(191) COLLATE utf8mb4_unicode_ci DEFAULT NULL,
  `sheettrials` varchar(191) COLLATE utf8mb4_unicode_ci DEFAULT NULL,
  `sheetdate` varchar(191) COLLATE utf8mb4_unicode_ci DEFAULT NULL,
  `sheetresult` varchar(191) COLLATE utf8mb4_unicode_ci DEFAULT NULL,
  `sheethusband` varchar(191) COLLATE utf8mb4_unicode_ci DEFAULT NULL,
  `sheetwife` varchar(191) COLLATE utf8mb4_unicode_ci DEFAULT NULL,
  `sheetother` varchar(191) COLLATE utf8mb4_unicode_ci DEFAULT NULL,
  `generalbw` varchar(191) COLLATE utf8mb4_unicode_ci DEFAULT NULL,
  `generalbmi` varchar(191) COLLATE utf8mb4_unicode_ci DEFAULT NULL,
  `generalbreast` varchar(191) COLLATE utf8mb4_unicode_ci DEFAULT NULL,
  `generalhirsutism` varchar(191) COLLATE utf8mb4_unicode_ci DEFAULT NULL,
  `generalthyroid` varchar(191) COLLATE utf8mb4_unicode_ci DEFAULT NULL,
  `localvulva` varchar(191) COLLATE utf8mb4_unicode_ci DEFAULT NULL,
  `localvagina` varchar(191) COLLATE utf8mb4_unicode_ci DEFAULT NULL,
  `localcx` varchar(191) COLLATE utf8mb4_unicode_ci DEFAULT NULL,
  `localother` varchar(191) COLLATE utf8mb4_unicode_ci DEFAULT NULL,
  `localother1` varchar(191) COLLATE utf8mb4_unicode_ci DEFAULT NULL,
  `menstrualreg` varchar(191) COLLATE utf8mb4_unicode_ci DEFAULT NULL,
  `wmenstrualcd` varchar(191) COLLATE utf8mb4_unicode_ci DEFAULT NULL,
  `menstrualamount` varchar(191) COLLATE utf8mb4_unicode_ci DEFAULT NULL,
  `menstrualdysm` varchar(191) COLLATE utf8mb4_unicode_ci DEFAULT NULL,
  `wmenstruallmp` varchar(191) COLLATE utf8mb4_unicode_ci DEFAULT NULL,
  `wsexual` varchar(191) COLLATE utf8mb4_unicode_ci DEFAULT NULL,
  `medicalhistory` varchar(191) COLLATE utf8mb4_unicode_ci DEFAULT NULL,
  `w2medical` varchar(191) COLLATE utf8mb4_unicode_ci DEFAULT NULL,
  `surgicalhistory` varchar(191) COLLATE utf8mb4_unicode_ci DEFAULT NULL,
  `wsurgical` varchar(191) COLLATE utf8mb4_unicode_ci DEFAULT NULL,
  `familyhistory` varchar(191) COLLATE utf8mb4_unicode_ci DEFAULT NULL,
  `wfamily` varchar(191) COLLATE utf8mb4_unicode_ci DEFAULT NULL,
  `examinationgeneral` varchar(191) COLLATE utf8mb4_unicode_ci DEFAULT NULL,
  `examinationlocalse` varchar(191) COLLATE utf8mb4_unicode_ci DEFAULT NULL,
  `examinationlocalnote` varchar(191) COLLATE utf8mb4_unicode_ci DEFAULT NULL,
  `sheetlocation` varchar(191) COLLATE utf8mb4_unicode_ci DEFAULT NULL,
  `historyduration` varchar(191) COLLATE utf8mb4_unicode_ci DEFAULT NULL,
  `historyin` varchar(191) COLLATE utf8mb4_unicode_ci DEFAULT NULL,
  `historyout` varchar(191) COLLATE utf8mb4_unicode_ci DEFAULT NULL,
  `medicalhistorydm` varchar(191) COLLATE utf8mb4_unicode_ci DEFAULT NULL,
  `medicalhistorynote` varchar(191) COLLATE utf8mb4_unicode_ci DEFAULT NULL,
  `surgicalhistorydm` varchar(191) COLLATE utf8mb4_unicode_ci DEFAULT NULL,
  `surgicalhistorynote` varchar(191) COLLATE utf8mb4_unicode_ci DEFAULT NULL,
  `usvsdtv` varchar(191) COLLATE utf8mb4_unicode_ci DEFAULT NULL,
  PRIMARY KEY (`id`)
) ENGINE=InnoDB DEFAULT CHARSET=utf8mb4 COLLATE=utf8mb4_unicode_ci AUTO_INCREMENT=1 ;

-- --------------------------------------------------------

--
-- Table structure for table `instruction`
--

CREATE TABLE IF NOT EXISTS `instruction` (
  `id` int(11) NOT NULL AUTO_INCREMENT,
  `patientid` int(11) NOT NULL,
  `name` varchar(255) COLLATE utf8mb4_unicode_ci NOT NULL,
  `content` longtext COLLATE utf8mb4_unicode_ci,
  `tempdelete` char(1) COLLATE utf8mb4_unicode_ci NOT NULL DEFAULT '0',
  PRIMARY KEY (`id`)
) ENGINE=InnoDB DEFAULT CHARSET=utf8mb4 COLLATE=utf8mb4_unicode_ci ROW_FORMAT=COMPACT AUTO_INCREMENT=1 ;

-- --------------------------------------------------------

--
-- Table structure for table `investcats`
--

CREATE TABLE IF NOT EXISTS `investcats` (
  `id` int(11) NOT NULL AUTO_INCREMENT,
  `name` varchar(150) COLLATE utf8mb4_unicode_ci DEFAULT NULL,
  `deleted` int(11) NOT NULL DEFAULT '0',
  `displayorder` int(11) NOT NULL DEFAULT '0',
  PRIMARY KEY (`id`)
) ENGINE=InnoDB  DEFAULT CHARSET=utf8mb4 COLLATE=utf8mb4_unicode_ci ROW_FORMAT=COMPACT COMMENT='cats for invests appear in gyna and antenatal ' AUTO_INCREMENT=25 ;

--
-- Dumping data for table `investcats`
--

INSERT INTO `investcats` (`id`, `name`, `deleted`, `displayorder`) VALUES
(1, 'Chemistry', 0, 2),
(2, 'Urine & Stool', 0, 7),
(3, 'Hematology', 0, 1),
(4, 'Infections', 0, 5),
(5, 'Hormons', 0, 3),
(6, 'Thrombophilia Package', 0, 8),
(7, 'Immunology', 0, 4),
(8, 'Oncology', 0, 6),
(9, 'Genetics', 0, 9),
(10, 'For operations', 0, 0),
(11, 'Male(Husband)', 1, 10),
(12, 'Others', 0, 0),
(13, 'Old Favorite', 0, -1),
(14, 'Radiological', 0, 11),
(15, '', 1, 12),
(16, 'aNC (booking)', 1, 13),
(17, '', 1, 14),
(18, '', 1, 15),
(19, 'ANC (27 w)', 1, 16),
(20, 'lipid profil', 0, 17),
(21, 'dIABETES Profil', 0, 18),
(22, '', 0, 19),
(23, 'cardiac Enzyme', 0, 20),
(24, '', 1, 21);

-- --------------------------------------------------------

--
-- Table structure for table `investigations`
--

CREATE TABLE IF NOT EXISTS `investigations` (
  `id` int(11) NOT NULL AUTO_INCREMENT,
  `ancsheetid` int(11) unsigned DEFAULT NULL,
  `invesdhb` varchar(191) COLLATE utf8mb4_unicode_ci DEFAULT NULL,
  `invesdplat` varchar(191) COLLATE utf8mb4_unicode_ci DEFAULT NULL,
  `invesdfbs` varchar(191) COLLATE utf8mb4_unicode_ci DEFAULT NULL,
  `invesdogtt` varchar(191) COLLATE utf8mb4_unicode_ci DEFAULT NULL,
  `invesdhbs` varchar(191) COLLATE utf8mb4_unicode_ci DEFAULT NULL,
  `invesdhcv` varchar(191) COLLATE utf8mb4_unicode_ci DEFAULT NULL,
  `invesdcua` varchar(191) COLLATE utf8mb4_unicode_ci DEFAULT NULL,
  `invesdferr` varchar(191) COLLATE utf8mb4_unicode_ci DEFAULT NULL,
  `investhb` varchar(191) COLLATE utf8mb4_unicode_ci DEFAULT NULL,
  `investplat` varchar(191) COLLATE utf8mb4_unicode_ci DEFAULT NULL,
  `investfbs` varchar(191) COLLATE utf8mb4_unicode_ci DEFAULT NULL,
  `investhbs` varchar(191) COLLATE utf8mb4_unicode_ci DEFAULT NULL,
  `investhcv` varchar(191) COLLATE utf8mb4_unicode_ci DEFAULT NULL,
  `investcua` varchar(191) COLLATE utf8mb4_unicode_ci DEFAULT NULL,
  `investferr` varchar(191) COLLATE utf8mb4_unicode_ci DEFAULT NULL,
  PRIMARY KEY (`id`)
) ENGINE=InnoDB DEFAULT CHARSET=utf8mb4 COLLATE=utf8mb4_unicode_ci AUTO_INCREMENT=1 ;

-- --------------------------------------------------------

--
-- Table structure for table `invests`
--

CREATE TABLE IF NOT EXISTS `invests` (
  `id` int(11) NOT NULL AUTO_INCREMENT,
  `investcatid` int(11) NOT NULL,
  `name` varchar(150) COLLATE utf8mb4_unicode_ci DEFAULT NULL,
  `favorite` int(11) NOT NULL DEFAULT '0',
  `deleted` int(11) NOT NULL DEFAULT '0',
  PRIMARY KEY (`id`)
) ENGINE=InnoDB  DEFAULT CHARSET=utf8mb4 COLLATE=utf8mb4_unicode_ci ROW_FORMAT=COMPACT COMMENT=' invests appear in gyna and antenatal ' AUTO_INCREMENT=331 ;

--
-- Dumping data for table `invests`
--

INSERT INTO `invests` (`id`, `investcatid`, `name`, `favorite`, `deleted`) VALUES
(1, 3, 'ABO group', 0, 0),
(2, 3, 'Rh factor', 0, 0),
(3, 3, 'CBC ', 1, 0),
(4, 3, 'Prothrombin time', 0, 0),
(5, 3, 'Bleeding time', 0, 0),
(6, 3, 'Clotting time', 0, 0),
(7, 3, 'APTT', 0, 0),
(8, 3, 'TIBC', 0, 0),
(9, 3, 'Serum iron ', 0, 0),
(10, 3, 'Serum Ferritin', 1, 0),
(11, 1, 'Fasting Plasma glucose', 1, 0),
(12, 1, '2hPP Plasma glucose', 1, 0),
(13, 1, 'Random blood Sugar', 1, 0),
(14, 1, 'Glycated Hemoglobin (HbA1c) ', 1, 0),
(15, 1, '75 gm Oral Glucose tolerance Test (OGTT)  ', 0, 0),
(16, 1, 'Serum albumin', 0, 0),
(17, 1, 'Total & Direct Bilirubin', 0, 0),
(18, 1, 'SGPT (ALT)', 1, 0),
(19, 1, 'SGOT (AST)', 0, 0),
(20, 1, 'Serum creatinine', 1, 0),
(21, 1, 'Serum uric acid ', 1, 0),
(22, 1, 'Serum  Urea', 0, 0),
(23, 1, 'Lipid profile', 0, 0),
(24, 1, 'ESR', 0, 0),
(25, 1, 'Total Calcium', 1, 0),
(26, 1, 'Phosphorus', 1, 0),
(27, 1, 'Sodium', 0, 0),
(28, 1, 'Potassium', 0, 0),
(29, 5, 'FSH', 1, 0),
(30, 5, 'LH', 1, 0),
(31, 5, 'PRL', 1, 0),
(32, 5, 'E2', 1, 0),
(33, 5, 'Total Testosterone', 1, 0),
(34, 5, 'Free Testosterone', 1, 0),
(35, 5, 'Total PSA ', 1, 0),
(36, 5, 'HCG quantitative', 0, 0),
(37, 5, 'Urine Pregnancy Test ', 0, 0),
(38, 5, 'Blood Pregnancy Test ', 0, 0),
(39, 5, 'Progesterone', 0, 0),
(40, 5, '17-OH-progesterone', 0, 0),
(41, 5, '17-ketosteroids', 0, 0),
(42, 5, 'DHEA', 1, 0),
(43, 5, 'DHEA-S', 1, 0),
(44, 5, 'Total T3', 1, 0),
(45, 5, 'Total T4', 1, 0),
(46, 5, 'TSH', 1, 0),
(47, 5, 'Free T3 ', 1, 0),
(48, 5, 'Free T4', 1, 0),
(49, 5, 'PTH', 1, 0),
(50, 5, 'Free Beta HCG', 0, 0),
(51, 5, 'PAPPA', 0, 0),
(52, 5, 'AFP', 0, 0),
(53, 5, 'HCG', 0, 0),
(54, 5, 'E3 ', 0, 0),
(55, 7, 'Anticardiolipin  IgM ', 0, 0),
(56, 7, 'Anticardiolipin  IgG', 0, 0),
(57, 7, 'Antiphospholipid IgM ', 0, 0),
(58, 7, 'Antiphospholipid IgG ', 0, 0),
(59, 7, 'Lupus anticoagulant', 0, 0),
(60, 7, 'ANA', 0, 0),
(61, 7, 'ASO titer ', 1, 0),
(62, 7, 'CRP', 1, 0),
(63, 7, 'RF', 1, 0),
(64, 4, 'Toxoplasma IgM ', 0, 0),
(65, 4, 'Toxoplasma IgG', 0, 0),
(66, 4, 'Rubella IgM ', 0, 0),
(67, 4, 'Rubella IgG', 0, 0),
(68, 4, 'HSV IgM ', 0, 0),
(69, 4, 'HSV IgG', 0, 0),
(70, 4, 'CMV IgM ', 0, 0),
(71, 4, 'CMV IgG', 0, 0),
(72, 4, 'VDRL Syphilis', 0, 0),
(73, 4, 'RPR Syphilis', 0, 0),
(74, 4, 'HBs  Ag', 0, 0),
(75, 4, 'HCV  Ab', 0, 0),
(76, 4, 'HIV  Ab', 0, 0),
(77, 4, 'Widal test', 0, 0),
(78, 4, 'Brucella test', 0, 0),
(79, 8, 'CA 125', 0, 0),
(80, 8, 'CEA ', 0, 0),
(81, 8, 'AFP', 0, 0),
(82, 8, 'CA 15-3 ', 0, 0),
(83, 2, 'Complete Urine analysis', 0, 0),
(84, 2, 'Urine culture', 0, 0),
(85, 2, 'Complete Stool analysis', 0, 0),
(86, 6, 'Protein C activity', 0, 0),
(87, 6, 'Protein S activity', 0, 0),
(88, 6, 'Factor V leiden', 0, 0),
(89, 6, 'Antithrombin III', 0, 0),
(90, 6, 'Anticardiolipin IgM', 0, 0),
(91, 6, 'Anticardiolipin IgG', 0, 0),
(92, 6, 'Antiphosphlipid IgM ', 0, 0),
(93, 6, 'Antiphosphlipid IgG', 0, 0),
(94, 6, 'Lupus anticoagulant', 0, 0),
(95, 9, 'Chromosomal studies (Karyotyping) ', 1, 0),
(96, 11, 'Semen analysis - CASA', 0, 0),
(97, 6, 'INR', 0, 0),
(98, 5, 'AMH', 0, 0),
(99, 4, 'Vaginal Smear', 0, 0),
(100, 7, 'Anti DsDNA antibodies', 0, 0),
(127, 13, 'CBC', 0, 0),
(130, 0, 'nor', 0, 0),
(137, 0, 'vvv', 0, 0),
(138, 0, 'gg edit ', 0, 0),
(143, 0, 'new2', 0, 0),
(144, 0, 'new33', 0, 0),
(145, 5, 'new11', 0, 1),
(146, 5, 'new12', 0, 1),
(156, 0, '', 0, 0),
(166, 0, 'res3', 0, 0),
(168, 0, 'new5', 0, 0),
(169, 0, 'res6', 0, 0),
(170, 0, 'rrr', 0, 0),
(176, 12, 'ABO and Rh factor', 0, 1),
(177, 12, 'CBC', 0, 1),
(178, 12, 'urine analysis', 0, 1),
(179, 12, 'Fasting blood sugar', 0, 1),
(180, 12, '2hPP blood sugar', 0, 1),
(181, 12, 'Toxoplasma IgM', 0, 0),
(182, 13, 'ABO & Rh', 0, 0),
(183, 13, 'urine analysis', 0, 0),
(184, 13, 'Random blood sugar', 0, 0),
(185, 13, 'Rubella IgG', 0, 0),
(186, 13, 'Lupus anticoagulant', 0, 0),
(187, 13, 'anticariolipin IgG', 0, 0),
(190, 12, 'HSG', 0, 0),
(191, 1, 'LDL', 1, 0),
(192, 14, 'scrotal doppler for evaluation of degree of varicocele', 0, 0),
(193, 3, 'HB%', 0, 0),
(194, 5, '', 0, 1),
(195, 5, '', 0, 1),
(196, 5, 'HCG Quantitative twice(every 24 hours) ', 0, 1),
(197, 5, 'HCG Quantitative Twice(Every 48 Hours) ', 0, 1),
(198, 3, 'manual platelet count', 0, 0),
(199, 3, 'Anti Rh Antibodies', 0, 0),
(200, 14, 'Please for breast mamography', 0, 0),
(201, 14, 'Abdominal and pelvic ultrasound', 0, 0),
(202, 8, 'CA19-9', 0, 0),
(203, 8, 'CEA', 0, 0),
(204, 3, 'INR', 0, 0),
(205, 14, 'Pelvic MRI with fat suppresion', 0, 0),
(206, 14, 'bREAST eLESTOGRAPHY', 0, 0),
(207, 14, 'Pelvic MRI', 0, 0),
(208, 11, 'Semen DNA fragmentation test', 0, 0),
(209, 14, 'Breast scanning for any pathology', 0, 0),
(210, 16, '', 0, 0),
(211, 1, 'BUN', 0, 0),
(212, 1, 'Ionized Calcium ', 1, 0),
(213, 1, 'Magnesium', 1, 0),
(214, 1, '', 0, 1),
(215, 2, 'Albumin / Creatinine Ratio in Urine', 1, 0),
(216, 2, 'Calprotectin in stool', 0, 0),
(217, 2, 'occult blood in stool ', 0, 0),
(218, 3, 'Blood Film ', 0, 0),
(219, 3, 'Hemoglobin Electrophoresis ', 0, 0),
(220, 3, 'Bence Jones Protein in urine', 0, 0),
(221, 5, 'Anti thyroid peroxidase ab (Anti-TPO ab) ', 1, 0),
(222, 5, 'Anti-Thyroglobulin Ab ', 1, 0),
(223, 5, 'thyroglobulin', 1, 0),
(224, 5, 'Anti-TSH receptor Ab (TRAB)', 1, 0),
(225, 5, 'ACTH (9 am morning)', 1, 0),
(226, 5, 'ACTH (9 pm evening)', 1, 0),
(227, 5, 'serum cortisol (9 am morning)', 1, 0),
(228, 5, 'serum cortisol (9 pm evening) ', 1, 0),
(229, 5, '24h urinary free cortisol ', 1, 0),
(230, 5, '24h urinary metanephrins ', 1, 0),
(231, 5, 'renin/aldosterone ratio ', 0, 0),
(232, 5, 'Insulin-like Growth factor-1 (IGF-1) ', 0, 0),
(233, 5, 'Growth hormone Provocation test (by insulin) ', 0, 0),
(234, 5, 'Growth hormone provocation test (by clonidine) ', 0, 0),
(235, 5, 'fasting serum osmolarity ', 0, 0),
(236, 5, 'fasting urine osmolarity ', 0, 0),
(237, 7, '', 0, 1),
(238, 7, 'Anti-CCP ab ', 0, 0),
(239, 14, 'Chest x-ray PA view ', 0, 0),
(240, 14, 'non contrast CT chest', 0, 0),
(241, 14, 'Non contrast CT brain ', 0, 0),
(242, 14, '', 0, 1),
(243, 20, 'cholestrol', 1, 0),
(244, 20, 'tG', 1, 0),
(245, 20, 'HDL', 1, 0),
(246, 20, 'LDL', 1, 0),
(247, 5, '5-hIAA', 0, 0),
(248, 5, 'S.t3', 1, 0),
(249, 12, 'Mentanephrine', 0, 0),
(250, 5, 'S.t4', 1, 0),
(251, 7, 'Anti GAD -Ab', 0, 0),
(252, 7, 'aNCA', 0, 0),
(253, 5, 'Fasting C Peptide ', 0, 0),
(254, 5, 'HOMA IR index', 0, 0),
(255, 1, '25OH Vitamin d', 1, 0),
(256, 2, 'pus', 0, 0),
(257, 7, 'eBV IgM', 0, 0),
(258, 7, 'EBV IgG', 0, 0),
(259, 7, 'Tuberclin skin', 0, 0),
(260, 21, 'Insulin Fasting', 1, 0),
(261, 21, 'homa IR', 1, 0),
(262, 21, 'c-peptide P.P', 1, 0),
(263, 22, 'Helicobacter Pylori Ag (Stool)', 1, 0),
(264, 23, 'cpk', 0, 0),
(265, 23, 'LDH', 0, 0),
(266, 21, 'beta cells ', 0, 0),
(267, 21, 'insulin sensitivity', 1, 0),
(268, 21, 'insulin resistance', 1, 0),
(269, 2, 'microalbuminuria', 0, 0),
(270, 21, 'Fructosamin ', 0, 0),
(271, 14, 'eCHO', 0, 0),
(272, 22, 'vitamin b12', 0, 0),
(273, 22, 'cK', 0, 0),
(274, 22, 'Amylase', 0, 0),
(275, 22, 'Lipase', 0, 0),
(276, 22, 'cTnI', 0, 0),
(277, 22, 'ALP', 0, 0),
(278, 14, 'neck ultrasound', 0, 0),
(279, 5, 'thyroid anti-microsomal ab', 0, 0),
(280, 14, 'ct scan of brain', 0, 0),
(281, 5, 'Aldosterone ', 0, 0),
(282, 3, 'd-dimer', 0, 0),
(283, 1, 'gamma gT', 0, 0),
(284, 1, 'alkaline phosphatase ', 0, 0),
(285, 20, 'Anti GAD Ab ', 0, 0),
(286, 21, 'insulin Post ', 1, 0),
(287, 5, 'IgE', 0, 0),
(288, 7, 'Anti SSB', 0, 0),
(289, 7, 'anti sSA', 0, 0),
(290, 7, 'c4', 0, 0),
(291, 22, 'GGT', 0, 0),
(292, 22, 'high sensitive troponin I', 0, 0),
(293, 22, 'pSA', 0, 0),
(294, 3, 's.tranferrin  saturation', 0, 0),
(295, 12, 'immunoglobulin igA', 0, 0),
(296, 12, 'Tissue Transglutaminase ', 0, 0),
(297, 1, 'fructosamine ', 0, 0),
(298, 22, 'tissue transglutaminase igA', 0, 0),
(299, 22, 'Immunoglobulin-a', 0, 0),
(300, 3, 'eGFR', 0, 0),
(301, 3, 'S.Cystain c', 0, 0),
(302, 5, 'gH', 0, 0),
(303, 2, 'acetone ', 0, 0),
(304, 5, 'insulin Like growth ', 0, 0),
(305, 5, '24 h urinary 5 HIAA ', 0, 0),
(306, 21, 's.fasting osmolality', 0, 0),
(307, 21, 'urine fasting osmolality', 0, 0),
(308, 7, 'igA', 0, 0),
(309, 7, 'IgG', 0, 0),
(310, 7, 'Immunogloblin A', 0, 0),
(311, 1, 'fe', 0, 0),
(312, 1, 'total iron binding capaciy', 0, 0),
(313, 8, 'pSA Total ', 0, 0),
(314, 8, 'PSA free', 0, 0),
(315, 8, 'pSA ratio', 0, 0),
(316, 7, 'Anti scl 70', 0, 0),
(317, 2, 'total urine volume/24 h', 0, 0),
(318, 2, 'urinary protein ', 0, 0),
(319, 2, 'protein in 24 h urine ', 0, 0),
(320, 7, 'c3', 0, 0),
(321, 7, 'rose-waaler', 0, 0),
(322, 5, 'vMA(urine)', 0, 0),
(323, 22, 'lactate (frozen eDTA)', 0, 0),
(324, 22, 'Reticulocytic count', 0, 0),
(325, 7, 'total IgE', 0, 0),
(326, 21, 'anti-glumatic acid decarboxylase', 0, 0),
(327, 1, 'vMA', 0, 0),
(328, 1, 'Free metaanephrine ', 0, 0),
(329, 2, 'RBCs', 0, 0),
(330, 2, 'Glucose', 0, 0);

-- --------------------------------------------------------

--
-- Table structure for table `ivfsheet`
--

CREATE TABLE IF NOT EXISTS `ivfsheet` (
  `id` int(11) NOT NULL AUTO_INCREMENT,
  `patientid` int(11) unsigned DEFAULT NULL,
  `endpreg` int(11) unsigned DEFAULT NULL,
  `anevaluation` varchar(191) COLLATE utf8mb4_unicode_ci DEFAULT NULL,
  `anevaluations` varchar(191) COLLATE utf8mb4_unicode_ci DEFAULT NULL,
  `antype` varchar(191) COLLATE utf8mb4_unicode_ci DEFAULT NULL,
  `anduration` varchar(191) COLLATE utf8mb4_unicode_ci DEFAULT NULL,
  `anamh` varchar(191) COLLATE utf8mb4_unicode_ci DEFAULT NULL,
  `annn` varchar(191) COLLATE utf8mb4_unicode_ci DEFAULT NULL,
  `antypes` varchar(191) COLLATE utf8mb4_unicode_ci DEFAULT NULL,
  `anprotocol` varchar(191) COLLATE utf8mb4_unicode_ci DEFAULT NULL,
  `anttt` varchar(191) COLLATE utf8mb4_unicode_ci DEFAULT NULL,
  `annotes` varchar(191) COLLATE utf8mb4_unicode_ci DEFAULT NULL,
  `lmpfresh` varchar(191) COLLATE utf8mb4_unicode_ci DEFAULT NULL,
  `toocd` varchar(191) COLLATE utf8mb4_unicode_ci DEFAULT NULL,
  `toodate` varchar(191) COLLATE utf8mb4_unicode_ci DEFAULT NULL,
  `toodrug` varchar(191) COLLATE utf8mb4_unicode_ci DEFAULT NULL,
  `opun` varchar(191) COLLATE utf8mb4_unicode_ci DEFAULT NULL,
  `opumll` varchar(191) COLLATE utf8mb4_unicode_ci DEFAULT NULL,
  `opuml` varchar(191) COLLATE utf8mb4_unicode_ci DEFAULT NULL,
  `opugv` varchar(191) COLLATE utf8mb4_unicode_ci DEFAULT NULL,
  `opuat` varchar(191) COLLATE utf8mb4_unicode_ci DEFAULT NULL,
  `oopuu` varchar(191) COLLATE utf8mb4_unicode_ci DEFAULT NULL,
  `opunote` varchar(191) COLLATE utf8mb4_unicode_ci DEFAULT NULL,
  `ssemen` varchar(191) COLLATE utf8mb4_unicode_ci DEFAULT NULL,
  `sseemen` varchar(191) COLLATE utf8mb4_unicode_ci DEFAULT NULL,
  `sseemmen` varchar(191) COLLATE utf8mb4_unicode_ci DEFAULT NULL,
  `sseemmeen` varchar(191) COLLATE utf8mb4_unicode_ci DEFAULT NULL,
  `fefn` varchar(191) COLLATE utf8mb4_unicode_ci DEFAULT NULL,
  `fefa` varchar(191) COLLATE utf8mb4_unicode_ci DEFAULT NULL,
  `fefb` varchar(191) COLLATE utf8mb4_unicode_ci DEFAULT NULL,
  `fefc` varchar(191) COLLATE utf8mb4_unicode_ci DEFAULT NULL,
  `sssnofte` varchar(191) COLLATE utf8mb4_unicode_ci DEFAULT NULL,
  `sssresult` varchar(191) COLLATE utf8mb4_unicode_ci DEFAULT NULL,
  `ssscd` varchar(191) COLLATE utf8mb4_unicode_ci DEFAULT NULL,
  `ettn` varchar(191) COLLATE utf8mb4_unicode_ci DEFAULT NULL,
  `ettg` varchar(191) COLLATE utf8mb4_unicode_ci DEFAULT NULL,
  `ettnote` varchar(191) COLLATE utf8mb4_unicode_ci DEFAULT NULL,
  `ettcancel` varchar(191) COLLATE utf8mb4_unicode_ci DEFAULT NULL,
  `frrcd` varchar(191) COLLATE utf8mb4_unicode_ci DEFAULT NULL,
  `frrst` varchar(191) COLLATE utf8mb4_unicode_ci DEFAULT NULL,
  `frren` varchar(191) COLLATE utf8mb4_unicode_ci DEFAULT NULL,
  `ooutcometvsn` varchar(191) COLLATE utf8mb4_unicode_ci DEFAULT NULL,
  `ooutcomedeln` varchar(191) COLLATE utf8mb4_unicode_ci DEFAULT NULL,
  `ooutcomehsgn` varchar(191) COLLATE utf8mb4_unicode_ci DEFAULT NULL,
  `lmpfrozen` varchar(191) COLLATE utf8mb4_unicode_ci DEFAULT NULL,
  `ssnofte` varchar(191) COLLATE utf8mb4_unicode_ci DEFAULT NULL,
  `ssresult` varchar(191) COLLATE utf8mb4_unicode_ci DEFAULT NULL,
  `etcd` varchar(191) COLLATE utf8mb4_unicode_ci DEFAULT NULL,
  `etdate` varchar(191) COLLATE utf8mb4_unicode_ci DEFAULT NULL,
  `etn` varchar(191) COLLATE utf8mb4_unicode_ci DEFAULT NULL,
  `outcometvsd` varchar(191) COLLATE utf8mb4_unicode_ci DEFAULT NULL,
  `etg` varchar(191) COLLATE utf8mb4_unicode_ci DEFAULT NULL,
  `etnote` varchar(191) COLLATE utf8mb4_unicode_ci DEFAULT NULL,
  `etcancel` varchar(191) COLLATE utf8mb4_unicode_ci DEFAULT NULL,
  `refren` varchar(191) COLLATE utf8mb4_unicode_ci DEFAULT NULL,
  `outcomehsgd` varchar(191) COLLATE utf8mb4_unicode_ci DEFAULT NULL,
  `outcomehsgn` varchar(191) COLLATE utf8mb4_unicode_ci DEFAULT NULL,
  `outcomedeld` varchar(191) COLLATE utf8mb4_unicode_ci DEFAULT NULL,
  `outcomedeln` varchar(191) COLLATE utf8mb4_unicode_ci DEFAULT NULL,
  `outcometvsn` varchar(191) COLLATE utf8mb4_unicode_ci DEFAULT NULL,
  `ettdate` varchar(191) COLLATE utf8mb4_unicode_ci DEFAULT NULL,
  `ooutcomehsgd` varchar(191) COLLATE utf8mb4_unicode_ci DEFAULT NULL,
  `ooutcometvsd` varchar(191) COLLATE utf8mb4_unicode_ci DEFAULT NULL,
  `ooutcomedeld` varchar(191) COLLATE utf8mb4_unicode_ci DEFAULT NULL,
  `opudate` varchar(191) COLLATE utf8mb4_unicode_ci DEFAULT NULL,
  `frozenor` varchar(191) COLLATE utf8mb4_unicode_ci DEFAULT NULL,
  `historytoday` datetime DEFAULT NULL,
  PRIMARY KEY (`id`)
) ENGINE=InnoDB DEFAULT CHARSET=utf8mb4 COLLATE=utf8mb4_unicode_ci AUTO_INCREMENT=1 ;

-- --------------------------------------------------------

--
-- Table structure for table `jncision`
--

CREATE TABLE IF NOT EXISTS `jncision` (
  `id` int(11) NOT NULL AUTO_INCREMENT,
  `name` varchar(255) COLLATE utf8mb4_unicode_ci NOT NULL,
  `del` int(11) NOT NULL,
  PRIMARY KEY (`id`)
) ENGINE=InnoDB  DEFAULT CHARSET=utf8mb4 COLLATE=utf8mb4_unicode_ci ROW_FORMAT=COMPACT AUTO_INCREMENT=25 ;

--
-- Dumping data for table `jncision`
--

INSERT INTO `jncision` (`id`, `name`, `del`) VALUES
(1, 'midline', 0),
(2, 'transverse', 0),
(3, 'paramedian', 0),
(4, 'sss', 1),
(5, 'wwwaa', 1),
(6, 'aaaaaqq', 1),
(7, 'eeee', 1),
(8, 'www', 1),
(9, 'ee21', 1),
(10, 'rr1q111', 1),
(11, '444', 1),
(12, 'ww', 1),
(13, '444444', 1),
(14, 'ffff', 1),
(15, 'bbb', 1),
(16, 'لل', 1),
(17, 'ddd', 1),
(18, '6666', 0),
(19, 'aaaaa', 1),
(20, 'iiiii', 0),
(21, 'aaa', 0),
(22, 'cccc', 0),
(23, 'bbb', 0),
(24, 'Pfannistel', 0);

-- --------------------------------------------------------

--
-- Table structure for table `laparlo`
--

CREATE TABLE IF NOT EXISTS `laparlo` (
  `id` int(11) unsigned NOT NULL AUTO_INCREMENT,
  `title` varchar(191) COLLATE utf8mb4_unicode_ci DEFAULT NULL,
  `del` tinyint(1) unsigned DEFAULT NULL,
  PRIMARY KEY (`id`)
) ENGINE=InnoDB DEFAULT CHARSET=utf8mb4 COLLATE=utf8mb4_unicode_ci AUTO_INCREMENT=1 ;

-- --------------------------------------------------------

--
-- Table structure for table `laparlt`
--

CREATE TABLE IF NOT EXISTS `laparlt` (
  `id` int(11) unsigned NOT NULL AUTO_INCREMENT,
  `title` varchar(191) COLLATE utf8mb4_unicode_ci DEFAULT NULL,
  `del` tinyint(1) unsigned DEFAULT NULL,
  PRIMARY KEY (`id`)
) ENGINE=InnoDB DEFAULT CHARSET=utf8mb4 COLLATE=utf8mb4_unicode_ci AUTO_INCREMENT=1 ;

-- --------------------------------------------------------

--
-- Table structure for table `laparmlo`
--

CREATE TABLE IF NOT EXISTS `laparmlo` (
  `id` int(11) unsigned NOT NULL AUTO_INCREMENT,
  `title` varchar(191) COLLATE utf8mb4_unicode_ci DEFAULT NULL,
  `del` tinyint(1) unsigned DEFAULT NULL,
  PRIMARY KEY (`id`)
) ENGINE=InnoDB DEFAULT CHARSET=utf8mb4 COLLATE=utf8mb4_unicode_ci AUTO_INCREMENT=1 ;

-- --------------------------------------------------------

--
-- Table structure for table `laparmlt`
--

CREATE TABLE IF NOT EXISTS `laparmlt` (
  `id` int(11) unsigned NOT NULL AUTO_INCREMENT,
  `title` varchar(191) COLLATE utf8mb4_unicode_ci DEFAULT NULL,
  `del` int(11) unsigned DEFAULT NULL,
  PRIMARY KEY (`id`)
) ENGINE=InnoDB DEFAULT CHARSET=utf8mb4 COLLATE=utf8mb4_unicode_ci AUTO_INCREMENT=1 ;

-- --------------------------------------------------------

--
-- Table structure for table `laparmpelvis`
--

CREATE TABLE IF NOT EXISTS `laparmpelvis` (
  `id` int(11) unsigned NOT NULL AUTO_INCREMENT,
  `title` varchar(191) COLLATE utf8mb4_unicode_ci DEFAULT NULL,
  `del` tinyint(1) unsigned DEFAULT NULL,
  PRIMARY KEY (`id`)
) ENGINE=InnoDB DEFAULT CHARSET=utf8mb4 COLLATE=utf8mb4_unicode_ci AUTO_INCREMENT=1 ;

-- --------------------------------------------------------

--
-- Table structure for table `laparmro`
--

CREATE TABLE IF NOT EXISTS `laparmro` (
  `id` int(11) unsigned NOT NULL AUTO_INCREMENT,
  `title` varchar(191) COLLATE utf8mb4_unicode_ci DEFAULT NULL,
  `del` tinyint(1) unsigned DEFAULT NULL,
  PRIMARY KEY (`id`)
) ENGINE=InnoDB DEFAULT CHARSET=utf8mb4 COLLATE=utf8mb4_unicode_ci AUTO_INCREMENT=1 ;

-- --------------------------------------------------------

--
-- Table structure for table `laparmrt`
--

CREATE TABLE IF NOT EXISTS `laparmrt` (
  `id` int(11) unsigned NOT NULL AUTO_INCREMENT,
  `title` varchar(191) COLLATE utf8mb4_unicode_ci DEFAULT NULL,
  `del` tinyint(1) unsigned DEFAULT NULL,
  PRIMARY KEY (`id`)
) ENGINE=InnoDB DEFAULT CHARSET=utf8mb4 COLLATE=utf8mb4_unicode_ci AUTO_INCREMENT=1 ;

-- --------------------------------------------------------

--
-- Table structure for table `laparmut`
--

CREATE TABLE IF NOT EXISTS `laparmut` (
  `id` int(11) unsigned NOT NULL AUTO_INCREMENT,
  `title` varchar(191) COLLATE utf8mb4_unicode_ci DEFAULT NULL,
  `del` tinyint(1) unsigned DEFAULT NULL,
  PRIMARY KEY (`id`)
) ENGINE=InnoDB DEFAULT CHARSET=utf8mb4 COLLATE=utf8mb4_unicode_ci AUTO_INCREMENT=1 ;

-- --------------------------------------------------------

--
-- Table structure for table `laparoscopy`
--

CREATE TABLE IF NOT EXISTS `laparoscopy` (
  `id` int(11) NOT NULL AUTO_INCREMENT,
  `infertilitysheetid` int(11) unsigned DEFAULT NULL,
  `laparplace` varchar(191) COLLATE utf8mb4_unicode_ci DEFAULT NULL,
  `laparul` varchar(191) COLLATE utf8mb4_unicode_ci DEFAULT NULL,
  `laparrt` varchar(191) COLLATE utf8mb4_unicode_ci DEFAULT NULL,
  `laparlt` varchar(191) COLLATE utf8mb4_unicode_ci DEFAULT NULL,
  `laparro` varchar(191) COLLATE utf8mb4_unicode_ci DEFAULT NULL,
  `laparlo` varchar(191) COLLATE utf8mb4_unicode_ci DEFAULT NULL,
  `laparmut` varchar(191) COLLATE utf8mb4_unicode_ci DEFAULT NULL,
  `laparpelvis` varchar(191) COLLATE utf8mb4_unicode_ci DEFAULT NULL,
  `laparmrt` varchar(191) COLLATE utf8mb4_unicode_ci DEFAULT NULL,
  `laparmlt` varchar(191) COLLATE utf8mb4_unicode_ci DEFAULT NULL,
  `laparmro` varchar(191) COLLATE utf8mb4_unicode_ci DEFAULT NULL,
  `laparmlo` varchar(191) COLLATE utf8mb4_unicode_ci DEFAULT NULL,
  `laparmpelvis` varchar(191) COLLATE utf8mb4_unicode_ci DEFAULT NULL,
  `lapintervention` varchar(191) COLLATE utf8mb4_unicode_ci DEFAULT NULL,
  `date` varchar(191) COLLATE utf8mb4_unicode_ci DEFAULT NULL,
  `coast` varchar(191) COLLATE utf8mb4_unicode_ci DEFAULT NULL,
  `sdate` date DEFAULT NULL,
  `patientid` int(11) unsigned DEFAULT NULL,
  `doctorid` tinyint(1) unsigned DEFAULT NULL,
  `del` int(11) unsigned DEFAULT NULL,
  PRIMARY KEY (`id`)
) ENGINE=InnoDB DEFAULT CHARSET=utf8mb4 COLLATE=utf8mb4_unicode_ci AUTO_INCREMENT=1 ;

-- --------------------------------------------------------

--
-- Table structure for table `laparpelvis`
--

CREATE TABLE IF NOT EXISTS `laparpelvis` (
  `id` int(11) unsigned NOT NULL AUTO_INCREMENT,
  `title` varchar(191) COLLATE utf8mb4_unicode_ci DEFAULT NULL,
  `del` tinyint(1) unsigned DEFAULT NULL,
  PRIMARY KEY (`id`)
) ENGINE=InnoDB DEFAULT CHARSET=utf8mb4 COLLATE=utf8mb4_unicode_ci AUTO_INCREMENT=1 ;

-- --------------------------------------------------------

--
-- Table structure for table `laparplace`
--

CREATE TABLE IF NOT EXISTS `laparplace` (
  `id` int(11) unsigned NOT NULL AUTO_INCREMENT,
  `title` varchar(191) COLLATE utf8mb4_unicode_ci DEFAULT NULL,
  `del` tinyint(1) unsigned DEFAULT NULL,
  PRIMARY KEY (`id`)
) ENGINE=InnoDB DEFAULT CHARSET=utf8mb4 COLLATE=utf8mb4_unicode_ci AUTO_INCREMENT=1 ;

-- --------------------------------------------------------

--
-- Table structure for table `laparro`
--

CREATE TABLE IF NOT EXISTS `laparro` (
  `id` int(11) unsigned NOT NULL AUTO_INCREMENT,
  `title` varchar(191) COLLATE utf8mb4_unicode_ci DEFAULT NULL,
  `del` tinyint(1) unsigned DEFAULT NULL,
  PRIMARY KEY (`id`)
) ENGINE=InnoDB DEFAULT CHARSET=utf8mb4 COLLATE=utf8mb4_unicode_ci AUTO_INCREMENT=1 ;

-- --------------------------------------------------------

--
-- Table structure for table `laparrt`
--

CREATE TABLE IF NOT EXISTS `laparrt` (
  `id` int(11) unsigned NOT NULL AUTO_INCREMENT,
  `title` varchar(191) COLLATE utf8mb4_unicode_ci DEFAULT NULL,
  `del` int(11) unsigned DEFAULT NULL,
  PRIMARY KEY (`id`)
) ENGINE=InnoDB DEFAULT CHARSET=utf8mb4 COLLATE=utf8mb4_unicode_ci AUTO_INCREMENT=1 ;

-- --------------------------------------------------------

--
-- Table structure for table `lastvisit`
--

CREATE TABLE IF NOT EXISTS `lastvisit` (
  `id` int(11) unsigned NOT NULL AUTO_INCREMENT,
  `patientid` int(11) unsigned DEFAULT NULL,
  `control` varchar(191) COLLATE utf8mb4_unicode_ci DEFAULT NULL,
  PRIMARY KEY (`id`)
) ENGINE=InnoDB DEFAULT CHARSET=utf8mb4 COLLATE=utf8mb4_unicode_ci AUTO_INCREMENT=1 ;

-- --------------------------------------------------------

--
-- Table structure for table `localcx`
--

CREATE TABLE IF NOT EXISTS `localcx` (
  `id` int(11) unsigned NOT NULL AUTO_INCREMENT,
  `title` varchar(191) COLLATE utf8mb4_unicode_ci DEFAULT NULL,
  `del` int(11) unsigned DEFAULT NULL,
  PRIMARY KEY (`id`)
) ENGINE=InnoDB DEFAULT CHARSET=utf8mb4 COLLATE=utf8mb4_unicode_ci AUTO_INCREMENT=1 ;

-- --------------------------------------------------------

--
-- Table structure for table `localvagina`
--

CREATE TABLE IF NOT EXISTS `localvagina` (
  `id` int(11) unsigned NOT NULL AUTO_INCREMENT,
  `title` varchar(191) COLLATE utf8mb4_unicode_ci DEFAULT NULL,
  `del` int(11) unsigned DEFAULT NULL,
  PRIMARY KEY (`id`)
) ENGINE=InnoDB DEFAULT CHARSET=utf8mb4 COLLATE=utf8mb4_unicode_ci AUTO_INCREMENT=1 ;

-- --------------------------------------------------------

--
-- Table structure for table `localvulva`
--

CREATE TABLE IF NOT EXISTS `localvulva` (
  `id` int(11) unsigned NOT NULL AUTO_INCREMENT,
  `title` varchar(191) COLLATE utf8mb4_unicode_ci DEFAULT NULL,
  `del` int(11) unsigned DEFAULT NULL,
  PRIMARY KEY (`id`)
) ENGINE=InnoDB DEFAULT CHARSET=utf8mb4 COLLATE=utf8mb4_unicode_ci AUTO_INCREMENT=1 ;

-- --------------------------------------------------------

--
-- Table structure for table `mainantenental`
--

CREATE TABLE IF NOT EXISTS `mainantenental` (
  `id` int(11) unsigned NOT NULL AUTO_INCREMENT,
  `patientid` varchar(191) COLLATE utf8mb4_unicode_ci DEFAULT NULL,
  `doctorid` int(11) unsigned DEFAULT NULL,
  `lmp` date DEFAULT NULL,
  `eed` date DEFAULT NULL,
  `notes` varchar(191) COLLATE utf8mb4_unicode_ci DEFAULT NULL,
  `done` int(11) unsigned DEFAULT NULL,
  `ivf` date DEFAULT NULL,
  `g` int(11) unsigned DEFAULT NULL,
  `sysdate` date DEFAULT NULL,
  `hb` double DEFAULT NULL,
  PRIMARY KEY (`id`)
) ENGINE=InnoDB DEFAULT CHARSET=utf8mb4 COLLATE=utf8mb4_unicode_ci ROW_FORMAT=COMPACT AUTO_INCREMENT=1 ;

-- --------------------------------------------------------

--
-- Table structure for table `mainantenentaldrugs`
--

CREATE TABLE IF NOT EXISTS `mainantenentaldrugs` (
  `id` int(11) NOT NULL AUTO_INCREMENT,
  `patientid` int(11) NOT NULL,
  `mainantenatalid` int(11) NOT NULL,
  `date` date NOT NULL,
  `drugid` varchar(150) COLLATE utf8mb4_unicode_ci DEFAULT NULL,
  `drugtype` varchar(100) COLLATE utf8mb4_unicode_ci DEFAULT NULL,
  `drugdos` varchar(255) COLLATE utf8mb4_unicode_ci DEFAULT NULL,
  `deleted` int(11) NOT NULL DEFAULT '0',
  `doctorid` int(11) NOT NULL,
  `drugname` varchar(191) COLLATE utf8mb4_unicode_ci DEFAULT NULL,
  `forhusband` int(11) unsigned DEFAULT NULL,
  `recepittmpid` int(11) DEFAULT '0',
  `recepitdrugid` int(11) DEFAULT '0',
  PRIMARY KEY (`id`)
) ENGINE=InnoDB DEFAULT CHARSET=utf8mb4 COLLATE=utf8mb4_unicode_ci ROW_FORMAT=COMPACT AUTO_INCREMENT=1 ;

-- --------------------------------------------------------

--
-- Table structure for table `mainantenentalinvest`
--

CREATE TABLE IF NOT EXISTS `mainantenentalinvest` (
  `id` int(11) NOT NULL AUTO_INCREMENT,
  `patientid` int(11) NOT NULL,
  `mainantenatalid` int(11) NOT NULL,
  `date` date NOT NULL,
  `investid` int(11) NOT NULL,
  `investresult` varchar(250) COLLATE utf8mb4_unicode_ci DEFAULT NULL,
  `deleted` int(11) NOT NULL DEFAULT '0',
  `doctorid` int(11) NOT NULL,
  `forhusband` int(11) DEFAULT NULL,
  PRIMARY KEY (`id`)
) ENGINE=InnoDB DEFAULT CHARSET=utf8mb4 COLLATE=utf8mb4_unicode_ci ROW_FORMAT=COMPACT AUTO_INCREMENT=1 ;

-- --------------------------------------------------------

--
-- Table structure for table `mainantenentalus`
--

CREATE TABLE IF NOT EXISTS `mainantenentalus` (
  `id` int(11) NOT NULL AUTO_INCREMENT,
  `mainantenatalid` int(11) NOT NULL,
  `doctorid` int(11) NOT NULL,
  `patientid` int(11) NOT NULL,
  `date` date NOT NULL,
  `nga` varchar(100) COLLATE utf8mb4_unicode_ci NOT NULL,
  `gs` varchar(100) COLLATE utf8mb4_unicode_ci NOT NULL,
  `crl` varchar(100) COLLATE utf8mb4_unicode_ci NOT NULL,
  `fhr` varchar(100) COLLATE utf8mb4_unicode_ci NOT NULL,
  `bpd` varchar(100) COLLATE utf8mb4_unicode_ci NOT NULL,
  `fl` varchar(100) COLLATE utf8mb4_unicode_ci NOT NULL,
  `placenta` varchar(100) COLLATE utf8mb4_unicode_ci NOT NULL,
  `ai` varchar(100) COLLATE utf8mb4_unicode_ci NOT NULL,
  `fwt` varchar(100) COLLATE utf8mb4_unicode_ci NOT NULL,
  `notes` text COLLATE utf8mb4_unicode_ci NOT NULL,
  `deleted` int(11) NOT NULL,
  PRIMARY KEY (`id`)
) ENGINE=InnoDB DEFAULT CHARSET=utf8mb4 COLLATE=utf8mb4_unicode_ci ROW_FORMAT=COMPACT AUTO_INCREMENT=1 ;

-- --------------------------------------------------------

--
-- Table structure for table `maingyna`
--

CREATE TABLE IF NOT EXISTS `maingyna` (
  `id` int(11) unsigned NOT NULL AUTO_INCREMENT,
  `patientid` int(11) unsigned DEFAULT NULL,
  `create_date` datetime DEFAULT NULL,
  `notes` text COLLATE utf8mb4_unicode_ci,
  `plan` varchar(255) COLLATE utf8mb4_unicode_ci DEFAULT NULL,
  PRIMARY KEY (`id`)
) ENGINE=InnoDB DEFAULT CHARSET=utf8mb4 COLLATE=utf8mb4_unicode_ci AUTO_INCREMENT=1 ;

-- --------------------------------------------------------

--
-- Table structure for table `medicalhistory`
--

CREATE TABLE IF NOT EXISTS `medicalhistory` (
  `id` int(11) unsigned NOT NULL AUTO_INCREMENT,
  `title` varchar(191) COLLATE utf8mb4_unicode_ci DEFAULT NULL,
  `del` tinyint(1) unsigned DEFAULT NULL,
  PRIMARY KEY (`id`)
) ENGINE=InnoDB DEFAULT CHARSET=utf8mb4 COLLATE=utf8mb4_unicode_ci AUTO_INCREMENT=1 ;

-- --------------------------------------------------------

--
-- Table structure for table `medicalhistorydm`
--

CREATE TABLE IF NOT EXISTS `medicalhistorydm` (
  `id` int(11) unsigned NOT NULL AUTO_INCREMENT,
  `title` varchar(191) COLLATE utf8mb4_unicode_ci DEFAULT NULL,
  `del` tinyint(1) unsigned DEFAULT NULL,
  PRIMARY KEY (`id`)
) ENGINE=InnoDB DEFAULT CHARSET=utf8mb4 COLLATE=utf8mb4_unicode_ci AUTO_INCREMENT=1 ;

-- --------------------------------------------------------

--
-- Table structure for table `menstrualamount`
--

CREATE TABLE IF NOT EXISTS `menstrualamount` (
  `id` int(11) unsigned NOT NULL AUTO_INCREMENT,
  `title` varchar(191) COLLATE utf8mb4_unicode_ci DEFAULT NULL,
  `del` tinyint(1) unsigned DEFAULT NULL,
  PRIMARY KEY (`id`)
) ENGINE=InnoDB DEFAULT CHARSET=utf8mb4 COLLATE=utf8mb4_unicode_ci AUTO_INCREMENT=1 ;

-- --------------------------------------------------------

--
-- Table structure for table `menstrualdysm`
--

CREATE TABLE IF NOT EXISTS `menstrualdysm` (
  `id` int(11) unsigned NOT NULL AUTO_INCREMENT,
  `title` varchar(191) COLLATE utf8mb4_unicode_ci DEFAULT NULL,
  `del` tinyint(1) unsigned DEFAULT NULL,
  PRIMARY KEY (`id`)
) ENGINE=InnoDB DEFAULT CHARSET=utf8mb4 COLLATE=utf8mb4_unicode_ci AUTO_INCREMENT=1 ;

-- --------------------------------------------------------

--
-- Table structure for table `menstrualreg`
--

CREATE TABLE IF NOT EXISTS `menstrualreg` (
  `id` int(11) unsigned NOT NULL AUTO_INCREMENT,
  `title` varchar(191) COLLATE utf8mb4_unicode_ci DEFAULT NULL,
  `del` tinyint(1) unsigned DEFAULT NULL,
  PRIMARY KEY (`id`)
) ENGINE=InnoDB DEFAULT CHARSET=utf8mb4 COLLATE=utf8mb4_unicode_ci AUTO_INCREMENT=1 ;

-- --------------------------------------------------------

--
-- Table structure for table `midlinejncision`
--

CREATE TABLE IF NOT EXISTS `midlinejncision` (
  `id` int(11) NOT NULL AUTO_INCREMENT,
  `name` varchar(255) COLLATE utf8mb4_unicode_ci NOT NULL,
  `del` int(11) NOT NULL,
  `jncisionid` int(11) NOT NULL,
  PRIMARY KEY (`id`)
) ENGINE=InnoDB  DEFAULT CHARSET=utf8mb4 COLLATE=utf8mb4_unicode_ci ROW_FORMAT=COMPACT AUTO_INCREMENT=23 ;

--
-- Dumping data for table `midlinejncision`
--

INSERT INTO `midlinejncision` (`id`, `name`, `del`, `jncisionid`) VALUES
(1, 'upper', 0, 1),
(2, 'lower', 0, 1),
(3, 'pfnnestiel', 0, 2),
(4, 'joel cohen', 0, 2),
(5, 'RT', 0, 3),
(6, '1-T', 0, 3),
(7, 'ccc', 0, 4),
(8, 'rr', 0, 9),
(9, 'ee11', 1, 10),
(10, 'aaa', 1, 10),
(11, 'aa', 1, 10),
(12, 'ee11', 0, 10),
(13, 'ww', 0, 10),
(14, '22', 0, 9),
(15, 'للل', 1, 1),
(16, '666666', 0, 18),
(17, 'sssss', 0, 19),
(18, 'ttttt', 1, 1),
(19, 'jjjjjjjj', 0, 1),
(20, 'aaa', 0, 1),
(21, 'bb', 0, 23),
(22, 'aa', 0, 23);

-- --------------------------------------------------------

--
-- Table structure for table `mointoringsheet`
--

CREATE TABLE IF NOT EXISTS `mointoringsheet` (
  `id` int(11) NOT NULL AUTO_INCREMENT,
  `doctorid` int(11) DEFAULT NULL,
  `patientid` int(11) DEFAULT NULL,
  `monitordate` date DEFAULT NULL,
  `lmp` date DEFAULT NULL,
  `attempno` int(11) DEFAULT '0',
  `procedure` int(11) DEFAULT NULL,
  `protocol` int(11) DEFAULT NULL,
  `ejac` int(11) DEFAULT NULL,
  `pesa` int(11) DEFAULT NULL,
  `tese` int(11) DEFAULT NULL,
  `sryo` int(11) DEFAULT NULL,
  `hmg` int(11) DEFAULT NULL,
  `agonist` int(11) DEFAULT NULL,
  `hcg` int(11) DEFAULT '0',
  `remarks` text CHARACTER SET utf8mb4 COLLATE utf8mb4_unicode_ci,
  `place` varchar(255) DEFAULT NULL,
  `amp` varchar(255) DEFAULT NULL,
  `oocytestotal` varchar(255) DEFAULT NULL,
  `oocytesm1` varchar(255) CHARACTER SET utf8mb4 DEFAULT NULL,
  `oocytesm2` varchar(255) DEFAULT NULL,
  `oocytesgv` varchar(255) CHARACTER SET utf8mb4 DEFAULT NULL,
  `ettotal` varchar(255) DEFAULT NULL,
  `etg1` varchar(255) DEFAULT NULL,
  `cyroday` varchar(255) DEFAULT NULL,
  `cyrow` varchar(255) DEFAULT NULL,
  `p4` varchar(255) CHARACTER SET utf8mb4 DEFAULT NULL,
  `outcome` varchar(255) DEFAULT NULL,
  `status` int(11) DEFAULT '0' COMMENT ' 0 open , 1 archived',
  `sysdate` date DEFAULT NULL,
  `deleted` int(11) DEFAULT '0',
  `notes` text CHARACTER SET utf8,
  PRIMARY KEY (`id`)
) ENGINE=InnoDB DEFAULT CHARSET=latin1 AUTO_INCREMENT=1 ;

-- --------------------------------------------------------

--
-- Table structure for table `mointoringsheetagonist`
--

CREATE TABLE IF NOT EXISTS `mointoringsheetagonist` (
  `id` int(11) NOT NULL AUTO_INCREMENT,
  `name` varchar(255) CHARACTER SET utf8mb4 COLLATE utf8mb4_unicode_ci DEFAULT NULL,
  `deleted` int(11) NOT NULL DEFAULT '0',
  PRIMARY KEY (`id`)
) ENGINE=InnoDB DEFAULT CHARSET=latin1 AUTO_INCREMENT=1 ;

-- --------------------------------------------------------

--
-- Table structure for table `mointoringsheetdrugs`
--

CREATE TABLE IF NOT EXISTS `mointoringsheetdrugs` (
  `id` int(11) unsigned NOT NULL AUTO_INCREMENT,
  `patientid` int(11) unsigned DEFAULT NULL,
  `date` date DEFAULT NULL,
  `drugid` varchar(191) COLLATE utf8mb4_unicode_ci DEFAULT NULL,
  `drugtype` varchar(191) COLLATE utf8mb4_unicode_ci DEFAULT NULL,
  `drugdos` varchar(191) COLLATE utf8mb4_unicode_ci DEFAULT NULL,
  `forhusband` tinyint(1) unsigned DEFAULT NULL,
  `doctorid` tinyint(1) unsigned DEFAULT NULL,
  `deleted` int(11) unsigned DEFAULT NULL,
  `recepittmpid` int(11) unsigned DEFAULT NULL,
  `recepitdrugid` int(11) unsigned DEFAULT NULL,
  PRIMARY KEY (`id`)
) ENGINE=InnoDB DEFAULT CHARSET=utf8mb4 COLLATE=utf8mb4_unicode_ci AUTO_INCREMENT=1 ;

-- --------------------------------------------------------

--
-- Table structure for table `mointoringsheetejac`
--

CREATE TABLE IF NOT EXISTS `mointoringsheetejac` (
  `id` int(11) NOT NULL AUTO_INCREMENT,
  `name` varchar(255) CHARACTER SET utf8mb4 COLLATE utf8mb4_unicode_ci DEFAULT NULL,
  `deleted` int(11) NOT NULL DEFAULT '0',
  PRIMARY KEY (`id`)
) ENGINE=InnoDB DEFAULT CHARSET=latin1 AUTO_INCREMENT=1 ;

-- --------------------------------------------------------

--
-- Table structure for table `mointoringsheethcg`
--

CREATE TABLE IF NOT EXISTS `mointoringsheethcg` (
  `id` int(11) NOT NULL AUTO_INCREMENT,
  `name` varchar(255) CHARACTER SET utf8mb4 COLLATE utf8mb4_unicode_ci DEFAULT NULL,
  `deleted` int(11) NOT NULL DEFAULT '0',
  PRIMARY KEY (`id`)
) ENGINE=InnoDB DEFAULT CHARSET=latin1 AUTO_INCREMENT=1 ;

-- --------------------------------------------------------

--
-- Table structure for table `mointoringsheethmg`
--

CREATE TABLE IF NOT EXISTS `mointoringsheethmg` (
  `id` int(11) NOT NULL AUTO_INCREMENT,
  `name` varchar(255) CHARACTER SET utf8mb4 COLLATE utf8mb4_unicode_ci DEFAULT NULL,
  `deleted` int(11) NOT NULL DEFAULT '0',
  PRIMARY KEY (`id`)
) ENGINE=InnoDB DEFAULT CHARSET=latin1 AUTO_INCREMENT=1 ;

-- --------------------------------------------------------

--
-- Table structure for table `mointoringsheetinvestigation`
--

CREATE TABLE IF NOT EXISTS `mointoringsheetinvestigation` (
  `id` int(11) NOT NULL AUTO_INCREMENT,
  `patientid` int(11) NOT NULL,
  `date` date NOT NULL,
  `investid` int(11) NOT NULL,
  `investresult` varchar(250) COLLATE utf8mb4_unicode_ci DEFAULT NULL,
  `deleted` int(11) NOT NULL DEFAULT '0',
  `doctorid` int(11) NOT NULL,
  `forhusband` int(11) DEFAULT NULL,
  PRIMARY KEY (`id`)
) ENGINE=InnoDB DEFAULT CHARSET=utf8mb4 COLLATE=utf8mb4_unicode_ci ROW_FORMAT=COMPACT AUTO_INCREMENT=1 ;

-- --------------------------------------------------------

--
-- Table structure for table `mointoringsheetpesa`
--

CREATE TABLE IF NOT EXISTS `mointoringsheetpesa` (
  `id` int(11) NOT NULL AUTO_INCREMENT,
  `name` varchar(255) CHARACTER SET utf8mb4 COLLATE utf8mb4_unicode_ci DEFAULT NULL,
  `deleted` int(11) NOT NULL DEFAULT '0',
  PRIMARY KEY (`id`)
) ENGINE=InnoDB DEFAULT CHARSET=latin1 AUTO_INCREMENT=1 ;

-- --------------------------------------------------------

--
-- Table structure for table `mointoringsheetprocedure`
--

CREATE TABLE IF NOT EXISTS `mointoringsheetprocedure` (
  `id` int(11) NOT NULL AUTO_INCREMENT,
  `name` varchar(255) CHARACTER SET utf8mb4 COLLATE utf8mb4_unicode_ci DEFAULT NULL,
  `deleted` int(11) NOT NULL DEFAULT '0',
  PRIMARY KEY (`id`)
) ENGINE=InnoDB DEFAULT CHARSET=latin1 AUTO_INCREMENT=1 ;

-- --------------------------------------------------------

--
-- Table structure for table `mointoringsheetprotocol`
--

CREATE TABLE IF NOT EXISTS `mointoringsheetprotocol` (
  `id` int(11) NOT NULL AUTO_INCREMENT,
  `name` varchar(255) CHARACTER SET utf8mb4 COLLATE utf8mb4_unicode_ci DEFAULT NULL,
  `deleted` int(11) NOT NULL DEFAULT '0',
  PRIMARY KEY (`id`)
) ENGINE=InnoDB DEFAULT CHARSET=latin1 AUTO_INCREMENT=1 ;

-- --------------------------------------------------------

--
-- Table structure for table `mointoringsheetsryo`
--

CREATE TABLE IF NOT EXISTS `mointoringsheetsryo` (
  `id` int(11) NOT NULL AUTO_INCREMENT,
  `name` varchar(255) CHARACTER SET utf8mb4 COLLATE utf8mb4_unicode_ci DEFAULT NULL,
  `deleted` int(11) NOT NULL DEFAULT '0',
  PRIMARY KEY (`id`)
) ENGINE=InnoDB DEFAULT CHARSET=latin1 AUTO_INCREMENT=1 ;

-- --------------------------------------------------------

--
-- Table structure for table `mointoringsheettese`
--

CREATE TABLE IF NOT EXISTS `mointoringsheettese` (
  `id` int(11) NOT NULL AUTO_INCREMENT,
  `name` varchar(255) CHARACTER SET utf8mb4 COLLATE utf8mb4_unicode_ci DEFAULT NULL,
  `deleted` int(11) NOT NULL DEFAULT '0',
  PRIMARY KEY (`id`)
) ENGINE=InnoDB DEFAULT CHARSET=latin1 AUTO_INCREMENT=1 ;

-- --------------------------------------------------------

--
-- Table structure for table `mointoringsheetvisits`
--

CREATE TABLE IF NOT EXISTS `mointoringsheetvisits` (
  `id` int(11) NOT NULL AUTO_INCREMENT,
  `mointoringsheetid` int(11) DEFAULT NULL,
  `visitdate` date DEFAULT NULL,
  `cycleday` varchar(255) CHARACTER SET utf8mb4 COLLATE utf8mb4_unicode_ci DEFAULT NULL,
  `hmg` text CHARACTER SET utf8mb4 COLLATE utf8mb4_unicode_ci,
  `endo` text CHARACTER SET utf8mb4,
  `follicright` text CHARACTER SET utf8mb4 COLLATE utf8mb4_unicode_ci,
  `follicleft` text CHARACTER SET utf8mb4 COLLATE utf8mb4_unicode_ci,
  `e2` text CHARACTER SET utf8mb4 COLLATE utf8mb4_unicode_ci,
  `sysdate` date DEFAULT NULL,
  `deleted` int(11) DEFAULT '0',
  PRIMARY KEY (`id`)
) ENGINE=InnoDB DEFAULT CHARSET=latin1 AUTO_INCREMENT=1 ;

-- --------------------------------------------------------

--
-- Table structure for table `mrict`
--

CREATE TABLE IF NOT EXISTS `mrict` (
  `id` int(11) unsigned NOT NULL AUTO_INCREMENT,
  `sdate` date DEFAULT NULL,
  `patientid` varchar(191) COLLATE utf8mb4_unicode_ci DEFAULT NULL,
  `del` int(11) unsigned DEFAULT NULL,
  `uterus` varchar(191) COLLATE utf8mb4_unicode_ci DEFAULT NULL,
  `radnexa` varchar(191) COLLATE utf8mb4_unicode_ci DEFAULT NULL,
  `ladnexa` varchar(191) COLLATE utf8mb4_unicode_ci DEFAULT NULL,
  `pelvis` varchar(191) COLLATE utf8mb4_unicode_ci DEFAULT NULL,
  `notes` varchar(191) COLLATE utf8mb4_unicode_ci DEFAULT NULL,
  `doctorid` int(11) unsigned DEFAULT NULL,
  PRIMARY KEY (`id`)
) ENGINE=InnoDB DEFAULT CHARSET=utf8mb4 COLLATE=utf8mb4_unicode_ci ROW_FORMAT=COMPACT AUTO_INCREMENT=1 ;

-- --------------------------------------------------------

--
-- Table structure for table `newvisit`
--

CREATE TABLE IF NOT EXISTS `newvisit` (
  `id` int(11) NOT NULL AUTO_INCREMENT,
  `infertilitysheetid` int(11) unsigned DEFAULT NULL,
  `newvisitcycles` varchar(191) COLLATE utf8mb4_unicode_ci DEFAULT NULL,
  `date` varchar(191) COLLATE utf8mb4_unicode_ci DEFAULT NULL,
  `lmp` varchar(191) COLLATE utf8mb4_unicode_ci DEFAULT NULL,
  `bw` varchar(191) COLLATE utf8mb4_unicode_ci DEFAULT NULL,
  `ut` varchar(191) COLLATE utf8mb4_unicode_ci DEFAULT NULL,
  `ov` varchar(191) COLLATE utf8mb4_unicode_ci DEFAULT NULL,
  `ttt` varchar(191) COLLATE utf8mb4_unicode_ci DEFAULT NULL,
  PRIMARY KEY (`id`)
) ENGINE=InnoDB DEFAULT CHARSET=utf8mb4 COLLATE=utf8mb4_unicode_ci AUTO_INCREMENT=1 ;

-- --------------------------------------------------------

--
-- Table structure for table `newvisitcycles`
--

CREATE TABLE IF NOT EXISTS `newvisitcycles` (
  `id` int(11) unsigned NOT NULL AUTO_INCREMENT,
  `title` varchar(191) COLLATE utf8mb4_unicode_ci DEFAULT NULL,
  `del` tinyint(1) unsigned DEFAULT NULL,
  PRIMARY KEY (`id`)
) ENGINE=InnoDB DEFAULT CHARSET=utf8mb4 COLLATE=utf8mb4_unicode_ci AUTO_INCREMENT=1 ;

-- --------------------------------------------------------

--
-- Table structure for table `newvisitg`
--

CREATE TABLE IF NOT EXISTS `newvisitg` (
  `id` int(11) NOT NULL AUTO_INCREMENT,
  `gynasheetid` int(11) unsigned DEFAULT NULL,
  `newvisitcycles` varchar(191) COLLATE utf8mb4_unicode_ci DEFAULT NULL,
  `newvisitgdiag` varchar(191) COLLATE utf8mb4_unicode_ci DEFAULT NULL,
  `newvisitgco` varchar(191) COLLATE utf8mb4_unicode_ci DEFAULT NULL,
  `date` varchar(191) COLLATE utf8mb4_unicode_ci DEFAULT NULL,
  `lmp` varchar(191) COLLATE utf8mb4_unicode_ci DEFAULT NULL,
  `bw` varchar(191) COLLATE utf8mb4_unicode_ci DEFAULT NULL,
  `ut` varchar(191) COLLATE utf8mb4_unicode_ci DEFAULT NULL,
  `ov` varchar(191) COLLATE utf8mb4_unicode_ci DEFAULT NULL,
  `noteg` varchar(191) COLLATE utf8mb4_unicode_ci DEFAULT NULL,
  PRIMARY KEY (`id`)
) ENGINE=InnoDB DEFAULT CHARSET=utf8mb4 COLLATE=utf8mb4_unicode_ci AUTO_INCREMENT=1 ;

-- --------------------------------------------------------

--
-- Table structure for table `newvisitgco`
--

CREATE TABLE IF NOT EXISTS `newvisitgco` (
  `id` int(11) unsigned NOT NULL AUTO_INCREMENT,
  `title` varchar(191) COLLATE utf8mb4_unicode_ci DEFAULT NULL,
  `del` int(11) unsigned DEFAULT NULL,
  PRIMARY KEY (`id`)
) ENGINE=InnoDB DEFAULT CHARSET=utf8mb4 COLLATE=utf8mb4_unicode_ci AUTO_INCREMENT=1 ;

-- --------------------------------------------------------

--
-- Table structure for table `newvisitgdiag`
--

CREATE TABLE IF NOT EXISTS `newvisitgdiag` (
  `id` int(11) unsigned NOT NULL AUTO_INCREMENT,
  `title` varchar(191) COLLATE utf8mb4_unicode_ci DEFAULT NULL,
  `del` int(11) unsigned DEFAULT NULL,
  PRIMARY KEY (`id`)
) ENGINE=InnoDB DEFAULT CHARSET=utf8mb4 COLLATE=utf8mb4_unicode_ci AUTO_INCREMENT=1 ;

-- --------------------------------------------------------

--
-- Table structure for table `operation`
--

CREATE TABLE IF NOT EXISTS `operation` (
  `id` int(11) NOT NULL AUTO_INCREMENT,
  `title` varchar(191) COLLATE utf8mb4_unicode_ci DEFAULT NULL,
  `del` varchar(191) COLLATE utf8mb4_unicode_ci DEFAULT NULL,
  PRIMARY KEY (`id`)
) ENGINE=InnoDB  DEFAULT CHARSET=utf8mb4 COLLATE=utf8mb4_unicode_ci ROW_FORMAT=COMPACT AUTO_INCREMENT=5 ;

--
-- Dumping data for table `operation`
--

INSERT INTO `operation` (`id`, `title`, `del`) VALUES
(1, 'eeeeeee', NULL),
(2, 'eeeeeee', NULL),
(3, 'dddddddd', '1'),
(4, '55555', NULL);

-- --------------------------------------------------------

--
-- Table structure for table `operationids`
--

CREATE TABLE IF NOT EXISTS `operationids` (
  `id` int(11) NOT NULL AUTO_INCREMENT,
  `doctorid` int(11) NOT NULL,
  `assistantid` int(11) NOT NULL,
  `operationid` int(11) NOT NULL,
  PRIMARY KEY (`id`)
) ENGINE=InnoDB DEFAULT CHARSET=utf8mb4 COLLATE=utf8mb4_unicode_ci AUTO_INCREMENT=1 ;

-- --------------------------------------------------------

--
-- Table structure for table `operations`
--

CREATE TABLE IF NOT EXISTS `operations` (
  `id` int(11) unsigned NOT NULL AUTO_INCREMENT,
  `infertilitysheetid` int(11) unsigned DEFAULT NULL,
  `operation` varchar(191) COLLATE utf8mb4_unicode_ci DEFAULT NULL,
  `date` varchar(191) COLLATE utf8mb4_unicode_ci DEFAULT NULL,
  `place` varchar(191) COLLATE utf8mb4_unicode_ci DEFAULT NULL,
  `histopath` varchar(191) COLLATE utf8mb4_unicode_ci DEFAULT NULL,
  `cost` varchar(191) COLLATE utf8mb4_unicode_ci DEFAULT NULL,
  `note` varchar(191) COLLATE utf8mb4_unicode_ci DEFAULT NULL,
  PRIMARY KEY (`id`)
) ENGINE=InnoDB DEFAULT CHARSET=utf8mb4 COLLATE=utf8mb4_unicode_ci AUTO_INCREMENT=1 ;

-- --------------------------------------------------------

--
-- Table structure for table `operativedetails`
--

CREATE TABLE IF NOT EXISTS `operativedetails` (
  `id` int(11) NOT NULL AUTO_INCREMENT,
  `operationid` int(11) NOT NULL,
  `date` date NOT NULL,
  `timestart` time NOT NULL,
  `timeend` time NOT NULL,
  `indication` varchar(255) COLLATE utf8mb4_unicode_ci NOT NULL,
  `anasthesaid` int(11) NOT NULL,
  `generalid` int(11) NOT NULL,
  `anasthetstsid` varchar(255) COLLATE utf8mb4_unicode_ci NOT NULL,
  `assistantid` varchar(255) COLLATE utf8mb4_unicode_ci NOT NULL,
  `complication` longtext COLLATE utf8mb4_unicode_ci NOT NULL,
  `jncisionid` int(11) NOT NULL,
  `midlineid` int(11) NOT NULL,
  `peritonealwash` int(1) NOT NULL DEFAULT '0',
  `exdetails` varchar(255) COLLATE utf8mb4_unicode_ci NOT NULL,
  `opsteps` varchar(255) COLLATE utf8mb4_unicode_ci NOT NULL,
  `layers` varchar(255) COLLATE utf8mb4_unicode_ci NOT NULL,
  `drains` varchar(255) COLLATE utf8mb4_unicode_ci NOT NULL,
  `suture` varchar(255) COLLATE utf8mb4_unicode_ci NOT NULL,
  `bloodtransfusion` int(1) NOT NULL DEFAULT '0',
  `complications` varchar(255) COLLATE utf8mb4_unicode_ci NOT NULL,
  `recommendation` longtext COLLATE utf8mb4_unicode_ci NOT NULL,
  `patientid` int(11) NOT NULL,
  `del` int(11) unsigned DEFAULT NULL,
  `anasthetsts2id` varchar(255) COLLATE utf8mb4_unicode_ci NOT NULL,
  `assistant2id` varchar(255) COLLATE utf8mb4_unicode_ci NOT NULL,
  PRIMARY KEY (`id`)
) ENGINE=InnoDB DEFAULT CHARSET=utf8mb4 COLLATE=utf8mb4_unicode_ci ROW_FORMAT=DYNAMIC AUTO_INCREMENT=1 ;

-- --------------------------------------------------------

--
-- Table structure for table `operativedetailsdrugs`
--

CREATE TABLE IF NOT EXISTS `operativedetailsdrugs` (
  `id` int(11) NOT NULL AUTO_INCREMENT,
  `operationid` int(11) NOT NULL,
  `drugid` varchar(255) COLLATE utf8mb4_unicode_ci DEFAULT NULL,
  `drugtype` varchar(255) COLLATE utf8mb4_unicode_ci DEFAULT NULL,
  `drugdos` varchar(255) COLLATE utf8mb4_unicode_ci DEFAULT NULL,
  `doctorid` varchar(255) COLLATE utf8mb4_unicode_ci DEFAULT NULL,
  `drugname` varchar(255) COLLATE utf8mb4_unicode_ci DEFAULT NULL,
  `deleted` int(11) NOT NULL DEFAULT '0',
  `recepittmpid` int(11) DEFAULT '0',
  `recepitdrugid` int(11) DEFAULT '0',
  PRIMARY KEY (`id`)
) ENGINE=InnoDB DEFAULT CHARSET=utf8mb4 COLLATE=utf8mb4_unicode_ci ROW_FORMAT=COMPACT AUTO_INCREMENT=1 ;

-- --------------------------------------------------------

--
-- Table structure for table `origin`
--

CREATE TABLE IF NOT EXISTS `origin` (
  `id` int(11) unsigned NOT NULL AUTO_INCREMENT,
  `title` varchar(191) COLLATE utf8mb4_unicode_ci DEFAULT NULL,
  `del` varchar(191) COLLATE utf8mb4_unicode_ci DEFAULT NULL,
  PRIMARY KEY (`id`)
) ENGINE=InnoDB DEFAULT CHARSET=utf8mb4 COLLATE=utf8mb4_unicode_ci AUTO_INCREMENT=1 ;

-- --------------------------------------------------------

--
-- Table structure for table `otherinvestigations`
--

CREATE TABLE IF NOT EXISTS `otherinvestigations` (
  `id` int(11) NOT NULL AUTO_INCREMENT,
  `name` varchar(255) DEFAULT NULL,
  `deleted` int(11) DEFAULT '0',
  PRIMARY KEY (`id`)
) ENGINE=InnoDB DEFAULT CHARSET=latin1 AUTO_INCREMENT=1 ;

-- --------------------------------------------------------

--
-- Table structure for table `otherinvestigationsrows`
--

CREATE TABLE IF NOT EXISTS `otherinvestigationsrows` (
  `id` int(11) NOT NULL AUTO_INCREMENT,
  `date` date DEFAULT NULL,
  `patientid` int(11) DEFAULT NULL,
  `doctorid` int(11) DEFAULT NULL,
  `deleted` int(11) DEFAULT '0',
  PRIMARY KEY (`id`)
) ENGINE=InnoDB DEFAULT CHARSET=latin1 AUTO_INCREMENT=1 ;

-- --------------------------------------------------------

--
-- Table structure for table `otherinvestigationsvalues`
--

CREATE TABLE IF NOT EXISTS `otherinvestigationsvalues` (
  `id` int(11) NOT NULL AUTO_INCREMENT,
  `investrowid` int(11) DEFAULT NULL,
  `investid` int(11) NOT NULL,
  `value` varchar(255) DEFAULT NULL,
  `date` date DEFAULT NULL,
  PRIMARY KEY (`id`)
) ENGINE=InnoDB DEFAULT CHARSET=latin1 AUTO_INCREMENT=1 ;

-- --------------------------------------------------------

--
-- Table structure for table `ovst`
--

CREATE TABLE IF NOT EXISTS `ovst` (
  `id` int(11) NOT NULL AUTO_INCREMENT,
  `ivfsheetid` int(11) unsigned DEFAULT NULL,
  `ovstcdfh` int(11) unsigned DEFAULT NULL,
  `ovstdate` varchar(191) COLLATE utf8mb4_unicode_ci DEFAULT NULL,
  `ovstag` varchar(191) COLLATE utf8mb4_unicode_ci DEFAULT NULL,
  `ovsthmg` varchar(191) COLLATE utf8mb4_unicode_ci DEFAULT NULL,
  `ovstfr` varchar(191) COLLATE utf8mb4_unicode_ci DEFAULT NULL,
  `ovstfrr` varchar(191) COLLATE utf8mb4_unicode_ci DEFAULT NULL,
  `ovstfrrr` varchar(191) COLLATE utf8mb4_unicode_ci DEFAULT NULL,
  `ovstfrrrr` varchar(191) COLLATE utf8mb4_unicode_ci DEFAULT NULL,
  `ovstdffrrrr` varchar(191) COLLATE utf8mb4_unicode_ci DEFAULT NULL,
  `ovstfffrrr` varchar(191) COLLATE utf8mb4_unicode_ci DEFAULT NULL,
  `ovstffrrrr` varchar(191) COLLATE utf8mb4_unicode_ci DEFAULT NULL,
  `ovstffffrr` varchar(191) COLLATE utf8mb4_unicode_ci DEFAULT NULL,
  `ovstfffffr` varchar(191) COLLATE utf8mb4_unicode_ci DEFAULT NULL,
  `ovstdffffff` varchar(191) COLLATE utf8mb4_unicode_ci DEFAULT NULL,
  `ovstfrfffff` varchar(191) COLLATE utf8mb4_unicode_ci DEFAULT NULL,
  `ovstffffff` varchar(191) COLLATE utf8mb4_unicode_ci DEFAULT NULL,
  `ovstfrrffff` varchar(191) COLLATE utf8mb4_unicode_ci DEFAULT NULL,
  `ovstdfrrffff` varchar(191) COLLATE utf8mb4_unicode_ci DEFAULT NULL,
  `ovstdfrfffff` varchar(191) COLLATE utf8mb4_unicode_ci DEFAULT NULL,
  `ovstdfffffr` varchar(191) COLLATE utf8mb4_unicode_ci DEFAULT NULL,
  `ovstdffffrr` varchar(191) COLLATE utf8mb4_unicode_ci DEFAULT NULL,
  `ovstdfffrrr` varchar(191) COLLATE utf8mb4_unicode_ci DEFAULT NULL,
  `ovstdfrrrr` varchar(191) COLLATE utf8mb4_unicode_ci DEFAULT NULL,
  `ovstdfrrr` varchar(191) COLLATE utf8mb4_unicode_ci DEFAULT NULL,
  `ovstdfrr` varchar(191) COLLATE utf8mb4_unicode_ci DEFAULT NULL,
  `ovstdfr` varchar(191) COLLATE utf8mb4_unicode_ci DEFAULT NULL,
  `eovst` varchar(191) COLLATE utf8mb4_unicode_ci DEFAULT NULL,
  `eeovst` varchar(191) COLLATE utf8mb4_unicode_ci DEFAULT NULL,
  `noteovst` varchar(191) COLLATE utf8mb4_unicode_ci DEFAULT NULL,
  PRIMARY KEY (`id`)
) ENGINE=InnoDB DEFAULT CHARSET=utf8mb4 COLLATE=utf8mb4_unicode_ci AUTO_INCREMENT=1 ;

-- --------------------------------------------------------

--
-- Table structure for table `pathology`
--

CREATE TABLE IF NOT EXISTS `pathology` (
  `id` int(11) unsigned NOT NULL AUTO_INCREMENT,
  `sdate` date DEFAULT NULL,
  `patientid` varchar(191) COLLATE utf8mb4_unicode_ci DEFAULT NULL,
  `del` int(11) unsigned DEFAULT NULL,
  `cytology` varchar(191) COLLATE utf8mb4_unicode_ci DEFAULT NULL,
  `histopathology` text COLLATE utf8mb4_unicode_ci,
  `doctorid` int(11) unsigned DEFAULT NULL,
  PRIMARY KEY (`id`)
) ENGINE=InnoDB DEFAULT CHARSET=utf8mb4 COLLATE=utf8mb4_unicode_ci ROW_FORMAT=COMPACT AUTO_INCREMENT=1 ;

-- --------------------------------------------------------

--
-- Table structure for table `patientfiles`
--

CREATE TABLE IF NOT EXISTS `patientfiles` (
  `id` int(11) NOT NULL AUTO_INCREMENT,
  `patientid` int(11) NOT NULL,
  `file` varchar(240) COLLATE utf8mb4_unicode_ci NOT NULL,
  PRIMARY KEY (`id`)
) ENGINE=InnoDB DEFAULT CHARSET=utf8mb4 COLLATE=utf8mb4_unicode_ci AUTO_INCREMENT=1 ;

-- --------------------------------------------------------

--
-- Table structure for table `patients`
--

CREATE TABLE IF NOT EXISTS `patients` (
  `id` int(11) NOT NULL AUTO_INCREMENT,
  `wifename` text COLLATE utf8mb4_unicode_ci,
  `wiftypeid` int(11) DEFAULT NULL,
  `dateofbirth` date DEFAULT NULL,
  `wifebl` int(255) DEFAULT NULL,
  `wifeage` int(11) DEFAULT NULL,
  `wifeeducation` varchar(255) COLLATE utf8mb4_unicode_ci DEFAULT NULL,
  `wifejob` varchar(255) COLLATE utf8mb4_unicode_ci DEFAULT NULL,
  `wifenationalid` varchar(255) COLLATE utf8mb4_unicode_ci DEFAULT NULL,
  `mirragefrom` float DEFAULT '0',
  `mirragefromdate` date DEFAULT '0000-00-00',
  `boyson` int(11) DEFAULT NULL,
  `girlson` int(11) DEFAULT NULL,
  `statuesid` int(11) DEFAULT NULL,
  `husdandname` varchar(255) COLLATE utf8mb4_unicode_ci DEFAULT NULL,
  `husbandtypeid` int(11) DEFAULT NULL,
  `husbandage` int(11) DEFAULT NULL,
  `husbanddateofbirth` date DEFAULT NULL,
  `husbandbl` varchar(255) COLLATE utf8mb4_unicode_ci DEFAULT NULL,
  `husbandjob` varchar(255) COLLATE utf8mb4_unicode_ci DEFAULT NULL,
  `husbandeducation` varchar(255) COLLATE utf8mb4_unicode_ci DEFAULT NULL,
  `husbandnationalid` varchar(255) COLLATE utf8mb4_unicode_ci DEFAULT NULL,
  `address` varchar(255) COLLATE utf8mb4_unicode_ci DEFAULT NULL,
  `phone` varchar(255) COLLATE utf8mb4_unicode_ci DEFAULT NULL,
  `mobile` varchar(255) COLLATE utf8mb4_unicode_ci DEFAULT NULL,
  `importantnote` varchar(255) COLLATE utf8mb4_unicode_ci DEFAULT NULL,
  `risk` varchar(255) COLLATE utf8mb4_unicode_ci DEFAULT NULL,
  `risktype` int(11) DEFAULT NULL,
  `spacialnotes` varchar(255) COLLATE utf8mb4_unicode_ci DEFAULT NULL,
  `statusno` int(11) DEFAULT NULL,
  `done` tinyint(1) DEFAULT '0',
  `pno` int(11) NOT NULL DEFAULT '0',
  `ab` int(11) NOT NULL DEFAULT '0',
  `ectopic` int(11) NOT NULL DEFAULT '0',
  `vmodel` int(11) NOT NULL DEFAULT '0',
  `deleted` int(11) DEFAULT '0',
  `entrydate` datetime DEFAULT NULL,
  `userid` int(11) DEFAULT NULL,
  `cs` int(11) unsigned DEFAULT NULL,
  `patientid` int(11) unsigned DEFAULT NULL,
  `patient_password_hash` varchar(191) COLLATE utf8mb4_unicode_ci DEFAULT NULL,
  `husband_notes` varchar(191) COLLATE utf8mb4_unicode_ci DEFAULT NULL,
  `svd` int(11) unsigned DEFAULT NULL,
  `report_note` varchar(191) COLLATE utf8mb4_unicode_ci DEFAULT NULL,
  `doctorid` varchar(191) COLLATE utf8mb4_unicode_ci DEFAULT NULL,
  `insert_from` int(11) unsigned DEFAULT NULL,
  `phone_qid` varchar(191) COLLATE utf8mb4_unicode_ci DEFAULT NULL,
  PRIMARY KEY (`id`),
  KEY `statusno` (`statusno`)
) ENGINE=InnoDB  DEFAULT CHARSET=utf8mb4 COLLATE=utf8mb4_unicode_ci ROW_FORMAT=COMPACT AUTO_INCREMENT=2 ;

--
-- Dumping data for table `patients`
--

INSERT INTO `patients` (`id`, `wifename`, `wiftypeid`, `dateofbirth`, `wifebl`, `wifeage`, `wifeeducation`, `wifejob`, `wifenationalid`, `mirragefrom`, `mirragefromdate`, `boyson`, `girlson`, `statuesid`, `husdandname`, `husbandtypeid`, `husbandage`, `husbanddateofbirth`, `husbandbl`, `husbandjob`, `husbandeducation`, `husbandnationalid`, `address`, `phone`, `mobile`, `importantnote`, `risk`, `risktype`, `spacialnotes`, `statusno`, `done`, `pno`, `ab`, `ectopic`, `vmodel`, `deleted`, `entrydate`, `userid`, `cs`, `patientid`, `patient_password_hash`, `husband_notes`, `svd`, `report_note`, `doctorid`, `insert_from`, `phone_qid`) VALUES
(1, '', NULL, NULL, NULL, NULL, '', '', '', 0, '0000-00-00', NULL, NULL, NULL, '', NULL, NULL, NULL, '', '', '', '', '', '', '', '', '', NULL, '', 1, 0, 0, 0, 0, 0, 0, NULL, 6, NULL, NULL, NULL, NULL, NULL, NULL, NULL, NULL, NULL);

-- --------------------------------------------------------

--
-- Table structure for table `patients_tmp`
--

CREATE TABLE IF NOT EXISTS `patients_tmp` (
  `pit_id` int(11) NOT NULL AUTO_INCREMENT,
  `pit_name` varchar(55) NOT NULL,
  PRIMARY KEY (`pit_id`)
) ENGINE=InnoDB DEFAULT CHARSET=latin1 AUTO_INCREMENT=1 ;

-- --------------------------------------------------------

--
-- Table structure for table `phamount`
--

CREATE TABLE IF NOT EXISTS `phamount` (
  `id` int(11) unsigned NOT NULL AUTO_INCREMENT,
  `name` varchar(191) COLLATE utf8mb4_unicode_ci DEFAULT NULL,
  `del` int(11) unsigned DEFAULT NULL,
  PRIMARY KEY (`id`)
) ENGINE=InnoDB  DEFAULT CHARSET=utf8mb4 COLLATE=utf8mb4_unicode_ci AUTO_INCREMENT=186 ;

--
-- Dumping data for table `phamount`
--

INSERT INTO `phamount` (`id`, `name`, `del`) VALUES
(182, 'excessive', 0),
(183, 'nORMAL', 0),
(184, 'weak', 0),
(185, 'عملية الزايدة', 1);

-- --------------------------------------------------------

--
-- Table structure for table `pharmacystore`
--

CREATE TABLE IF NOT EXISTS `pharmacystore` (
  `id` int(11) NOT NULL AUTO_INCREMENT,
  `drug_id` int(11) NOT NULL,
  `amountbefore` int(11) DEFAULT '0',
  `amountafter` int(11) DEFAULT '0',
  `amountvary` int(11) NOT NULL,
  `opdate` datetime NOT NULL,
  `optype` tinyint(1) NOT NULL,
  PRIMARY KEY (`id`)
) ENGINE=InnoDB DEFAULT CHARSET=latin1 ROW_FORMAT=COMPACT AUTO_INCREMENT=1 ;

-- --------------------------------------------------------

--
-- Table structure for table `phcontraception`
--

CREATE TABLE IF NOT EXISTS `phcontraception` (
  `id` int(11) unsigned NOT NULL AUTO_INCREMENT,
  `patientid` varchar(191) COLLATE utf8mb4_unicode_ci DEFAULT NULL,
  `sysdate` varchar(191) COLLATE utf8mb4_unicode_ci DEFAULT NULL,
  `contype` varchar(191) COLLATE utf8mb4_unicode_ci DEFAULT NULL,
  `contduration` varchar(191) COLLATE utf8mb4_unicode_ci DEFAULT NULL,
  `contstopped` varchar(191) COLLATE utf8mb4_unicode_ci DEFAULT NULL,
  `contranote` varchar(191) COLLATE utf8mb4_unicode_ci DEFAULT NULL,
  `del` int(11) unsigned DEFAULT NULL,
  `doctorid` int(11) unsigned DEFAULT NULL,
  PRIMARY KEY (`id`)
) ENGINE=InnoDB DEFAULT CHARSET=utf8mb4 COLLATE=utf8mb4_unicode_ci ROW_FORMAT=COMPACT AUTO_INCREMENT=1 ;

-- --------------------------------------------------------

--
-- Table structure for table `phcontracttype`
--

CREATE TABLE IF NOT EXISTS `phcontracttype` (
  `id` int(11) unsigned NOT NULL AUTO_INCREMENT,
  `name` varchar(191) COLLATE utf8mb4_unicode_ci DEFAULT NULL,
  `del` int(11) unsigned DEFAULT NULL,
  PRIMARY KEY (`id`)
) ENGINE=InnoDB  DEFAULT CHARSET=utf8mb4 COLLATE=utf8mb4_unicode_ci AUTO_INCREMENT=62 ;

--
-- Dumping data for table `phcontracttype`
--

INSERT INTO `phcontracttype` (`id`, `name`, `del`) VALUES
(11, 'DMPA', 0),
(13, 'Implants', 0),
(16, 'POP', 0),
(17, 'Mirena', 0),
(51, 'IUD', 0),
(55, 'OC', 0),
(56, 'Condom', 0),
(57, 'tuba', 0),
(58, 'tubal ligation', 0),
(59, 'coc', 0),
(60, 'progesterone only', 0),
(61, 'mesocept', 0);

-- --------------------------------------------------------

--
-- Table structure for table `phdysmenorrhoea`
--

CREATE TABLE IF NOT EXISTS `phdysmenorrhoea` (
  `id` int(11) unsigned NOT NULL AUTO_INCREMENT,
  `name` varchar(191) COLLATE utf8mb4_unicode_ci DEFAULT NULL,
  `del` int(11) unsigned DEFAULT NULL,
  PRIMARY KEY (`id`)
) ENGINE=InnoDB  DEFAULT CHARSET=utf8mb4 COLLATE=utf8mb4_unicode_ci AUTO_INCREMENT=3 ;

--
-- Dumping data for table `phdysmenorrhoea`
--

INSERT INTO `phdysmenorrhoea` (`id`, `name`, `del`) VALUES
(1, 'dysmenorrhea', 0),
(2, 'علاج للضغط', 0);

-- --------------------------------------------------------

--
-- Table structure for table `phfamily`
--

CREATE TABLE IF NOT EXISTS `phfamily` (
  `id` int(11) unsigned NOT NULL AUTO_INCREMENT,
  `patientid` varchar(191) COLLATE utf8mb4_unicode_ci DEFAULT NULL,
  `doctorid` int(11) unsigned DEFAULT NULL,
  `sysdate` varchar(191) COLLATE utf8mb4_unicode_ci DEFAULT NULL,
  `family_disease` varchar(191) COLLATE utf8mb4_unicode_ci DEFAULT NULL,
  `family_relative` varchar(191) COLLATE utf8mb4_unicode_ci DEFAULT NULL,
  `familynote` varchar(191) COLLATE utf8mb4_unicode_ci DEFAULT NULL,
  `del` int(11) unsigned DEFAULT NULL,
  PRIMARY KEY (`id`)
) ENGINE=InnoDB DEFAULT CHARSET=utf8mb4 COLLATE=utf8mb4_unicode_ci ROW_FORMAT=COMPACT AUTO_INCREMENT=1 ;

-- --------------------------------------------------------

--
-- Table structure for table `phfamilydisease`
--

CREATE TABLE IF NOT EXISTS `phfamilydisease` (
  `id` int(11) unsigned NOT NULL AUTO_INCREMENT,
  `name` varchar(191) COLLATE utf8mb4_unicode_ci DEFAULT NULL,
  `del` int(11) unsigned DEFAULT NULL,
  PRIMARY KEY (`id`)
) ENGINE=InnoDB  DEFAULT CHARSET=utf8mb4 COLLATE=utf8mb4_unicode_ci ROW_FORMAT=COMPACT AUTO_INCREMENT=22 ;

--
-- Dumping data for table `phfamilydisease`
--

INSERT INTO `phfamilydisease` (`id`, `name`, `del`) VALUES
(1, 'T2D', 0),
(2, 'htn', 0),
(3, 'hypothyoidism', 0),
(4, 'Cholestrol', 0),
(5, 'Cholestrol', 0),
(6, 'Right axillary LN', 0),
(7, 'hyperthyrirodsm ', 0),
(8, 'ACVD', 0),
(9, 'dm', 0),
(10, 'cancer esophagus ', 0),
(11, 'IHD', 0),
(12, 'CABG ', 0),
(13, 'Cancer Breast ', 0),
(14, 't1DM', 0),
(15, 'gHD', 0),
(16, 'مريضه غده حساسيه صدر', 0),
(17, 'عده', 0),
(18, 'سكر', 0),
(19, 'عملية الزايدة واللوز', 0),
(20, 'عملية زايدة', 0),
(21, 'عملية تردد حرارى', 0);

-- --------------------------------------------------------

--
-- Table structure for table `phfamilyrelative`
--

CREATE TABLE IF NOT EXISTS `phfamilyrelative` (
  `id` int(11) unsigned NOT NULL AUTO_INCREMENT,
  `name` varchar(191) COLLATE utf8mb4_unicode_ci DEFAULT NULL,
  `del` int(11) unsigned DEFAULT NULL,
  PRIMARY KEY (`id`)
) ENGINE=InnoDB  DEFAULT CHARSET=utf8mb4 COLLATE=utf8mb4_unicode_ci ROW_FORMAT=COMPACT AUTO_INCREMENT=10 ;

--
-- Dumping data for table `phfamilyrelative`
--

INSERT INTO `phfamilyrelative` (`id`, `name`, `del`) VALUES
(1, 'mother', 0),
(2, 'father', 0),
(3, 'parents', 0),
(4, 'grandmother', 0),
(5, 'sister ', 0),
(6, 'sister ', 0),
(7, 'انسولين', 0),
(8, 'علاج للضغط', 0),
(9, '6 m', 0);

-- --------------------------------------------------------

--
-- Table structure for table `phmenstrual`
--

CREATE TABLE IF NOT EXISTS `phmenstrual` (
  `id` int(11) unsigned NOT NULL AUTO_INCREMENT,
  `patientid` varchar(191) COLLATE utf8mb4_unicode_ci DEFAULT NULL,
  `sysdate` varchar(191) COLLATE utf8mb4_unicode_ci DEFAULT NULL,
  `menarche` varchar(191) COLLATE utf8mb4_unicode_ci DEFAULT NULL,
  `duration` varchar(191) COLLATE utf8mb4_unicode_ci DEFAULT NULL,
  `length` varchar(191) COLLATE utf8mb4_unicode_ci DEFAULT NULL,
  `phregularity` varchar(191) COLLATE utf8mb4_unicode_ci DEFAULT NULL,
  `phamount` varchar(191) COLLATE utf8mb4_unicode_ci DEFAULT NULL,
  `phdysmenorrhoea` varchar(191) COLLATE utf8mb4_unicode_ci DEFAULT NULL,
  `phl_mp` date DEFAULT NULL,
  `del` int(11) unsigned DEFAULT NULL,
  `doctorid` int(11) unsigned DEFAULT NULL,
  PRIMARY KEY (`id`)
) ENGINE=InnoDB DEFAULT CHARSET=utf8mb4 COLLATE=utf8mb4_unicode_ci ROW_FORMAT=COMPACT AUTO_INCREMENT=1 ;

-- --------------------------------------------------------

--
-- Table structure for table `phobstericterminate`
--

CREATE TABLE IF NOT EXISTS `phobstericterminate` (
  `id` int(11) unsigned NOT NULL AUTO_INCREMENT,
  `name` varchar(191) COLLATE utf8mb4_unicode_ci DEFAULT NULL,
  `del` int(11) unsigned DEFAULT NULL,
  PRIMARY KEY (`id`)
) ENGINE=InnoDB  DEFAULT CHARSET=utf8mb4 COLLATE=utf8mb4_unicode_ci ROW_FORMAT=COMPACT AUTO_INCREMENT=26 ;

--
-- Dumping data for table `phobstericterminate`
--

INSERT INTO `phobstericterminate` (`id`, `name`, `del`) VALUES
(1, 'SVD', 0),
(2, 'CS', 0),
(3, 'Ectopic', 0),
(4, 'Abortion', 0),
(5, 'V.mole', 0),
(13, 'aaaa', 1),
(14, 'اااا', 1),
(15, '777', 1),
(16, '4444', 1),
(17, '2222', 1),
(18, 'اى حاجه', 1),
(19, 'eeeee', 1),
(20, 'ssss', 1),
(21, 'zzzz', 1),
(22, 'aa', 0),
(23, 'yygggggg', 0),
(24, 'hhhh', 0),
(25, 'P2', 0);

-- --------------------------------------------------------

--
-- Table structure for table `phobstericterplace`
--

CREATE TABLE IF NOT EXISTS `phobstericterplace` (
  `id` int(11) unsigned NOT NULL AUTO_INCREMENT,
  `name` varchar(191) COLLATE utf8mb4_unicode_ci DEFAULT NULL,
  `del` int(11) unsigned DEFAULT NULL,
  `patientid` int(11) unsigned DEFAULT NULL,
  PRIMARY KEY (`id`)
) ENGINE=InnoDB DEFAULT CHARSET=utf8mb4 COLLATE=utf8mb4_unicode_ci ROW_FORMAT=COMPACT AUTO_INCREMENT=1 ;

-- --------------------------------------------------------

--
-- Table structure for table `phobstetric`
--

CREATE TABLE IF NOT EXISTS `phobstetric` (
  `id` int(11) unsigned NOT NULL AUTO_INCREMENT,
  `patientid` varchar(191) COLLATE utf8mb4_unicode_ci DEFAULT NULL,
  `sysdate` varchar(191) COLLATE utf8mb4_unicode_ci DEFAULT NULL,
  `obstrduration` varchar(191) COLLATE utf8mb4_unicode_ci DEFAULT NULL,
  `obstermination` varchar(191) COLLATE utf8mb4_unicode_ci DEFAULT NULL,
  `obsplace` varchar(191) COLLATE utf8mb4_unicode_ci DEFAULT NULL,
  `obsdate` varchar(191) COLLATE utf8mb4_unicode_ci DEFAULT NULL,
  `obsnote` text COLLATE utf8mb4_unicode_ci,
  `del` int(11) unsigned DEFAULT NULL,
  `doctorid` int(11) unsigned DEFAULT NULL,
  `outcomeid` int(191) DEFAULT NULL,
  `babytype` varchar(191) COLLATE utf8mb4_unicode_ci DEFAULT NULL,
  `babygendernew` varchar(191) COLLATE utf8mb4_unicode_ci DEFAULT '0',
  `babyweight` varchar(191) COLLATE utf8mb4_unicode_ci DEFAULT NULL,
  `babyname` varchar(191) COLLATE utf8mb4_unicode_ci DEFAULT NULL,
  `babytype1` varchar(191) COLLATE utf8mb4_unicode_ci DEFAULT NULL,
  `babygendernew1` varchar(191) COLLATE utf8mb4_unicode_ci DEFAULT NULL,
  `babyweight1` varchar(191) COLLATE utf8mb4_unicode_ci DEFAULT NULL,
  `babyname1` varchar(191) COLLATE utf8mb4_unicode_ci DEFAULT NULL,
  `babytype2` varchar(191) COLLATE utf8mb4_unicode_ci DEFAULT NULL,
  `babygendernew2` varchar(191) COLLATE utf8mb4_unicode_ci DEFAULT NULL,
  `babyweight2` varchar(191) COLLATE utf8mb4_unicode_ci DEFAULT NULL,
  `babyname2` varchar(191) COLLATE utf8mb4_unicode_ci DEFAULT NULL,
  PRIMARY KEY (`id`)
) ENGINE=InnoDB DEFAULT CHARSET=utf8mb4 COLLATE=utf8mb4_unicode_ci ROW_FORMAT=DYNAMIC AUTO_INCREMENT=1 ;

-- --------------------------------------------------------

--
-- Table structure for table `phpastart`
--

CREATE TABLE IF NOT EXISTS `phpastart` (
  `id` int(11) unsigned NOT NULL AUTO_INCREMENT,
  `patientid` varchar(191) COLLATE utf8mb4_unicode_ci DEFAULT NULL,
  `sysdate` varchar(191) COLLATE utf8mb4_unicode_ci DEFAULT NULL,
  `arttype` varchar(191) COLLATE utf8mb4_unicode_ci DEFAULT NULL,
  `artcenter` varchar(191) COLLATE utf8mb4_unicode_ci DEFAULT NULL,
  `artyear` varchar(191) COLLATE utf8mb4_unicode_ci DEFAULT NULL,
  `artnote` varchar(191) COLLATE utf8mb4_unicode_ci DEFAULT NULL,
  `del` int(11) unsigned DEFAULT NULL,
  `doctorid` int(11) unsigned DEFAULT NULL,
  `emdate` date DEFAULT NULL,
  `emembryos` int(11) unsigned DEFAULT NULL,
  `straw1` int(11) unsigned DEFAULT NULL,
  PRIMARY KEY (`id`)
) ENGINE=InnoDB DEFAULT CHARSET=utf8mb4 COLLATE=utf8mb4_unicode_ci ROW_FORMAT=COMPACT AUTO_INCREMENT=1 ;

-- --------------------------------------------------------

--
-- Table structure for table `phpastartcenter`
--

CREATE TABLE IF NOT EXISTS `phpastartcenter` (
  `id` int(11) unsigned NOT NULL AUTO_INCREMENT,
  `name` varchar(191) COLLATE utf8mb4_unicode_ci DEFAULT NULL,
  `del` int(11) unsigned DEFAULT NULL,
  PRIMARY KEY (`id`)
) ENGINE=InnoDB DEFAULT CHARSET=utf8mb4 COLLATE=utf8mb4_unicode_ci AUTO_INCREMENT=1 ;

-- --------------------------------------------------------

--
-- Table structure for table `phpastarttype`
--

CREATE TABLE IF NOT EXISTS `phpastarttype` (
  `id` int(11) unsigned NOT NULL AUTO_INCREMENT,
  `name` varchar(191) COLLATE utf8mb4_unicode_ci DEFAULT NULL,
  `del` int(11) unsigned DEFAULT NULL,
  PRIMARY KEY (`id`)
) ENGINE=InnoDB  DEFAULT CHARSET=utf8mb4 COLLATE=utf8mb4_unicode_ci AUTO_INCREMENT=6 ;

--
-- Dumping data for table `phpastarttype`
--

INSERT INTO `phpastarttype` (`id`, `name`, `del`) VALUES
(1, 'IUI', 0),
(2, 'IVF', 0),
(3, 'ICSI', 0),
(4, 'cryo', 0),
(5, 'faild', 0);

-- --------------------------------------------------------

--
-- Table structure for table `phpastgynecological`
--

CREATE TABLE IF NOT EXISTS `phpastgynecological` (
  `id` int(11) unsigned NOT NULL AUTO_INCREMENT,
  `patientid` varchar(191) COLLATE utf8mb4_unicode_ci DEFAULT NULL,
  `doctorid` int(11) unsigned DEFAULT NULL,
  `sysdate` date DEFAULT NULL,
  `gynecologicaloperation` varchar(191) COLLATE utf8mb4_unicode_ci DEFAULT NULL,
  `gynecologicalyear` varchar(191) COLLATE utf8mb4_unicode_ci DEFAULT NULL,
  `gynecologicalsurgeon` varchar(191) COLLATE utf8mb4_unicode_ci DEFAULT NULL,
  `gynecologicalnote` varchar(191) COLLATE utf8mb4_unicode_ci DEFAULT NULL,
  `del` int(11) unsigned DEFAULT NULL,
  PRIMARY KEY (`id`)
) ENGINE=InnoDB DEFAULT CHARSET=utf8mb4 COLLATE=utf8mb4_unicode_ci ROW_FORMAT=COMPACT AUTO_INCREMENT=1 ;

-- --------------------------------------------------------

--
-- Table structure for table `phpastgynecologicaloperation`
--

CREATE TABLE IF NOT EXISTS `phpastgynecologicaloperation` (
  `id` int(11) unsigned NOT NULL AUTO_INCREMENT,
  `name` varchar(191) COLLATE utf8mb4_unicode_ci DEFAULT NULL,
  `del` int(11) unsigned DEFAULT NULL,
  PRIMARY KEY (`id`)
) ENGINE=InnoDB  DEFAULT CHARSET=utf8mb4 COLLATE=utf8mb4_unicode_ci ROW_FORMAT=COMPACT AUTO_INCREMENT=2 ;

--
-- Dumping data for table `phpastgynecologicaloperation`
--

INSERT INTO `phpastgynecologicaloperation` (`id`, `name`, `del`) VALUES
(1, 'hystroectomy', 0);

-- --------------------------------------------------------

--
-- Table structure for table `phpasticsi`
--

CREATE TABLE IF NOT EXISTS `phpasticsi` (
  `id` int(11) unsigned NOT NULL AUTO_INCREMENT,
  `opu` varchar(191) COLLATE utf8mb4_unicode_ci DEFAULT NULL,
  `patientid` int(11) unsigned DEFAULT NULL,
  `partentid` int(11) unsigned DEFAULT NULL,
  `gi` varchar(191) COLLATE utf8mb4_unicode_ci DEFAULT NULL,
  `gii` varchar(191) COLLATE utf8mb4_unicode_ci DEFAULT NULL,
  `gv` varchar(191) COLLATE utf8mb4_unicode_ci DEFAULT NULL,
  `et` varchar(191) COLLATE utf8mb4_unicode_ci DEFAULT NULL,
  `etf` varchar(191) COLLATE utf8mb4_unicode_ci DEFAULT NULL,
  PRIMARY KEY (`id`)
) ENGINE=InnoDB DEFAULT CHARSET=utf8mb4 COLLATE=utf8mb4_unicode_ci AUTO_INCREMENT=1 ;

-- --------------------------------------------------------

--
-- Table structure for table `phpastmedical`
--

CREATE TABLE IF NOT EXISTS `phpastmedical` (
  `id` int(11) unsigned NOT NULL AUTO_INCREMENT,
  `patientid` varchar(191) COLLATE utf8mb4_unicode_ci DEFAULT NULL,
  `sysdate` varchar(191) COLLATE utf8mb4_unicode_ci DEFAULT NULL,
  `medicaldisease` varchar(191) COLLATE utf8mb4_unicode_ci DEFAULT NULL,
  `medicalnote` text COLLATE utf8mb4_unicode_ci,
  `del` int(11) unsigned DEFAULT NULL,
  `doctorid` int(11) unsigned DEFAULT NULL,
  PRIMARY KEY (`id`)
) ENGINE=InnoDB DEFAULT CHARSET=utf8mb4 COLLATE=utf8mb4_unicode_ci ROW_FORMAT=COMPACT AUTO_INCREMENT=1 ;

-- --------------------------------------------------------

--
-- Table structure for table `phpastmedicaldisease`
--

CREATE TABLE IF NOT EXISTS `phpastmedicaldisease` (
  `id` int(11) unsigned NOT NULL AUTO_INCREMENT,
  `name` varchar(191) COLLATE utf8mb4_unicode_ci DEFAULT NULL,
  `del` int(11) unsigned DEFAULT NULL,
  `patientid` int(11) unsigned DEFAULT NULL,
  PRIMARY KEY (`id`)
) ENGINE=InnoDB  DEFAULT CHARSET=utf8mb4 COLLATE=utf8mb4_unicode_ci ROW_FORMAT=COMPACT AUTO_INCREMENT=600 ;

--
-- Dumping data for table `phpastmedicaldisease`
--

INSERT INTO `phpastmedicaldisease` (`id`, `name`, `del`, `patientid`) VALUES
(1, 'T2DM', 0, NULL),
(2, 'HTN', 0, NULL),
(3, 'Primary Hypothyroidism', 0, NULL),
(4, 'epilepsy ', 0, NULL),
(5, 'SCH', 0, NULL),
(6, 'postthyroidectomy hypothyroidism ', 0, NULL),
(7, 'cholesterol', 0, NULL),
(8, 'T1Dm', 0, NULL),
(9, 'goitre', 0, NULL),
(10, 'PCO', 0, NULL),
(11, 'primary hyperthyroidism', 0, NULL),
(12, 'simple MNG ', 0, NULL),
(13, 'ibs', 0, NULL),
(14, 'T1DM', 0, 56),
(15, 'Parkinsonism', 0, NULL),
(16, 'PDR ', 0, NULL),
(17, 'CNS', 0, NULL),
(18, 'others', 0, NULL),
(19, 'Osetoarthiitis', 0, NULL),
(20, 'gIT', 0, NULL),
(21, 'ischemic CS ', 0, NULL),
(22, 'toxic MNG', 0, NULL),
(23, 'COVID', 0, NULL),
(24, 'obesity', 0, NULL),
(25, 'carido', 1, NULL),
(26, 'carido', 1, NULL),
(27, 'carido', 1, NULL),
(28, 'carido', 1, NULL),
(29, 'carido', 1, NULL),
(30, 'carido', 1, NULL),
(31, 'carido', 1, NULL),
(32, 'carido', 1, NULL),
(33, 'carido', 1, NULL),
(34, 'carido', 1, NULL),
(35, 'carido', 1, NULL),
(36, 'carido', 0, NULL),
(37, 'carido', 1, NULL),
(38, 'carido', 1, NULL),
(39, 'carido', 1, NULL),
(40, 'carido', 1, NULL),
(41, 'carido', 1, NULL),
(42, 'Down', 0, NULL),
(43, 'depression', 0, 108),
(44, 'gout', 0, NULL),
(45, 'short stature ', 0, NULL),
(46, 'ارتخاء عضله القلب ', 0, NULL),
(47, 'MVP', 0, NULL),
(48, 'allergic rhinitis ', 0, NULL),
(49, 'BA', 0, NULL),
(50, 'Nerves', 0, NULL),
(51, 'LADA', 0, NULL),
(52, 'RA', 0, NULL),
(53, 'IGT', 0, NULL),
(54, 'rf', 0, NULL),
(55, 'cardio', 0, NULL),
(56, 'allergy', 0, NULL),
(57, 'Melena', 0, NULL),
(58, 'knee OA', 0, NULL),
(59, 'lymphoma ', 0, NULL),
(60, 'lymphoma ', 0, NULL),
(61, 'Herpes Zooster ', 0, NULL),
(62, 'dyalisis', 0, NULL),
(63, 'cKD on HD ', 0, NULL),
(64, 'Psoriasis ', 0, NULL),
(65, 'GH def  ', 0, NULL),
(66, 'prostatism', 0, NULL),
(67, 'gERD', 0, NULL),
(68, 'chronic pyleonephritis ', 0, NULL),
(69, 'hashimoto thyroiditis', 0, NULL),
(70, 'liver ', 0, NULL),
(71, 'renal transplantation ', 0, NULL),
(72, 'IHD', 0, NULL),
(73, 'TIA ', 0, NULL),
(74, 'TIA ', 0, NULL),
(75, 'TIA ', 0, NULL),
(76, 'lactating ', 0, NULL),
(77, 'hCV', 0, NULL),
(78, 'chemothyrapy', 0, NULL),
(79, 'CABG', 0, NULL),
(80, 'chest ', 0, NULL),
(81, 'ازاله ورم ليÙى من الرحم', 0, NULL),
(82, 'kidney', 0, NULL),
(83, 'Hyperprolactenemia ', 0, NULL),
(84, 'hypotention', 0, NULL),
(85, 'hashimoto sCH', 0, NULL),
(86, 'psychosomatic ', 0, NULL),
(87, 'dialysis', 0, NULL),
(88, 'تسليك للشريان التاجي', 0, NULL),
(89, 'contraceptive method ', 0, NULL),
(90, 'unleashed artery', 0, NULL),
(91, 'gyn', 0, NULL),
(92, 'vocal cord ', 0, NULL),
(93, 'hBV', 0, NULL),
(94, 'iron deficency', 0, NULL),
(95, 'ulcerative colitis ', 0, NULL),
(96, 'durititecs', 0, NULL),
(97, 'preeclampsia ', 0, NULL),
(98, 'eye pressure ', 0, NULL),
(99, 'fibromylegia', 0, NULL),
(100, 'rhumatide ', 0, NULL),
(101, 'vit d deficency', 0, NULL),
(102, 'grave disease', 0, NULL),
(103, 'chest allergy', 0, NULL),
(104, 'mensturation disturbance', 0, NULL),
(105, 'Migraine', 0, NULL),
(106, 'Calcium deficency', 0, NULL),
(107, 'portal vein thrombosis', 0, NULL),
(108, 'GDM', 0, NULL),
(109, 'bronchodilator', 0, NULL),
(110, 'gestational HTN ', 0, NULL),
(111, 'cOPD', 0, NULL),
(112, 'tachycardia', 0, NULL),
(113, 'HYpophysectomy', 0, NULL),
(114, 'sediation', 0, NULL),
(115, 'bipolar depression', 0, NULL),
(116, 'breast cancer ', 0, NULL),
(117, 'Removal of the pituitary gland', 0, NULL),
(118, 'Ovarian cysts', 0, NULL),
(119, 'broncholyitis', 0, NULL),
(120, 'asmtic ', 0, NULL),
(121, 'diabetes Insipidus ', 0, NULL),
(122, 'stroke', 0, NULL),
(123, 'hodgkin lymphoma ', 0, NULL),
(124, 'Dizziness', 0, NULL),
(125, 'NHL', 0, NULL),
(126, 'osteoporosis ', 0, NULL),
(127, 'ptc', 0, NULL),
(128, 'fracture  femur ', 0, NULL),
(129, 'cerebral ischemia ', 0, NULL),
(130, 'benign ICT & papilledemia', 0, NULL),
(131, 'cancer rectum ', 0, NULL),
(132, 'pancreatitis ', 0, NULL),
(133, 'g d', 0, NULL),
(134, 'pad', 0, NULL),
(135, 'HOCM', 0, NULL),
(136, 'aF ', 0, NULL),
(137, 'liver cirhosis ', 0, NULL),
(138, 'IPF ', 0, NULL),
(139, 'hypoparathroisim ', 0, NULL),
(140, 'dkd', 0, NULL),
(141, 'Pituitary incidentiloma ', 0, NULL),
(142, 'NASH', 0, NULL),
(143, 'bedsores ', 0, NULL),
(144, 'بطانه رحم مهاجره', 0, NULL),
(145, 'pituitary marcoadenon ', 0, NULL),
(146, 'gB stones ', 0, NULL),
(147, 'autoimmnue hepatitis ', 0, NULL),
(148, 'sinusits ', 0, NULL),
(149, 'sC hyperthyroidism ', 0, NULL),
(150, 'aKI', 0, NULL),
(151, 'Post Streptococcal GN', 0, NULL),
(152, 'tAH', 0, NULL),
(153, 'addison ', 0, NULL),
(154, 'solitary kidney ', 0, NULL),
(155, 'hemolytic anemia', 0, NULL),
(156, 'PEI', 0, NULL),
(157, 'Anti depressent', 0, NULL),
(158, 'mS', 0, NULL),
(159, 'toxic Adenoma ', 0, NULL),
(160, 'vaicels ', 0, NULL),
(161, 'recurrent Abortions ', 0, NULL),
(162, 'urinary tract disease', 0, NULL),
(163, 'hypocortisilicm ', 0, NULL),
(164, 'hZ', 0, NULL),
(165, 'mania ', 0, NULL),
(166, 'secondary DM ', 0, NULL),
(167, 'crohn', 0, NULL),
(168, 'STN', 0, NULL),
(169, 'congenital cerebral problem ', 0, NULL),
(170, 'liver disturbance', 0, NULL),
(171, 'h.pylori', 0, NULL),
(172, 'avr', 0, NULL),
(173, 'Gilliuan Barre syndrome', 0, NULL),
(174, 'pu', 0, NULL),
(175, 'speelenomegoly', 0, NULL),
(176, 'ibd', 0, NULL),
(177, 'CLL', 0, NULL),
(178, 'glucoma', 0, NULL),
(179, 'anxety ', 0, NULL),
(180, 'dvt', 0, NULL),
(181, 'lumber spondylosis ', 0, NULL),
(182, 'remove tumer from neck', 0, NULL),
(183, 'juvinle hyothyrodism ', 0, NULL),
(184, 'subacute thyroiditis ', 0, NULL),
(185, 'MI ', 0, NULL),
(186, 'dyslipidemia ', 0, NULL),
(187, 'حقن مجهرى ', 0, NULL),
(188, 'neuro', 0, NULL),
(189, 'psycosis', 0, NULL),
(190, 'prostatitis', 0, NULL),
(191, 'fatty liver', 0, NULL),
(192, 'cancer prostate ', 0, NULL),
(193, 'down s', 0, NULL),
(194, 'pericardial  effusion ', 0, NULL),
(195, 'gastritis', 0, NULL),
(196, 'mastectomy ', 0, NULL),
(197, 'insomnia ', 0, NULL),
(198, 'falls ', 0, NULL),
(199, 'CRA thrombosis ', 0, NULL),
(200, 'تكيسات المبيض', 0, NULL),
(201, 'anti coagulant ', 0, NULL),
(202, 'SLE ', 0, NULL),
(203, 'platlete dysfuntion ', 0, NULL),
(204, 'hFrEF', 0, NULL),
(205, 'akne', 0, NULL),
(206, 'bone ', 0, NULL),
(207, 'hFpEF', 0, NULL),
(208, 'subclinical hyperthyrodism', 0, NULL),
(209, 'bPH ', 0, NULL),
(210, 'proctitis ', 0, NULL),
(211, 'CONGENITAL HEART PROBLEM ', 0, NULL),
(212, 'hepatic ', 0, NULL),
(213, 'neuropathy ', 0, NULL),
(214, 'primary infertily ', 0, NULL),
(215, 'cance larynx ', 0, NULL),
(216, 'dka', 0, NULL),
(217, 'jHD', 0, NULL),
(218, 'insulin resistance', 0, NULL),
(219, 'amenorrhoea', 0, NULL),
(220, 'corpumlane ', 0, NULL),
(221, 'splenectomy ', 0, NULL),
(222, 'bmt ', 0, NULL),
(223, 'cah', 0, NULL),
(224, 'PRIMARY HYPERTHYRODISM ', 0, NULL),
(225, 'arrythmia ', 0, NULL),
(226, 'double DM ', 0, NULL),
(227, 'sciatica', 0, NULL),
(228, 'recurrent thrombosis ', 0, NULL),
(229, 'IVC filter ', 0, NULL),
(230, 'adrenal failure', 0, NULL),
(231, 'vv', 0, NULL),
(232, 'lobectomy ', 0, NULL),
(233, 'tumer.', 0, NULL),
(234, 'periphral neuropathy', 0, NULL),
(235, 'sialdenectmy', 0, NULL),
(236, 'spinal disc herniation', 0, NULL),
(237, 'قصور الشريان التاجى', 0, NULL),
(238, 'القلب قصور الشريان التاجى', 0, NULL),
(239, 'حساسيه صدر', 0, NULL),
(240, 'حساسيه ازن', 0, NULL),
(241, 'EAR INFECTION', 0, NULL),
(242, 'خشونه', 0, NULL),
(243, 'كبد', 0, NULL),
(244, 'عرق بالبطن', 0, NULL),
(245, 'blood', 0, NULL),
(246, ' قلب', 0, NULL),
(247, 'سرعه ضربات القلب', 0, NULL),
(248, 'لحمايه القلب', 0, NULL),
(249, 'ازاله عرق', 0, NULL),
(250, 'عمليه المراره', 0, NULL),
(251, 'روماتيد', 0, NULL),
(252, 'غضروÙ', 0, NULL),
(253, 'البروستاتا', 0, NULL),
(254, 'الكوليسترول ', 0, NULL),
(255, 'ازاله كيس دم من الرحم', 0, NULL),
(256, 'Ùقدان الذاكره', 0, NULL),
(257, 'كلي', 0, NULL),
(258, 'Trigeminal Neuralgia ', 0, NULL),
(259, 'شÙط دهون', 0, NULL),
(260, 'حاجز انÙي', 0, NULL),
(261, 'جلطات بالمخ', 0, NULL),
(262, 'thyroid disease ', 0, NULL),
(263, 'ITP', 0, NULL),
(264, 'الصدÙيه', 0, NULL),
(265, 'تليÙ رئوى', 0, NULL),
(266, 'الصرع', 0, NULL),
(267, 'اورام ليÙيه بالرحم', 0, NULL),
(268, 'جلطات بالجانب الايمن', 0, NULL),
(269, 'كوÙيد', 0, NULL),
(270, 'كوÙيد-19', 0, NULL),
(271, 'CKD .', 0, NULL),
(272, 'شرايح ومسامير بالقدم', 0, NULL),
(273, 'تدبيس معده', 0, NULL),
(274, 'تنظيم الهرمونات', 0, NULL),
(275, 'كالسيوم', 0, NULL),
(276, 'حمى البحر المتوسط', 0, NULL),
(277, 'كلى', 0, NULL),
(278, 'مخ  واعصاب', 0, NULL),
(279, 'تنظيم ضربات القلب', 0, NULL),
(280, 'synocpe & Fits ', 0, NULL),
(281, 'غسيل كلى', 0, NULL),
(282, 'SCH with pregnancy ', 0, NULL),
(283, 'Cushing ', 0, NULL),
(284, 'روماتيزم', 0, NULL),
(285, 'لتنظيم ضربات القلب', 0, NULL),
(286, 'لتنشيط الكبد', 0, NULL),
(287, 'هرمونى', 0, NULL),
(288, 'ortho', 0, NULL),
(289, 'brain stroke', 0, NULL),
(290, 'hepatitis c ', 0, NULL),
(291, 'lopus', 0, NULL),
(292, 'كهربا علي المخ', 0, NULL),
(293, 'PAROXYSMAL AF ', 0, NULL),
(294, 'حساسيه جيوب انÙيه', 0, NULL),
(295, 'مريضه سكر', 0, NULL),
(296, 'سكر وضغط', 0, NULL),
(297, 'bilharzizis ', 0, NULL),
(298, 'lap adrenalectomy ', 0, NULL),
(299, 'غده وسكر وضغط', 0, NULL),
(300, 'سكر وضغط وغده', 0, NULL),
(301, 'كيماوى', 0, NULL),
(302, 'للنÙسيه', 0, NULL),
(303, 'مقاومه الانسولين', 0, NULL),
(304, 'للسيوله', 0, NULL),
(305, 'مريصه غده', 0, NULL),
(306, 'pulmonary embolism ', 0, NULL),
(307, 'مريضه ضغط وقلب', 0, NULL),
(308, 'زهايمر', 0, NULL),
(309, 'امريضه غده', 0, NULL),
(310, 'مريض غده', 0, NULL),
(311, 'ورم ليÙى علي الرحم', 0, NULL),
(312, 'bells palsy ', 0, NULL),
(313, 'شهر 4', 0, NULL),
(314, 'مريطه سكر جديد', 0, NULL),
(315, 'سكر وغده ضغط', 0, NULL),
(316, 'جلطه بالقدم اليسرى', 0, NULL),
(317, 'الاكتاب', 0, NULL),
(318, 'مريضه غده وسكر', 0, NULL),
(319, 'مريضه غده 13سنه', 0, NULL),
(320, 'مريضه غده 13سنه', 0, NULL),
(321, 'مريضه غده جديد', 0, NULL),
(322, 'مريضه غده 10سنوات', 0, NULL),
(323, 'مريضه غده 2019', 0, NULL),
(324, 'مريضه سكر وضغط', 0, NULL),
(325, 'مريضه غده 5سنوات', 0, NULL),
(326, 'مريض غده جديد', 0, NULL),
(327, 'مريضه سكر 10سنوات', 0, NULL),
(328, 'مريضه سكر  من سنه', 0, NULL),
(329, 'acromegally ', 0, NULL),
(330, 'ضعÙ عضله القلب', 0, NULL),
(331, 'Ùيرس سى', 0, NULL),
(332, 'قب', 0, NULL),
(333, 'مريضه سكر شهر 1', 0, NULL),
(334, 'مريضه غده 8سنوات', 0, NULL),
(335, 'مريضه غده6سنوات', 0, NULL),
(336, 'مريض سكر 7سنوات', 0, NULL),
(337, 'مريض سكر 6سوات', 0, NULL),
(338, '7مريضه غده من شهر', 0, NULL),
(339, 'علاج اعصاب', 0, NULL),
(340, 'ضمور بالمخ', 0, NULL),
(341, 'قولون تقرحى', 0, NULL),
(342, 'مريضه غده 6 شهور', 0, NULL),
(343, 'مريضه غده 6 شهور', 0, NULL),
(344, 'مريضه غده 23سنه', 0, NULL),
(345, 'مريضه سكر 3 سنوات', 0, NULL),
(346, 'مريضه غده من سنه', 0, NULL),
(347, 'مريضه غده 4 سنوات', 0, NULL),
(348, 'مريضه غده من سنتين', 0, NULL),
(349, 'مرسضه غده 2013', 0, NULL),
(350, 'مريضه غده 8 شهور', 0, NULL),
(351, 'derma', 0, NULL),
(352, 'حساسيه Ùي الدم', 0, NULL),
(353, 'حساسيه Ùي الدم', 0, NULL),
(354, 'حساسيه بالدم', 0, NULL),
(355, 'urticaria', 0, NULL),
(356, 'المراره  ', 0, NULL),
(357, 'نزيÙ بالمخ', 0, NULL),
(358, 'السيوله', 0, NULL),
(359, 'اديسون', 0, NULL),
(360, 'مريضه ىغده 2015', 0, NULL),
(361, 'مريضه غده سنتين', 0, NULL),
(362, 'مريضه غده سنه', 0, NULL),
(363, 'مريضه غده من 10سنوات', 0, NULL),
(364, 'مريض سكر من 10سنوات', 0, NULL),
(365, 'مريض سكر من5 سنوات', 0, NULL),
(366, 'مريضه غده من 5سنوات', 0, NULL),
(367, 'مريضه غده 15سنه', 0, NULL),
(368, 'IHD with stent ', 0, NULL),
(369, 'hypopit', 0, NULL),
(370, 'Ùيتامين د', 0, NULL),
(371, 'دهون ثلاثيه', 0, NULL),
(372, 'cellulitis', 0, NULL),
(373, 'saigital sinus thrombosis ', 0, NULL),
(374, 'للدهون', 0, NULL),
(375, 'primary hyperpara', 0, NULL),
(376, 'للتخسيس', 0, NULL),
(377, 'euthyroid hyperthyroxinemia ', 0, NULL),
(378, 'endometrsis', 0, NULL),
(379, 'مهدئ للاعصاب', 0, NULL),
(380, 'منشط كبد', 0, NULL),
(381, 'cerebral Hge ', 0, NULL),
(382, 'gama knife ', 0, NULL),
(383, 'توحد', 0, NULL),
(384, 'cadio', 0, NULL),
(385, 'للمعده', 0, NULL),
(386, 'ankylosing spondylitis ', 0, NULL),
(387, 'sheehans ', 0, NULL),
(388, 'thallassemia ', 0, NULL),
(389, 'microadenoma ', 0, NULL),
(390, 'psychosis ', 0, NULL),
(391, ' hashimoto ', 0, NULL),
(392, 'd c ', 0, NULL),
(393, 'CONGENITAL JYPOTHYROIDISM ', 0, NULL),
(394, 'طويل المÙعول', 0, NULL),
(395, 'PHTN ', 0, NULL),
(396, 'لحساسيه الصدر', 0, NULL),
(397, 'للكبد', 0, NULL),
(398, 'علاج نÙسى', 0, NULL),
(399, 'نقرس', 0, NULL),
(400, 'thyroidectomy.', 0, NULL),
(401, 'Infection  ', 0, NULL),
(402, 'fibromyalgia ', 0, NULL),
(403, 'قصور حاد Ùى الكلى ', 0, NULL),
(404, 'SARCOIDOSIS ', 0, NULL),
(405, 'essential thrombocytosis ', 0, NULL),
(406, 'skin atrophy', 0, NULL),
(407, 'scleroderma ??', 0, NULL),
(408, 'صداع نصÙى', 0, NULL),
(409, 'انيميا البحر المتوسط', 0, NULL),
(410, 'لمناعه', 0, NULL),
(411, 'urge incontine ', 0, NULL),
(412, 'mSK', 0, NULL),
(413, 'قصور Ùى وظائÙ الكلى', 0, NULL),
(414, 'mitral stenosis', 0, NULL),
(415, 'aS ', 0, NULL),
(416, 'parathyroidectomy', 0, NULL),
(417, 'ربو', 0, NULL),
(418, 'علاج مناعى', 0, NULL),
(419, 'تبول لا ارادى', 0, NULL),
(420, 'FMF ', 0, NULL),
(421, 'RHD', 0, NULL),
(422, 'sleeve ', 0, NULL),
(423, 'tB ', 0, NULL),
(424, 'اكتئاب', 0, NULL),
(425, 'حساسيه ارتكاريا', 0, NULL),
(426, 'ADHD', 0, NULL),
(427, 'eVL', 0, NULL),
(428, 'علاج ولاده', 0, NULL),
(429, 'علاج معده', 0, NULL),
(430, 'للاكتئاب ', 0, NULL),
(431, 'هرمون اللبن', 0, NULL),
(432, 'hcc', 0, NULL),
(433, 'سرعه ترسيب', 0, NULL),
(434, 'الغضروÙ Ùقرة  3 و 4', 0, NULL),
(435, 'myasthenia ', 0, NULL),
(436, 'تليÙ كبد', 0, NULL),
(437, 'ALZHEIRMER ', 0, NULL),
(438, 'behget', 0, NULL),
(439, 'osa', 0, NULL),
(440, 'ضعÙ عضلات', 0, NULL),
(441, 'BRUCELLA ', 0, NULL),
(442, 'لزياده الوزن', 0, NULL),
(443, 'البهاق', 0, NULL),
(444, 'brain tumor', 0, NULL),
(445, 'علاج ضغط وقلب وشريان تاجى', 0, NULL),
(446, 'علاج للضغط', 0, NULL),
(447, 'علاج سكر وضغط واعصاب', 0, NULL),
(448, 'علاج سكر وغدة وقلب وضغط', 0, NULL),
(449, 'علاج للسكر', 0, NULL),
(450, 'علاج تليÙ على الرئة', 0, NULL),
(451, 'علاج سكر واورام', 0, NULL),
(452, 'علاج للسكر والضغط والعظام والمعدة', 0, NULL),
(453, '  علاج سكر وضغط ', 0, NULL),
(454, 'علاج للغدة والكاليسوم', 0, NULL),
(455, 'diabetic', 0, NULL),
(456, 'thyroid  ', 0, NULL),
(457, 'سكر   ', 0, NULL),
(458, 'ضغط منخÙض', 0, NULL),
(459, 'polycythemia ', 0, NULL),
(460, 'حساسية صدر', 0, NULL),
(461, 'غدة  ', 0, NULL),
(462, 'علاج كانسر  ', 0, NULL),
(463, 'كولسترول ', 0, NULL),
(464, 'حامل', 0, NULL),
(465, 'كانسر ثدى ', 0, NULL),
(466, 'قلب   ', 0, NULL),
(467, 'سيولة', 0, NULL),
(468, 'علاج جلطة', 0, NULL),
(469, 'التهاب Ùى الغضروÙ', 0, NULL),
(470, 'علاج غدة', 0, NULL),
(471, 'علاج ضغط  ', 0, NULL),
(472, 'علاج سكر  ', 0, NULL),
(473, 'علاج قلب  ', 0, NULL),
(474, 'BPPV', 0, NULL),
(475, 'Cerebral Palsy', 0, NULL),
(476, 'جلطه بالجانب الايسر', 0, NULL),
(477, 'علاج عظام', 0, NULL),
(478, 'عملية كسر Ùى الانÙ', 0, NULL),
(479, 'علاج سيولة', 0, NULL),
(480, 'نÙسيه وعصبيه', 0, NULL),
(481, 'دعامة للقلب', 0, NULL),
(482, 'mitral valve replacement ', 0, NULL),
(483, 'pituitary gland atrophy', 0, NULL),
(484, 'cancer   ', 0, NULL),
(485, 'حالة التهاب رئوى', 0, NULL),
(486, 'pregnancy   ', 0, NULL),
(487, 'ارتشاح بالمخ', 0, NULL),
(488, 'hypothyrodism', 0, NULL),
(489, 'generalized fatigue', 0, NULL),
(490, 'Sinus bradycardia', 0, NULL),
(491, 'central hypothyroidism', 0, NULL),
(492, 'thalssemia Trait ', 0, NULL),
(493, 'علاج معدة', 0, NULL),
(494, 'علاج بروستاتا', 0, NULL),
(495, 'تردد حرارى', 0, NULL),
(496, 'علاج روماتيد', 0, NULL),
(497, 'MWA', 0, NULL),
(498, 'الربو', 0, NULL),
(499, 'galactorrhea ', 0, NULL),
(500, 'rheumatic mitral stenosis', 0, NULL),
(501, 'علاج دهون', 0, NULL),
(502, 'علاج للمعدة', 0, NULL),
(503, '     ', 0, NULL),
(504, 'علاج ارتجاع مرىء', 0, NULL),
(505, 'علاج كولسترول', 0, NULL),
(506, 'عملية المرارة', 0, NULL),
(507, 'علاج للدهون', 0, NULL),
(508, 'علاج للصداع النصÙى', 0, NULL),
(509, 'علاج اوعية دموية', 0, NULL),
(510, 'علاج للنمو', 0, NULL),
(511, 'pergnancy', 0, NULL),
(512, 'مصل لعلاج الجيوب الانÙية', 0, NULL),
(513, 'علاج للكلوسترول', 0, NULL),
(514, 'منظم ضربات القلب', 0, NULL),
(515, 'علاج للقلب', 0, NULL),
(516, 'علاج للقلب', 0, NULL),
(517, 'علاج للقلب', 0, NULL),
(518, 'علاج للقلب', 0, NULL),
(519, 'علاج للقلب', 0, NULL),
(520, 'لتنظيم سكر', 0, NULL),
(521, 'علاج لمقاومة الانسولين', 0, NULL),
(522, 'روماتيزم قلب', 0, NULL),
(523, 'sjogren', 0, NULL),
(524, 'علاج حساسية صدر', 0, NULL),
(525, 'علاج حساسية صدر', 0, NULL),
(526, 'علاج حساسية صدر', 0, NULL),
(527, 'علاج دوالى', 0, NULL),
(528, 'علاج سيولة وكولسترول', 0, NULL),
(529, 'Ùشل كلوى', 0, NULL),
(530, 'علاج امراض دم', 0, NULL),
(531, 'علاج جرثومة المعدة', 0, NULL),
(532, 'VASCULITIS ', 0, NULL),
(533, 'منظار رحمي', 0, NULL),
(534, 'علاج هرمونى', 0, NULL),
(535, 'Hgic Stroke ', 0, NULL),
(536, 'cardiac catheter', 0, NULL),
(537, 'thalassemia', 0, NULL),
(538, 'knee endoscopy', 0, NULL),
(539, 'مصل حساسية', 0, NULL),
(540, 'جلطة بالنخاع', 0, NULL),
(541, 'كورتزول', 0, NULL),
(542, 'gall stones', 0, NULL),
(543, 'gestational dm', 0, NULL),
(544, 'علاج للكبد', 0, NULL),
(545, 'علاج مقاومة انسولين', 0, NULL),
(546, 'جلطه بالمخ', 0, NULL),
(547, 'cerbellar stroke ', 0, NULL),
(548, 'pemphigus ', 0, NULL),
(549, 'علاج مرارة وقولون', 0, NULL),
(550, 'علاج تكيس ع المبيض', 0, NULL),
(551, 'Penile leakage', 0, NULL),
(552, 'علاج للمناعة', 0, NULL),
(553, 'Rheumatoid ', 0, NULL),
(554, 'cervical spondylosis', 0, NULL),
(555, 'cortizol', 0, NULL),
(556, 'علاج معدة وروماتيد', 0, NULL),
(557, 'علاج كلى', 0, NULL),
(558, 'علاج مخ واصاب', 0, NULL),
(559, 'تليÙ ثدى', 0, NULL),
(560, 'علاج قلب ومعدة', 0, NULL),
(561, 'SCHIZOPHRENIA ', 0, NULL),
(562, 'علاج كاليسوم وÙيتامين د', 0, NULL),
(563, 'علاج اكتئاب', 0, NULL),
(564, 'OCD', 0, NULL),
(565, 'علاج للدوالى', 0, NULL),
(566, 'شلل رعاش', 0, NULL),
(567, 'علاد دهون وكبد', 0, NULL),
(568, ' علاج سيولة', 0, NULL),
(569, 'الغده النخاميه', 0, NULL),
(570, 'pulmonary HTN', 0, NULL),
(571, 'علاج ورم Ùى الغدة النخامية', 0, NULL),
(572, 'عملية تكميم معدة', 0, NULL),
(573, 'عملية استقصال ورم Ùي المرئ', 0, NULL),
(574, 'BYpass ', 0, NULL),
(575, 'علاج Ùقرات وكورتيزول', 0, NULL),
(576, 'علاج كبد', 0, NULL),
(577, 'diagnostic cath ', 0, NULL),
(578, 'hiatus hernia ', 0, NULL),
(579, 'استئصال الثدى الايسر', 0, NULL),
(580, 'غده جاردقيه', 0, NULL),
(581, ' علاج جساسية صدر وارتجاع مرىء', 0, NULL),
(582, 'Ùيرس a', 0, NULL),
(583, 'Ùيرس B', 0, NULL),
(584, 'carcinoid syndrome', 0, NULL),
(585, 'fibroadenosis ', 0, NULL),
(586, 'علاج للهرمونات', 0, NULL),
(587, 'علاج  خشونة', 0, NULL),
(588, 'علاج قلب ومخ واعصاب', 0, NULL),
(589, 'الذئبه الحمراء', 0, NULL),
(590, 'SYSTEMIC LUPIS ', 0, NULL),
(591, 'علاج انيميا الÙول', 0, NULL),
(592, 'cerbral HGE ', 0, NULL),
(593, 'مخ واعصا ب', 0, NULL),
(594, 'حقنة طويلة المÙعول', 0, NULL),
(595, 'جلطه بالجانب الايمن', 0, NULL),
(596, 'علاج قولون', 0, NULL),
(597, 'علاج قلب وروماتيد', 0, NULL),
(598, 'علاج رئه', 0, NULL),
(599, 'OLIGOMENORRHEA ', 0, NULL);

-- --------------------------------------------------------

--
-- Table structure for table `phpastsurgical`
--

CREATE TABLE IF NOT EXISTS `phpastsurgical` (
  `id` int(11) unsigned NOT NULL AUTO_INCREMENT,
  `patientid` int(11) unsigned DEFAULT NULL,
  `doctorid` int(11) unsigned DEFAULT NULL,
  `sysdate` varchar(191) COLLATE utf8mb4_unicode_ci DEFAULT NULL,
  `surgicaloperation` varchar(191) COLLATE utf8mb4_unicode_ci DEFAULT NULL,
  `phsurgicalyear` varchar(191) COLLATE utf8mb4_unicode_ci DEFAULT NULL,
  `phsurgicalsurgeon` varchar(191) COLLATE utf8mb4_unicode_ci DEFAULT NULL,
  `surgicalnote` varchar(191) COLLATE utf8mb4_unicode_ci DEFAULT NULL,
  `del` int(11) unsigned DEFAULT NULL,
  PRIMARY KEY (`id`)
) ENGINE=InnoDB DEFAULT CHARSET=utf8mb4 COLLATE=utf8mb4_unicode_ci ROW_FORMAT=COMPACT AUTO_INCREMENT=1 ;

-- --------------------------------------------------------

--
-- Table structure for table `phpastsurgicaloperation`
--

CREATE TABLE IF NOT EXISTS `phpastsurgicaloperation` (
  `id` int(11) unsigned NOT NULL AUTO_INCREMENT,
  `name` varchar(191) COLLATE utf8mb4_unicode_ci DEFAULT NULL,
  `del` int(11) unsigned DEFAULT NULL,
  `patientid` int(11) unsigned DEFAULT NULL,
  PRIMARY KEY (`id`)
) ENGINE=InnoDB  DEFAULT CHARSET=utf8mb4 COLLATE=utf8mb4_unicode_ci ROW_FORMAT=COMPACT AUTO_INCREMENT=790 ;

--
-- Dumping data for table `phpastsurgicaloperation`
--

INSERT INTO `phpastsurgicaloperation` (`id`, `name`, `del`, `patientid`) VALUES
(1, 'Appendectomy ', 0, NULL),
(2, 'CS', 0, NULL),
(3, 'sÙquint', 0, NULL),
(4, 'pilonidal sinus', 0, NULL),
(5, 'thyroidectomy ', 0, NULL),
(6, 'barces in heart ', 0, NULL),
(7, 'Heart catheter', 0, NULL),
(8, 'cataract', 0, NULL),
(9, 'MYOMECTOMY AND PCO', 0, NULL),
(10, 'cholecystectomy ', 0, NULL),
(11, 'capral tunnel syndrome', 0, NULL),
(12, 'Homorrides', 0, NULL),
(13, 'Hernia ', 0, NULL),
(14, 'anal Fistula', 0, NULL),
(15, 'Varicels', 0, NULL),
(16, 'tonslectomy', 0, NULL),
(17, 'tonslectomy', 1, NULL),
(18, 'tonslectomy', 1, NULL),
(19, 'tonslectomy', 1, NULL),
(20, 'tonslectomy', 1, NULL),
(21, 'tonslectomy', 1, NULL),
(22, 'tonslectomy', 1, NULL),
(23, 'tonslectomy', 1, NULL),
(24, 'tonslectomy', 1, NULL),
(25, 'tonslectomy', 1, NULL),
(26, 'tonslectomy', 1, NULL),
(27, 'tonslectomy', 1, NULL),
(28, 'تحويل مسار', 0, NULL),
(29, 'تثبيت Ùقرات ', 0, NULL),
(30, 'total hip Reolacment', 0, NULL),
(31, 'anal fissure', 0, NULL),
(32, 'anal fissure', 1, NULL),
(33, 'ربط ', 0, NULL),
(34, 'Nasal Septum ', 0, NULL),
(35, 'Aportion', 0, NULL),
(36, 'Hystroectomy', 0, 105),
(37, 'Mastectomy ', 0, NULL),
(38, 'fructure in Hip', 0, NULL),
(39, 'حقن Ù العين', 0, NULL),
(40, 'Spelenectomy', 0, NULL),
(41, 'كيس دهني Ù العين', 0, NULL),
(42, 'back Cartialge ', 0, NULL),
(43, 'Arm&lag Amputation', 0, NULL),
(44, 'Abcess', 0, NULL),
(45, 'تسليك انابيب', 0, NULL),
(46, 'Ectopic P.', 0, NULL),
(47, 'IHD with stent ', 0, NULL),
(48, 'كيس ع المبيض', 0, NULL),
(49, 'حقن مجهرى', 0, NULL),
(50, 'Nephroectomy', 0, NULL),
(51, 'sleeve Gastiritis', 0, NULL),
(52, 'Tumer in uterus ', 0, NULL),
(53, 'sleeve Gastrctomy ', 0, NULL),
(54, 'OOpherectomy ', 0, NULL),
(55, 'fibroid', 0, NULL),
(56, 'زراعه عدسه', 0, NULL),
(57, 'LASIC', 0, NULL),
(58, 'unleash Nerve ', 0, NULL),
(59, 'Open Heart', 0, NULL),
(60, 'شÙط دهون', 0, NULL),
(61, 'abortion ', 0, NULL),
(62, 'TURB', 0, NULL),
(63, 'استئصال كيس من المبيض', 0, NULL),
(64, 'parathyroidectomy ', 0, NULL),
(65, 'lobectomy', 0, NULL),
(66, 'ESWL', 0, NULL),
(67, 'Remove Stone Kidney', 0, NULL),
(68, 'Artery Dilated', 0, NULL),
(69, 'منظار للقولون', 0, NULL),
(70, 'remove carcinoma from neck', 0, NULL),
(71, 'reomve Cyst from thorat', 0, NULL),
(72, 'Diaphrgmatic Hernia ', 0, NULL),
(73, 'سقوط رحم', 0, NULL),
(74, 'fracture ', 0, NULL),
(75, 'remove Left Breast ', 0, NULL),
(76, 'Remove Tumer From Uterus', 0, NULL),
(77, 'تÙت حصوه Ù القناه المرراريه', 0, NULL),
(78, 'Umbalical Hernia', 0, NULL),
(79, 'ALT', 0, NULL),
(80, 'ALT', 0, NULL),
(81, 'ALT', 0, NULL),
(82, 'ALT', 0, NULL),
(83, 'ALT', 0, NULL),
(84, 'remove Fat sac', 0, NULL),
(85, 'ازاله ورم ليÙي من الرحم ', 0, NULL),
(86, 'Surgical IUDs', 0, NULL),
(87, 'remove tumer from sholuder', 0, NULL),
(88, 'استئصال كيس من الثدى ', 0, NULL),
(89, 'cABG', 0, NULL),
(90, 'تÙتيت حصوه ', 0, NULL),
(91, 'diagnostic heart Cath.', 0, NULL),
(92, 'knee Cartilage', 0, NULL),
(93, 'skin Draft', 0, NULL),
(94, 'ectopic pregnancy ', 0, NULL),
(95, 'زرع كلى', 0, NULL),
(96, 'مÙصل ركبه', 0, NULL),
(97, 'adenouds surgery', 0, NULL),
(98, 'pDR with laser ', 0, NULL),
(99, 'منظار رحمي', 0, NULL),
(100, 'ear draft ', 0, NULL),
(101, 'تسليك وتر ', 0, NULL),
(102, 'حاجز انÙى ', 0, NULL),
(103, 'كحت', 0, NULL),
(104, 'neck cartilage ', 0, NULL),
(105, 'ازاله Ùص من الرئه', 0, NULL),
(106, 'undescended testis', 0, NULL),
(107, 'remove Sac from uterus ', 0, NULL),
(108, 'currtage', 0, NULL),
(109, 'Abcess in Axiallry', 0, NULL),
(110, 'ازاله كيس دم من الرحم', 0, NULL),
(111, 'remove right breast ', 0, NULL),
(112, 'brain surgery ', 0, NULL),
(113, 'اسئصال جزء من القولون ', 0, NULL),
(114, 'pad', 0, NULL),
(115, 'استئصال القناه اللبنيه ', 0, NULL),
(116, 'prostatectomy ', 0, NULL),
(117, 'توسيع حالب', 0, NULL),
(118, 'انÙصال شبيكه ', 0, NULL),
(119, 'adrenalectomy ', 0, NULL),
(120, 'mammray glandectomy ', 0, NULL),
(121, 'abcess in umbalical ', 0, NULL),
(122, 'abcess in umbalical ', 0, NULL),
(123, 'abcess in umbalical ', 0, NULL),
(124, 'abcess in umbalical ', 0, NULL),
(125, 'amputation of rL', 0, NULL),
(126, 'neck Irradiation ', 0, NULL),
(127, 'cervical Laminectomy ', 0, NULL),
(128, 'tAH & BSO', 0, NULL),
(129, 'OCD', 0, NULL),
(130, 'peritoneal carcinomatosis ', 0, NULL),
(131, 'cancer sigmoid ', 0, NULL),
(132, 'ازاله تلÙ Ù الصدر', 0, NULL),
(133, 'nasal cartilage ', 0, NULL),
(134, 'barces in kidney ', 0, NULL),
(135, 'orbital celluitis .Sever corueal metting', 0, NULL),
(136, 'cleft palate', 0, NULL),
(137, 'discovery', 0, NULL),
(138, 'cut in Palate', 0, NULL),
(139, 'قطع Ù اوتار الذراع ', 0, NULL),
(140, 'صمام Ù القلب', 0, NULL),
(141, 'تركيب CRT', 0, NULL),
(142, 'lumber laminectomy', 0, NULL),
(143, 'Removing the mammary glands', 0, NULL),
(144, 'remove tumer from breast', 0, NULL),
(145, 'hypophysectomy ', 0, NULL),
(146, 'dyalisis', 0, NULL),
(147, 'penile stent ', 0, NULL),
(148, 'internal absess', 0, NULL),
(149, 'زرع قرانيه', 0, NULL),
(150, 'ureteric stent ', 0, NULL),
(151, 'remove cancer tiusse from back', 0, NULL),
(152, 'IUFD', 0, NULL),
(153, 'Micro adeoma', 0, NULL),
(154, 'tracheostomy ', 0, NULL),
(155, 'Removal of the pituitary gland', 0, NULL),
(156, 'lymphadenectomy ', 0, NULL),
(157, 'left nephrectomy ', 0, NULL),
(158, 'تركيب مÙصل صناعى Ù الركبه', 0, NULL),
(159, 'Stereotactic radiosurgery', 0, NULL),
(160, 'remove tumer from Neck', 0, NULL),
(161, 'ear tubes', 0, NULL),
(162, 'finger amputation ', 0, NULL),
(163, 'شد البطن', 0, NULL),
(164, 'eye homorrige', 0, NULL),
(165, 'remove part of bone of face ', 0, NULL),
(166, 'Hydrocephalus (shunt)', 0, NULL),
(167, 'Pterygium', 0, NULL),
(168, 'Glaucoma', 0, NULL),
(169, 'remove tumer cancer from brain', 0, NULL),
(170, 'sudoriferectomy', 0, NULL),
(171, 'remove sac from breast', 0, NULL),
(172, 'Gamma knife ', 0, NULL),
(173, 'toe amputation ', 0, NULL),
(174, 'كى Ù عضله القلب', 0, NULL),
(175, 'ازاله ورم ليÙي من الÙخذ', 0, NULL),
(176, 'knee Replacement ', 0, NULL),
(177, 'craniopharyngioma ', 0, NULL),
(178, 'pseudo-tumer cerebral ', 0, NULL),
(179, 'renal Transplantation ', 0, NULL),
(180, 'ring ', 0, NULL),
(181, 'descovery', 0, NULL),
(182, 'fructure in leg', 0, NULL),
(183, 'tumer in kidney', 0, NULL),
(184, 'remove kidney tumor', 0, NULL),
(185, 'حاجز رحمي ', 0, NULL),
(186, 'ربط عنق رحمي ', 0, NULL),
(187, 'diabetic foot', 0, NULL),
(188, 'remove tumer from brain', 0, NULL),
(189, 'remove tumer from Pencertic ', 0, NULL),
(190, 'remove tumer from Pencertic ', 0, NULL),
(191, 'fructure in back ', 0, NULL),
(192, 'Partial Pancreatectomy', 0, NULL),
(193, 'Leg draft', 0, NULL),
(194, 'splenectomy ', 0, NULL),
(195, 'tubal ligation ', 0, NULL),
(196, 'piles', 0, NULL),
(197, 'تقوس ساق', 0, NULL),
(198, 'زرع عضم Ù الÙك', 0, NULL),
(199, 'barces in back', 0, NULL),
(200, 'right Adrenelactomy ', 0, NULL),
(201, 'ضغط سائل على المخ Ù العين', 0, NULL),
(202, 'uterine prolapse ', 0, NULL),
(203, 'cervical polyp', 0, NULL),
(204, 'exploration', 0, NULL),
(205, 'بطانه رحم مهاجره', 0, NULL),
(206, 'LL amputation ', 0, NULL),
(207, 'abcess in anal', 0, NULL),
(208, 'cut in colon', 0, NULL),
(209, 'biopsy from uterus', 0, NULL),
(210, 'زرع قناه دمعيه', 0, NULL),
(211, 'bldder draft', 0, NULL),
(212, 'bladder draft', 0, NULL),
(213, ' fructure in hib ', 0, NULL),
(214, 'Scrotum hernia', 0, NULL),
(215, 'fMG', 0, NULL),
(216, 'fissure.', 0, NULL),
(217, 'absess.', 0, NULL),
(218, 'cut tendon in sholuder', 0, NULL),
(219, 'تركيب Ùقرات Ù العمود الÙقرى', 0, NULL),
(220, 'بذل Ù الثدى', 0, NULL),
(221, 'surgical hypophysectomy ', 0, NULL),
(222, 'remove cancer cells from breast', 0, NULL),
(223, 'استئصال ورم من المخ', 0, NULL),
(224, 'balloon ', 0, NULL),
(225, 'abdominoplasty ', 0, NULL),
(226, 'colestomy', 0, NULL),
(227, 'pu ', 0, NULL),
(228, 'rupture colon ', 0, NULL),
(229, 'rL amputation ', 0, NULL),
(230, 'زرع  عدسات', 0, NULL),
(231, 'injection in spinl cord ', 0, NULL),
(232, 'BYPASS', 0, NULL),
(233, 'cTS', 0, NULL),
(234, 'اعاقه Ù القدم ', 0, NULL),
(235, 'منظار باطنى', 0, NULL),
(236, 'remove malignant tumer from brain ', 0, NULL),
(237, 'دعامه Ù القناه المراريه', 0, NULL),
(238, 'polyps ', 0, NULL),
(239, 't2d ', 0, NULL),
(240, 'amputation of finger', 0, NULL),
(241, 'chest tube ', 0, NULL),
(242, 'remove malignant tumer.', 0, NULL),
(243, 'تركيب صمام Ù النخاع الشوكى', 0, NULL),
(244, 'تركيب صمام Ù النخاع الشوكى', 0, NULL),
(245, 'ازاله ورم من الغده النخاميه', 0, NULL),
(246, 'cartilage dilated ', 0, NULL),
(247, 'زرع شعر ', 0, NULL),
(248, 'منظار للجهاز الهضمى ', 0, NULL),
(249, 'remove bengin tumer from breast', 0, NULL),
(250, 'زراعه اسنان', 0, NULL),
(251, 'تغير صمام Ù القلب', 0, NULL),
(252, 'توسيع بالبالون Ùالقدم', 0, NULL),
(253, 'hysteroscopy ', 0, NULL),
(254, 'Pencerctomy 90%', 0, NULL),
(255, 'remove tubes of uterus', 0, NULL),
(256, 'back fructure ', 0, NULL),
(257, 'ازاله التصاقات Ù القولون', 0, NULL),
(258, 'تغير مÙاصل ركبه ', 0, NULL),
(259, 'remove tumer from liver', 0, NULL),
(260, 'ازاله كيس دهنى', 0, NULL),
(261, 'RFA in liver ', 0, NULL),
(262, 'ازاله الغده النخاميه', 0, NULL),
(263, 'amputation of finger in leg', 0, NULL),
(264, 'abcess in eye', 0, NULL),
(265, 'corticostride injection in back', 0, NULL),
(266, 'زرع حالب للكلى', 0, NULL),
(267, 'Salivary gland removal', 0, NULL),
(268, 'solitary kidney', 0, NULL),
(269, 'granulomatosis mastosis ', 0, NULL),
(270, 'نقل وتطويل وتر Ù القدم', 0, NULL),
(271, 'ازاله ورم ليÙي من الصدر', 0, NULL),
(272, 'تثبت نظر ', 0, NULL),
(273, 'recurrent renal stones ', 0, NULL),
(274, 'partial thyriodectomy', 0, NULL),
(275, 'arm fructure ', 0, NULL),
(276, 'surgical correction ', 0, NULL),
(277, 'رشح Ù العين ', 0, NULL),
(278, 'perihepatic absess ', 0, NULL),
(279, 'malignant tumer in thorat (surgery)', 0, NULL),
(280, 'evl', 0, NULL),
(281, 'منظار ركبه', 0, NULL),
(282, 'pneumothorax', 0, NULL),
(283, 'laryngeal fissure', 0, NULL),
(284, 'partial gastroectomy', 0, NULL),
(285, 'Removal of the right lobe of the pituitary gland', 0, NULL),
(286, 'subdural hematoma ', 0, NULL),
(287, 'remove tumer from bladder', 0, NULL),
(288, 'anal dilataion', 0, NULL),
(289, 'partial nephroectomy', 0, NULL),
(290, ' mastectomy ', 0, NULL),
(291, 'Fracture Fibula ', 0, NULL),
(292, 'ivf', 0, NULL),
(293, 'ballon dilatation for PAD', 0, NULL),
(294, 'barces in cholycyst', 0, NULL),
(295, 'عمليه اللوز', 0, NULL),
(296, 'عمليه المراره', 0, NULL),
(297, 'ازاله الرحم', 0, NULL),
(298, 'استكشاÙ قسطره بالقلب', 0, NULL),
(299, 'Ùتاء سري', 0, NULL),
(300, 'منظار  للمعده', 0, NULL),
(301, 'TUMER IN ANUS', 0, NULL),
(302, 'ear osteomyelitis ', 0, NULL),
(303, 'حاجز انÙي', 0, NULL),
(304, 'دوالى علي القدم اليسرى', 0, NULL),
(305, 'REMOVAL OF THE UTERUS', 0, NULL),
(306, 'مياه بيضاء بالعين', 0, NULL),
(307, 'استئصال كلى', 0, NULL),
(308, 'ازاله ماده السيلكون من الشبكيه', 0, NULL),
(309, 'broken arm', 0, NULL),
(310, 'عرق بالبطن', 0, NULL),
(311, 'ازاله مياه بيضاء', 0, NULL),
(312, 'عمليه الغده', 0, NULL),
(313, 'الماسور', 0, NULL),
(314, 'liver absess ', 0, NULL),
(315, 'تكميم معده', 0, NULL),
(316, 'عمليه دوالي', 0, NULL),
(317, 'ازاله حصوات من المثانه', 0, NULL),
(318, 'ازاله عرق ', 0, NULL),
(319, 'غضروÙ ', 0, NULL),
(320, 'ازاله انبوب Ùالوب', 0, NULL),
(321, 'ازاله دوالى بالقدم اليسري', 0, NULL),
(322, 'حقن دوالى مريء', 0, NULL),
(323, 'حقن دوالى مريء', 0, NULL),
(324, 'تسليك عصب', 0, NULL),
(325, 'الغضروÙ', 0, NULL),
(326, 'تسليك اوعيه دمويه بالقدم', 0, NULL),
(327, 'd & C ', 0, NULL),
(328, 'تصحيح  نظر', 0, NULL),
(329, 'ازاله حصوات من الكلي بالمنظار', 0, NULL),
(330, ' Ùتاء بالمعده', 0, NULL),
(331, 'Upper GIT & colonoscopy ', 0, NULL),
(332, 'ازاله ورم من القولون', 0, NULL),
(333, 'hiatus hernia', 0, NULL),
(334, 'رباط صليبى', 0, NULL),
(335, 'car accidents ', 0, NULL),
(336, 'عمليه الغضروÙ', 0, NULL),
(337, 'قلب مÙتوح', 0, NULL),
(338, 'كسر بالحوض', 0, NULL),
(339, 'عمليه البواسير', 0, NULL),
(340, 'شرايح ومسامير بالقدم', 0, NULL),
(341, 'تدبيس معده', 0, NULL),
(342, 'اجهاض', 0, NULL),
(343, 'عمليه الناسور', 0, NULL),
(344, 'عمليه دوالى الساقين', 0, NULL),
(345, 'تركيب شرايح ومسامير بالقدم', 0, NULL),
(346, 'تركيب شرايح ومسامير بالقدم', 0, NULL),
(347, 'تسليك شرايين', 0, NULL),
(348, 'بتر بالقدم اليسرى', 0, NULL),
(349, 'استكشاÙ بالمعده', 0, NULL),
(350, 'عمليه العرق', 0, NULL),
(351, 'bladder Ulcer', 0, NULL),
(352, 'استئصال جزء من الغده', 0, NULL),
(353, 'تركيب دعامه بالقلب', 0, NULL),
(354, ' ازاله غضاريÙ بالجيوب انÙيه', 0, NULL),
(355, 'Ùتح خراج بالÙخد الايمن', 0, NULL),
(356, 'استئصال ورم من الثدى', 0, NULL),
(357, 'عمليه بالقدم', 0, NULL),
(358, 'عمليه بالقدم', 0, NULL),
(359, 'عمليه اجهاض', 0, NULL),
(360, 'vv', 0, NULL),
(361, 'عمليه كحت', 0, NULL),
(362, 'البروستاتا', 0, NULL),
(363, 'عمليه اللحميه', 0, NULL),
(364, 'انزلاق غضروÙى', 0, NULL),
(365, 'ازاله ورم من الثدى', 0, NULL),
(366, 'تركيب شرايح باليد', 0, NULL),
(367, 'palpilledema', 0, NULL),
(368, 'ازاله كيس من الغده', 0, NULL),
(369, 'ازاله كلى', 0, NULL),
(370, 'inguinal hernia ', 0, NULL),
(371, 'nephrectomy .', 0, NULL),
(372, 'd&C', 0, NULL),
(373, 'ازاله القولون', 0, NULL),
(374, 'تسليك شرايين بالقلب', 0, NULL),
(375, 'كانسر', 0, NULL),
(376, 'تكيسات مبايض', 0, NULL),
(377, 'دوالى بالخصيه', 0, NULL),
(378, 'سكر', 0, NULL),
(379, 'سكر وضغط', 0, NULL),
(380, 'epidural hematoma', 0, NULL),
(381, 'استئصال ورم من القولون', 0, NULL),
(382, 'عمليه شريان الدوالى', 0, NULL),
(383, 'عمليه تسدى', 0, NULL),
(384, 'غده البارثولين', 0, NULL),
(385, 'ازاله تكيسات على المبايض', 0, NULL),
(386, 'غضروÙ بالرقبه', 0, NULL),
(387, 'تركيب مسمار بالÙخد', 0, NULL),
(388, 'ازاله غدد لبنيه', 0, NULL),
(389, 'ازاله  الرحم', 0, NULL),
(390, 'تسوس بالاذن', 0, NULL),
(391, 'استئصال انبوبه', 0, NULL),
(392, 'ازاله ورم من المخ', 0, NULL),
(393, 'ازاله مياه زرقاء', 0, NULL),
(394, 'استئصال الثدى الايمن', 0, NULL),
(395, 'استئصال ورم من الرحم', 0, NULL),
(396, 'عمليه شرخ', 0, NULL),
(397, 'ازاله Ùص من الغده', 0, NULL),
(398, 'تركيب صمام  Ùى العين', 0, NULL),
(399, 'شق حنجرى', 0, NULL),
(400, 'ازاله دوالى بالخصيه', 0, NULL),
(401, 'منظار بالرئه', 0, NULL),
(402, 'old TB ', 0, NULL),
(403, 'تركيب دعامتين بالقلب', 0, NULL),
(404, 'تركيب دعامتين بالقلب', 0, NULL),
(405, 'تركيب دعامتين بالقلب', 0, NULL),
(406, 'تركيب دعامتين بالقلب', 0, NULL),
(407, 'تركيب دعامتين بالقلب', 0, NULL),
(408, 'تركيب دعامتين بالقلب', 0, NULL),
(409, 'ارتجاع مرئ', 0, NULL),
(410, 'ثقب بالاذن', 0, NULL),
(411, 'زراعه شعر', 0, NULL),
(412, 'استئصال ورم ليÙى من الرحم', 0, NULL),
(413, 'mvr', 0, NULL),
(414, 'bronchogenic carcinoma ', 0, NULL),
(415, 'ازاله حصوه بالكلى', 0, NULL),
(416, 'cancer prostate', 0, NULL),
(417, ' استئصال ثدى', 0, NULL),
(418, 'Ùتاء اربى', 0, NULL),
(419, 'ازاله Ùص من البروستاتا', 0, NULL),
(420, 'تركيب سلك باليد', 0, NULL),
(421, 'vitamin d ', 0, NULL),
(422, 'زراعه رباط باليد', 0, NULL),
(423, 'استئصال جزء من الثدى', 0, NULL),
(424, 'SNORING ', 0, NULL),
(425, 'استئصال الرحم', 0, NULL),
(426, 'استئصال جزء من الامعاء', 0, NULL),
(427, 'ازاله ورم من الغده الكظريه', 0, NULL),
(428, 'حقن Ùي الكبد', 0, NULL),
(429, 'colectomy ', 0, NULL),
(430, 'tACE', 0, NULL),
(431, 'قدم سكرى', 0, NULL),
(432, 'زرع خلايا جزعيه', 0, NULL),
(433, 'استئصال جزء من القولون', 0, NULL),
(434, 'غضروÙ بالركبه', 0, NULL),
(435, 'تركيب شرايح ومسامير بالعمود الÙقرى', 0, NULL),
(436, 'استئصال رحم', 0, NULL),
(437, 'ازاله غدد ليمÙاويه', 0, NULL),
(438, 'استئصال غده من الرحم', 0, NULL),
(439, 'ازاله الغده الجاردقيه', 0, NULL),
(440, 'Ùصل اصابع', 0, NULL),
(441, 'ازاله كيس دهنى من الثدى', 0, NULL),
(442, 'استئصال الرحم والمبايض', 0, NULL),
(443, 'ازاله كيس دهنى من دماغ', 0, NULL),
(444, 'PU & DU ', 0, NULL),
(445, 'غضروÙ عنقى', 0, NULL),
(446, 'tooth operation ', 0, NULL),
(447, 'منظار مبيض', 0, NULL),
(448, 'whipple operation ', 0, NULL),
(449, 'ناسور بالاذن', 0, NULL),
(450, 'استئصال حصوه بالكلى', 0, NULL),
(451, 'ازاله و رم ليÙي من الثدى', 0, NULL),
(452, 'ترقيع جمجه', 0, NULL),
(453, 'ترقيع باليد', 0, NULL),
(454, 'حقن سيلكون بالعين', 0, NULL),
(455, 'epilepsy ', 0, NULL),
(456, 'ازاله الطحال', 0, NULL),
(457, 'tumer in lung', 0, NULL),
(458, 'FRACTURE IN KNEE', 0, NULL),
(459, 'remove fibriod body from abd..', 0, NULL),
(460, 'fructure in sholuder', 0, NULL),
(461, 'trigeminal neuralgia ', 0, NULL),
(462, 'cut tendon in knee', 0, NULL),
(463, 'تغيير مÙصل', 0, NULL),
(464, 'ثقب بالقلب', 0, NULL),
(465, 'ankle fracture ', 0, NULL),
(466, 'retractile testis ', 0, NULL),
(467, 'تركيب دعامات بالعمود الÙقرى', 0, NULL),
(468, 'دعامات بالعمود الÙقرى', 0, NULL),
(469, 'دعامات بالعمود الÙقرى', 0, NULL),
(470, 'cANCER TOUNGUE ', 0, NULL),
(471, 'ازاله ورم من الكلى', 0, NULL),
(472, 'ذرع نخاع', 0, NULL),
(473, 'BMT', 0, NULL),
(474, 'traumatic head injury ', 0, NULL),
(475, 'skin graft', 0, NULL),
(476, 'تركيب قسطره ودعامه بالقلب', 0, NULL),
(477, 'spinal cord tumor', 0, NULL),
(478, 'احياء العمود الÙقرى', 0, NULL),
(479, 'retinal detachment', 0, NULL),
(480, 'Ùتق اربي', 0, NULL),
(481, ' تجمع دموى', 0, NULL),
(482, 'perianal hematoma', 0, NULL),
(483, 'ازاله حصوه بالحالب', 0, NULL),
(484, 'ازاله خراج من على الخصيه', 0, NULL),
(485, 'تركيب دعامه Ùى القناه المراريه', 0, NULL),
(486, 'ازاله ورم من الرحم', 0, NULL),
(487, 'استئصال معده', 0, NULL),
(488, 'malignatn otitis externa ', 0, NULL),
(489, 'TRUAMATIC INTESTINAL PERFPRATION ', 0, NULL),
(490, 'ازاله الثدى', 0, NULL),
(491, 'ازاله Ùقرات من العمود الÙقرى', 0, NULL),
(492, 'vitrectomy', 0, NULL),
(493, 'lipoma', 0, NULL),
(494, 'meningioma ', 0, NULL),
(495, 'pCNL', 0, NULL),
(496, 'canncer colon ', 0, NULL),
(497, 'تركيب منظم لضربات القلب', 0, NULL),
(498, 'منظار معده', 0, NULL),
(499, 'ازاله جزء من الثدى', 0, NULL),
(500, 'ازاله ورم من الحبل الصوتى', 0, NULL),
(501, 'تغير مÙصل حوض ', 0, NULL),
(502, 'تغيير صمام', 0, NULL),
(503, 'ازاله جزء من الغده', 0, NULL),
(504, 'ازاله جزء من الكلى', 0, NULL),
(505, 'SASI', 0, NULL),
(506, 'Ùتاء بالخصيه', 0, NULL),
(507, 'حقن دوالى  ', 0, NULL),
(508, 'ازاله دوالي', 0, NULL),
(509, 'زرع نخاع', 0, NULL),
(510, 'removal of pelivic mass', 0, NULL),
(511, 'vocal cord ', 0, NULL),
(512, 'gASTRIC bALLON ', 0, NULL),
(513, 'electrophysiologial study ', 0, NULL),
(514, 'teratoma..... dermoid cyst', 0, NULL),
(515, 'اللوز واللحميه', 0, NULL),
(516, 'ليزر بالعين', 0, NULL),
(517, 'تنظيÙ رحم', 0, NULL),
(518, 'بتر الاصبع الشمال', 0, NULL),
(519, 'Ùتاء اربي', 0, NULL),
(520, 'شد بطن', 0, NULL),
(521, 'perinephric absess ', 0, NULL),
(522, 'ازاله الغده اللعابيه', 0, NULL),
(523, 'shunt ', 0, NULL),
(524, 'meduclloblastoma ', 0, NULL),
(525, 'تركيب شبكه', 0, NULL),
(526, 'ازاله ورم من الغده  ', 0, NULL),
(527, 'warton tumor ', 0, NULL),
(528, 'منظار كلى', 0, NULL),
(529, 'شرايح ومسامير بالكتÙ', 0, NULL),
(530, 'بتر اصبع', 0, NULL),
(531, 'ازاله كيس من المبيض', 0, NULL),
(532, 'زرع عدسه', 0, NULL),
(533, 'تركيب دعامات بالقلب', 0, NULL),
(534, 'تلقيح صناعى', 0, NULL),
(535, 'استئصال الثدى الايسر', 0, NULL),
(536, 'ازاله دوالى بالقدم اليمنى', 0, NULL),
(537, 'ازاله مياه من المخ وتركيب جهاز', 0, NULL),
(538, 'تصليح قدم', 0, NULL),
(539, 'subaortic stenosis ', 0, NULL),
(540, 'cancer Ovary ', 0, NULL),
(541, 'استئصال الطحال', 0, NULL),
(542, 'carotid endartectomy', 0, NULL),
(543, 'قسطره طرÙيه ', 0, NULL),
(544, 'منظار رئه', 0, NULL),
(545, 'ازاله السره وتركيب شبكتين', 0, NULL),
(546, 'تركيب مÙصل  بالقدم', 0, NULL),
(547, 'منظار بالكتÙ الايسر', 0, NULL),
(548, 'تركيب مسمار بالذراع', 0, NULL),
(549, 'تركيب5 دعامات بالقلب', 0, NULL),
(550, 'استئصال القولون', 0, NULL),
(551, 'ازاله كيس دهنى من المخ', 0, NULL),
(552, 'ازاله كيس دهنى من الحالب', 0, NULL),
(553, 'استئصال كيس دهنى من اليد', 0, NULL),
(554, 'ازاله ورم ليÙى من القولون', 0, NULL),
(555, 'منظار انÙ', 0, NULL),
(556, 'الزايدة', 0, NULL),
(557, 'زاله كيس دهنى من العين', 0, NULL),
(558, 'عملية لوز وزايدة وغضروÙ', 0, NULL),
(559, 'عملية زايدة ولوز', 0, NULL),
(560, 'عملية الزايدة', 0, NULL),
(561, 'عملية الغدة ودعامة للقلب', 0, NULL),
(562, 'عملية اللوز', 0, NULL),
(563, 'عملية المرارة', 0, NULL),
(564, 'عملية الغدة  ', 0, NULL),
(565, 'استقصال ورم من الثدي', 0, NULL),
(566, 'عملية مÙصل Ùي الكتÙ', 0, NULL),
(567, 'عملية استقصال الغدة الدرقية', 0, NULL),
(568, 'تÙريغ قولون', 0, NULL),
(569, 'منظار صدر', 0, NULL),
(570, 'حقن Ùى الركبه', 0, NULL),
(571, 'ازاله ورم ليÙى من الثدى', 0, NULL),
(572, 'ترقيع طبله بالاذن', 0, NULL),
(573, 'thyroglossal cyst', 0, NULL),
(574, 'تسليك شراين وبتر Ùى اصابع القدم', 0, NULL),
(575, 'عملية زايدة  ', 0, NULL),
(576, 'تركيب دعامه Ùى القدم', 0, NULL),
(577, 'تردد حرارى', 0, NULL),
(578, 'glandular process', 0, NULL),
(579, 'عملية Ùى العين', 0, NULL),
(580, 'عملية تصحيح مجرى البول', 0, NULL),
(581, 'ازالة كيس مياة من على المبيض ', 0, NULL),
(582, 'عملية مرارة', 0, NULL),
(583, 'دعامة للقلب وتوسيع شرايين', 0, NULL),
(584, 'توسيع Ùي مجرى الكلى ', 0, NULL),
(585, 'عملية البواسير', 0, NULL),
(586, 'rrenal stones ', 0, NULL),
(587, 'عملية سحب ماية من علي القلب', 0, NULL),
(588, 'عملية استقصال الرحم', 0, NULL),
(589, 'عملية لوز ولحمية', 0, NULL),
(590, 'عملية تسليك عصب Ùي اليد', 0, NULL),
(591, 'استقصال جزء من الغدة', 0, NULL),
(592, 'عملية تردد حرارى', 0, NULL),
(593, 'تكسيات ع المبيض', 0, NULL),
(594, 'شد ترهلات', 0, NULL),
(595, 'fracture hip', 0, NULL),
(596, 'كى ع القلب', 0, NULL),
(597, 'تركيب شريحه باليد اليمنى', 0, NULL),
(598, 'استئصال الغده الكظريه', 0, NULL),
(599, 'ازاله الكلى', 0, NULL),
(600, 'right nephroctomy ', 0, NULL),
(601, 'عملية اللحمية', 0, NULL),
(602, 'ازاله كيس من المعده', 0, NULL),
(603, 'ازاله المبيض الايسر', 0, NULL),
(604, 'عملية قطع اربطة Ùي اليد', 0, NULL),
(605, 'lung mets ', 0, NULL),
(606, 'lymph biobsy', 0, NULL),
(607, 'abcess in breast', 0, NULL),
(608, 'abcess in chest', 0, NULL),
(609, 'منظار شرجى', 0, NULL),
(610, 'ربط دوالى مرئ', 0, NULL),
(611, 'عملية تحويل مسار', 0, NULL),
(612, 'orchiectomy ', 0, NULL),
(613, 'lumer laminectomy ', 0, NULL),
(614, 'دعامة ع القلب', 0, NULL),
(615, 'منظار بالكتÙ الايمن', 0, NULL),
(616, 'عملية ناسور', 0, NULL),
(617, 'عملية مرترة وزايدة', 0, NULL),
(618, 'عملية مرارة وزايدة', 0, NULL),
(619, 'عملية تكميم معدة', 0, NULL),
(620, 'عملية تغير مÙصل', 0, NULL),
(621, 'قطع وتر', 0, NULL),
(622, 'عملية الÙتاء', 0, NULL),
(623, 'عملية الزايدة  ', 0, NULL),
(624, 'عملية الزايدة والبواسير', 0, NULL),
(625, 'بذل بالنخاع', 0, NULL),
(626, 'تعديل مسار', 0, NULL),
(627, 'hypospadius ', 0, NULL),
(628, 'ازالة كيس مياة من على الرحم', 0, NULL),
(629, 'ترقيع قرنيه', 0, NULL),
(630, 'استئصال ورم ليÙى من الظهر', 0, NULL),
(631, 'عملية مرارة وحصوة ع الكلى', 0, NULL),
(632, 'عملية بواسير وغضاريÙ انÙية', 0, NULL),
(633, 'تثبيت نظر', 0, NULL),
(634, 'استئصال ورم حميدى من الجيوب الانÙيه', 0, NULL),
(635, 'جراحه بمÙصل الكتÙ', 0, NULL),
(636, 'منظار للمرئ', 0, NULL),
(637, 'ازاله ورم من القدم', 0, NULL),
(638, 'skin cancer ', 0, NULL),
(639, 'Ùتاء سرى', 0, NULL),
(640, 'استئصال انبوبه ومبيض', 0, NULL),
(641, 'عملية البواسير والمرارة والزايدة', 0, NULL),
(642, 'عملية ورم Ùى جدار الرحم', 0, NULL),
(643, 'عملية دعامة Ùي المخ', 0, NULL),
(644, 'basailr TIA & stent ', 0, NULL),
(645, 'ثقب بالشبكيه', 0, NULL),
(646, 'تحجيم شبكيه', 0, NULL),
(647, 'ازاله خراج من البطن', 0, NULL),
(648, 'استئصال الكلى', 0, NULL),
(649, 'عملية اورام ليÙية Ùي الثدى', 0, NULL),
(650, 'جلطة Ùي المخ ', 0, NULL),
(651, 'جيوب انÙيه  ', 0, NULL),
(652, 'Ùصل انابيت', 0, NULL),
(653, 'تليÙ رئوى', 0, NULL),
(654, 'بذل السائل النخاعى', 0, NULL),
(655, 'عملية استقصال ثدى', 0, NULL),
(656, 'عملية الزايدة ورباط صليبى', 0, NULL),
(657, 'استقصال كيس ع المبيض', 0, NULL),
(658, 'تصحيح نظر ', 0, NULL),
(659, 'استئصال ورم ليÙى  ', 0, NULL),
(660, 'عملية رÙع رحم وبواسير ولوز', 0, NULL),
(661, 'pregnancy   ', 0, NULL),
(662, 'عملية تثبيت Ùقرات', 0, NULL),
(663, 'تجميل اذن', 0, NULL),
(664, 'تسليك قناه الدمعيه', 0, NULL),
(665, 'ازاله كيس دهنى من المبيض', 0, NULL),
(666, 'عملية زايدة وحصوة ع الكلى', 0, NULL),
(667, 'عملية دعامة ع القلب', 0, NULL),
(668, 'عملية لحمية', 0, NULL),
(669, 'جلطة Ùى المخ', 0, NULL),
(670, 'بذل دم من المخ', 0, NULL),
(671, 'Pergnancy', 0, NULL),
(672, 'دعامة Ùى الكبد', 0, NULL),
(673, 'عملية Ùتاء', 0, NULL),
(674, 'كانسر Ùي الثدى', 0, NULL),
(675, 'عملية بتر صوابع القدم', 0, NULL),
(676, 'ازاله صديد من الجيوب الانÙيه', 0, NULL),
(677, 'عملية زايدة ولوز ومرارة', 0, NULL),
(678, 'بذل نخاع', 0, NULL),
(679, 'تركيب مسمار بالقدم', 0, NULL),
(680, 'استئصال جزء من الغده النخاميه', 0, NULL),
(681, 'استئصال Ùى الامعاء', 0, NULL),
(682, 'خلÙ الانÙ', 0, NULL),
(683, 'حول خÙى العين', 0, NULL),
(684, 'Cancer Bladder ', 0, NULL),
(685, 'استئصال البنكرياس', 0, NULL),
(686, 'ازاله كيس دموى من المخ', 0, NULL),
(687, 'عملية تيبس Ùى مÙصل الكتÙ', 0, NULL),
(688, 'تليÙ Ùى الثدى والزراعين ', 0, NULL),
(689, 'استئصال انابيب', 0, NULL),
(690, 'ازالة ورم ليÙى من الرحم', 0, NULL),
(691, 'عملية بواسير وÙتاء', 0, NULL),
(692, 'عملية شÙط دهون  ', 0, NULL),
(693, 'عملية استقصال غدة لبنية Ùى الثدى', 0, NULL),
(694, 'عملية الزايدة والمرارة', 0, NULL),
(695, 'ازاله جزء من الغده الجاردقيه', 0, NULL),
(696, 'عملية المرارة وحصوات ع الكلى', 0, NULL),
(697, 'عملية المرارة وحصوات ع الكلى', 0, NULL),
(698, 'عملية المرارة وحصوات ع الكلى', 0, NULL),
(699, 'عملية المرارة وحصوات ع الكلى  ', 0, NULL),
(700, 'عملية المرارة وحصوات ع الكلى  ', 0, NULL),
(701, 'عملية استقصال كلى', 0, NULL),
(702, 'glucoma', 0, NULL),
(703, 'plate & screw ', 0, NULL),
(704, 'تقوص الساقين', 0, NULL),
(705, 'عملية اللوز والÙتاء ', 0, NULL),
(706, 'عملية زرع كلى', 0, NULL),
(707, 'عملية بواسير  ', 0, NULL),
(708, 'انÙصال جزء من الشبيكيه', 0, NULL),
(709, 'عملية استقصال الطحال ', 0, NULL),
(710, 'عملية قلب مÙتوح', 0, NULL),
(711, 'عملية غضاريÙ Ùى الانÙ', 0, NULL),
(712, 'عملية قسطرة Ùي القلب', 0, NULL),
(713, 'علاج مناعى', 0, NULL),
(714, 'استئصال ورم من الغده النخاميه', 0, NULL),
(715, 'عملية مرارة ومنظار رحم', 0, NULL),
(716, 'breast cancer ', 0, NULL),
(717, 'عملية المرارة والزايدة', 0, NULL),
(718, 'ازالة ورم ليÙي من الثدي', 0, NULL),
(719, 'ازالة حصوة من الكلي', 0, NULL),
(720, 'fistulotomy', 0, NULL),
(721, 'ازالة حصوات من الكلي', 0, NULL),
(722, 'ازالة حصوات من الكلي', 0, NULL),
(723, 'استئصال غده الليمÙاويه', 0, NULL),
(724, 'عملية زرع كبد', 0, NULL),
(725, 'كيس ماية ع الرحم', 0, NULL),
(726, 'intestinal obstructions ', 0, NULL),
(727, 'منظار على القولون', 0, NULL),
(728, 'lateral Neck Surgery ', 0, NULL),
(729, 'استئصال مبيض', 0, NULL),
(730, 'ازاله خراج بالجيوب الانÙيه', 0, NULL),
(731, 'منظار قولون', 0, NULL),
(732, 'عملية Ùتاء وبواسير وناسور', 0, NULL),
(733, 'دوالى على القدم اليمنى', 0, NULL),
(734, 'قسطرة ع القلب', 0, NULL),
(735, 'Ùتاء وزايدة وبواسير', 0, NULL),
(736, 'دوالى خصيه', 0, NULL),
(737, 'تركيب اربع دعامات بالقلب', 0, NULL),
(738, 'تشريط عصب بصرى Ùى المخ', 0, NULL),
(739, 'ازاله خصيه', 0, NULL),
(740, 'تركيب دعامات Ùي القلب', 0, NULL),
(741, 'ازاله الغده الكظريه', 0, NULL),
(742, 'تركيب3 دعامات بالقلب', 0, NULL),
(743, 'سقوط مهبلى', 0, NULL),
(744, 'ازاله كيس دهنى من الذراع', 0, NULL),
(745, 'عملية المرارة واللوز', 0, NULL),
(746, 'بذل مياه من الرئه', 0, NULL),
(747, 'تركيب دعامه  بالكلى', 0, NULL),
(748, 'عملية غدد Ùي الثدى', 0, NULL),
(749, 'عملية Ùتاء وبروستاتا', 0, NULL),
(750, 'عملية توسيع للشراين', 0, NULL),
(751, 'cancer Larynx ', 0, NULL),
(752, 'تثبيت عصب Ùى العين', 0, NULL),
(753, 'تسليك شرين بالقدم', 0, NULL),
(754, 'تسليك شريان بالقدم', 0, NULL),
(755, 'وصله وريديه ', 0, NULL),
(756, 'استقصال ورم Ùي الغدة النخامية', 0, NULL),
(757, 'ازاله ورم من الغده الليمÙاويه', 0, NULL),
(758, 'ازاله كيس دهنى باليد ', 0, NULL),
(759, 'airway ', 0, NULL),
(760, 'عملية تسليك شرايين', 0, NULL),
(761, 'gyna', 0, NULL),
(762, 'ازاله غدد ليمÙاويه بالثدى', 0, NULL),
(763, 'شÙط مياه من الرئه', 0, NULL),
(764, 'ازاله حصوه من الكلى', 0, NULL),
(765, 'ازالة ورم من المخ ', 0, NULL),
(766, 'FRUCTUR IN FOOT', 0, NULL),
(767, 'ازاله ورم من الغده الدرقيه', 0, NULL),
(768, 'توسيع شريان', 0, NULL),
(769, 'تركب مÙصل بالركبه', 0, NULL),
(770, 'تركيب 3 دعامات بالقلب', 0, NULL),
(771, 'حقن بلازما Ùى الرحم', 0, NULL),
(772, 'تركيب دعامه بالاذن', 0, NULL),
(773, 'عملية غضروÙ وتغير مÙصل', 0, NULL),
(774, 'استقصال الÙص الشمال من الغدة الدرقية', 0, NULL),
(775, 'ازاله ورم ليÙى من الرحم', 0, NULL),
(776, 'توصيل وتر وشريان', 0, NULL),
(777, 'ازاله دوالى بالقدم  ', 0, NULL),
(778, 'ازاله كيس دهنى من الغده الدرقيه', 0, NULL),
(779, 'تركيب مسامير بالعمود الÙقرى', 0, NULL),
(780, 'عملية تكميم معدة ومرارة', 0, NULL),
(781, 'remove stone  ', 0, NULL),
(782, 'تقويم للعمود الÙقرى', 0, NULL),
(783, 'تقويم للعمود الÙقرى', 0, NULL),
(784, 'ربط وريد', 0, NULL),
(785, 'اربطه الركبه', 0, NULL),
(786, 'تركيب مسامير باليد اليمنى', 0, NULL),
(787, 'استئصال جزء من الÙخد', 0, NULL),
(788, 'traumatic car accedints ', 0, NULL),
(789, 'حقن Ùى  العين', 0, NULL);

-- --------------------------------------------------------

--
-- Table structure for table `phregularity`
--

CREATE TABLE IF NOT EXISTS `phregularity` (
  `id` int(11) unsigned NOT NULL AUTO_INCREMENT,
  `name` varchar(191) COLLATE utf8mb4_unicode_ci DEFAULT NULL,
  `del` int(11) NOT NULL,
  PRIMARY KEY (`id`)
) ENGINE=InnoDB  DEFAULT CHARSET=utf8mb4 COLLATE=utf8mb4_unicode_ci AUTO_INCREMENT=21 ;

--
-- Dumping data for table `phregularity`
--

INSERT INTO `phregularity` (`id`, `name`, `del`) VALUES
(7, 'regular', 0),
(8, 'irrigular', 0),
(9, 'menpause', 0),
(10, 'premenpause', 0),
(11, 'iry amenorrhea', 0),
(12, 'Pregnant ', 0),
(13, 'Contraceptive Method', 0),
(14, 'dysmenorrhea', 0),
(15, 'Hystroectomy', 0),
(16, 'postpartum ', 0),
(17, 'lactating', 0),
(18, 'reg with cyclopreganova', 0),
(19, 'homohrrige', 0),
(20, 'regular with pain', 0);

-- --------------------------------------------------------

--
-- Table structure for table `place`
--

CREATE TABLE IF NOT EXISTS `place` (
  `id` int(11) unsigned NOT NULL AUTO_INCREMENT,
  `title` varchar(191) COLLATE utf8mb4_unicode_ci DEFAULT NULL,
  `del` tinyint(1) unsigned DEFAULT NULL,
  PRIMARY KEY (`id`)
) ENGINE=InnoDB DEFAULT CHARSET=utf8mb4 COLLATE=utf8mb4_unicode_ci AUTO_INCREMENT=1 ;

-- --------------------------------------------------------

--
-- Table structure for table `place2`
--

CREATE TABLE IF NOT EXISTS `place2` (
  `id` int(11) unsigned NOT NULL AUTO_INCREMENT,
  `title` varchar(191) COLLATE utf8mb4_unicode_ci DEFAULT NULL,
  `del` varchar(191) COLLATE utf8mb4_unicode_ci DEFAULT NULL,
  PRIMARY KEY (`id`)
) ENGINE=InnoDB DEFAULT CHARSET=utf8mb4 COLLATE=utf8mb4_unicode_ci AUTO_INCREMENT=1 ;

-- --------------------------------------------------------

--
-- Table structure for table `placenta`
--

CREATE TABLE IF NOT EXISTS `placenta` (
  `id` int(11) unsigned NOT NULL AUTO_INCREMENT,
  `title` varchar(191) COLLATE utf8mb4_unicode_ci DEFAULT NULL,
  `del` tinyint(1) unsigned DEFAULT NULL,
  PRIMARY KEY (`id`)
) ENGINE=InnoDB DEFAULT CHARSET=utf8mb4 COLLATE=utf8mb4_unicode_ci AUTO_INCREMENT=1 ;

-- --------------------------------------------------------

--
-- Table structure for table `programesetting`
--

CREATE TABLE IF NOT EXISTS `programesetting` (
  `id` int(11) NOT NULL AUTO_INCREMENT,
  `centername` varchar(255) DEFAULT NULL,
  `doctorname` varchar(255) DEFAULT NULL,
  `spacial` varchar(255) DEFAULT NULL,
  `address` varchar(255) DEFAULT NULL,
  `phone` varchar(255) DEFAULT NULL,
  `logo` varchar(255) DEFAULT NULL,
  `color` float DEFAULT NULL,
  `above` float DEFAULT NULL,
  `buttom` float DEFAULT NULL,
  `pleft` float DEFAULT NULL,
  `pright` float DEFAULT NULL,
  `center` float DEFAULT NULL,
  `gynalink` varchar(225) DEFAULT NULL,
  `antenatal` varchar(225) DEFAULT NULL,
  `fontsizeen` int(6) DEFAULT NULL,
  `fontsizear` int(6) DEFAULT NULL,
  `alignttt` char(2) DEFAULT '0',
  `ultrasound` char(1) DEFAULT '0',
  `patientnoaut` char(1) DEFAULT '0',
  `addshours` int(11) DEFAULT '0',
  `ishide` int(11) DEFAULT '0',
  `simpleview` int(11) DEFAULT '0',
  `displaydoctorname` int(11) DEFAULT '0',
  `entryorder` int(11) DEFAULT '0',
  `investshow` int(11) NOT NULL,
  `prescriptioncashing` int(11) DEFAULT '0',
  `diagnosshow` int(11) NOT NULL,
  `visitsform` int(11) DEFAULT '0',
  `background` varchar(255) NOT NULL,
  `backupdest` text,
  `backupdriver` varchar(191) DEFAULT NULL,
  `hideid` tinyint(1) unsigned DEFAULT NULL,
  `email` varchar(191) DEFAULT NULL,
  `password` varchar(191) DEFAULT NULL,
  `erpdb` varchar(191) DEFAULT NULL,
  `erpdbsave` int(11) unsigned DEFAULT NULL,
  `balance` tinyint(1) unsigned DEFAULT NULL,
  `head` tinyint(1) unsigned DEFAULT NULL,
  `chest` tinyint(1) unsigned DEFAULT NULL,
  `abdomen` tinyint(1) unsigned DEFAULT NULL,
  `pelvis` tinyint(1) unsigned DEFAULT NULL,
  `extremitis` tinyint(1) unsigned DEFAULT NULL,
  `btype` tinyint(1) unsigned DEFAULT NULL,
  `hbtype` tinyint(1) unsigned DEFAULT NULL,
  `risk` tinyint(1) unsigned DEFAULT NULL,
  `notes` tinyint(1) unsigned DEFAULT NULL,
  `menstrual` tinyint(1) unsigned DEFAULT NULL,
  `contraception` tinyint(1) unsigned DEFAULT NULL,
  `obstetric` tinyint(1) unsigned DEFAULT NULL,
  `past` tinyint(1) unsigned DEFAULT NULL,
  `family` tinyint(1) unsigned DEFAULT NULL,
  `medical` tinyint(1) unsigned DEFAULT NULL,
  `surgical` tinyint(1) unsigned DEFAULT NULL,
  `gynecological` tinyint(1) unsigned DEFAULT NULL,
  `art` tinyint(1) unsigned DEFAULT NULL,
  `entrydetails` tinyint(1) unsigned DEFAULT NULL,
  `gynalmp` tinyint(1) unsigned DEFAULT NULL,
  `infertility` int(11) DEFAULT '0',
  `namefontsize` varchar(191) DEFAULT NULL,
  `programview` tinyint(1) unsigned DEFAULT NULL,
  `patient_doctor` int(11) NOT NULL DEFAULT '0' COMMENT '0 yes , 1 no ',
  `visit_period` int(11) DEFAULT '0',
  `print_diag` int(11) DEFAULT '0',
  PRIMARY KEY (`id`)
) ENGINE=MyISAM  DEFAULT CHARSET=utf8 ROW_FORMAT=DYNAMIC AUTO_INCREMENT=2 ;

--
-- Dumping data for table `programesetting`
--

INSERT INTO `programesetting` (`id`, `centername`, `doctorname`, `spacial`, `address`, `phone`, `logo`, `color`, `above`, `buttom`, `pleft`, `pright`, `center`, `gynalink`, `antenatal`, `fontsizeen`, `fontsizear`, `alignttt`, `ultrasound`, `patientnoaut`, `addshours`, `ishide`, `simpleview`, `displaydoctorname`, `entryorder`, `investshow`, `prescriptioncashing`, `diagnosshow`, `visitsform`, `background`, `backupdest`, `backupdriver`, `hideid`, `email`, `password`, `erpdb`, `erpdbsave`, `balance`, `head`, `chest`, `abdomen`, `pelvis`, `extremitis`, `btype`, `hbtype`, `risk`, `notes`, `menstrual`, `contraception`, `obstetric`, `past`, `family`, `medical`, `surgical`, `gynecological`, `art`, `entrydetails`, `gynalmp`, `infertility`, `namefontsize`, `programview`, `patient_doctor`, `visit_period`, `print_diag`) VALUES
(1, '', 'Dr. Hossam Arafa Ghazi Clinic ', 'Endocrinology & Diabetes', '', '01026230090', '429e9f43800a60bec13d37452e5a0287.jpg', NULL, 5.6, 1.5, NULL, NULL, NULL, NULL, NULL, 18, 15, '-1', '1', '0', 0, 1, 0, NULL, 0, 0, 1, 0, 0, '1a12731599273864918bbe43b432d672.jpeg', NULL, '', 0, '', '', 'hossam', 1, 0, 0, 0, 0, 0, 0, NULL, NULL, 1, 1, 1, NULL, NULL, 1, 1, 1, 1, NULL, NULL, 1, NULL, NULL, '22', 0, 1, NULL, 1);

-- --------------------------------------------------------

--
-- Table structure for table `receiptdrugs`
--

CREATE TABLE IF NOT EXISTS `receiptdrugs` (
  `id` int(11) NOT NULL AUTO_INCREMENT,
  `receipt_id` int(11) NOT NULL,
  `drugs_id` int(11) NOT NULL,
  `amount` int(11) NOT NULL,
  PRIMARY KEY (`id`)
) ENGINE=InnoDB DEFAULT CHARSET=latin1 ROW_FORMAT=COMPACT AUTO_INCREMENT=1 ;

-- --------------------------------------------------------

--
-- Table structure for table `recepittmp`
--

CREATE TABLE IF NOT EXISTS `recepittmp` (
  `id` int(11) NOT NULL AUTO_INCREMENT,
  `doctor_id` int(11) NOT NULL,
  `patient_id` int(11) NOT NULL,
  `rect_date` date NOT NULL,
  `drugstablename` varchar(250) DEFAULT NULL,
  `status` int(11) unsigned DEFAULT NULL,
  PRIMARY KEY (`id`)
) ENGINE=InnoDB DEFAULT CHARSET=latin1 ROW_FORMAT=COMPACT AUTO_INCREMENT=1 ;

-- --------------------------------------------------------

--
-- Table structure for table `records`
--

CREATE TABLE IF NOT EXISTS `records` (
  `id` int(11) NOT NULL AUTO_INCREMENT,
  `patientid` int(11) NOT NULL,
  `date` date NOT NULL,
  `diagnosis` text COLLATE utf8mb4_unicode_ci,
  `ttt` text COLLATE utf8mb4_unicode_ci,
  `del` int(11) NOT NULL DEFAULT '0',
  PRIMARY KEY (`id`)
) ENGINE=InnoDB DEFAULT CHARSET=utf8mb4 COLLATE=utf8mb4_unicode_ci AUTO_INCREMENT=1 ;

-- --------------------------------------------------------

--
-- Table structure for table `registeration`
--

CREATE TABLE IF NOT EXISTS `registeration` (
  `id` int(11) unsigned NOT NULL AUTO_INCREMENT,
  `ancsheetid` int(11) unsigned DEFAULT NULL,
  `place2` varchar(191) COLLATE utf8mb4_unicode_ci DEFAULT NULL,
  `origin` varchar(191) COLLATE utf8mb4_unicode_ci DEFAULT NULL,
  `type` varchar(191) COLLATE utf8mb4_unicode_ci DEFAULT NULL,
  `awifep` varchar(191) COLLATE utf8mb4_unicode_ci DEFAULT NULL,
  `coast` varchar(191) COLLATE utf8mb4_unicode_ci DEFAULT NULL,
  PRIMARY KEY (`id`)
) ENGINE=InnoDB DEFAULT CHARSET=utf8mb4 COLLATE=utf8mb4_unicode_ci AUTO_INCREMENT=1 ;

-- --------------------------------------------------------

--
-- Table structure for table `screen_slider`
--

CREATE TABLE IF NOT EXISTS `screen_slider` (
  `id` int(11) unsigned NOT NULL AUTO_INCREMENT,
  `image` varchar(191) COLLATE utf8mb4_unicode_ci DEFAULT NULL,
  `create_date` date DEFAULT NULL,
  PRIMARY KEY (`id`)
) ENGINE=InnoDB DEFAULT CHARSET=utf8mb4 COLLATE=utf8mb4_unicode_ci AUTO_INCREMENT=1 ;

-- --------------------------------------------------------

--
-- Table structure for table `semen`
--

CREATE TABLE IF NOT EXISTS `semen` (
  `id` int(11) NOT NULL AUTO_INCREMENT,
  `infertilitysheetid` int(11) unsigned DEFAULT NULL,
  `semenplace` varchar(191) COLLATE utf8mb4_unicode_ci DEFAULT NULL,
  `sementype` varchar(191) COLLATE utf8mb4_unicode_ci DEFAULT NULL,
  `date` varchar(191) COLLATE utf8mb4_unicode_ci DEFAULT NULL,
  `nc` varchar(191) COLLATE utf8mb4_unicode_ci DEFAULT NULL,
  `prm` varchar(191) COLLATE utf8mb4_unicode_ci DEFAULT NULL,
  `tm` varchar(191) COLLATE utf8mb4_unicode_ci DEFAULT NULL,
  `af` varchar(191) COLLATE utf8mb4_unicode_ci DEFAULT NULL,
  `vit` varchar(191) COLLATE utf8mb4_unicode_ci DEFAULT NULL,
  `vol` varchar(191) COLLATE utf8mb4_unicode_ci DEFAULT NULL,
  `tzi` varchar(191) COLLATE utf8mb4_unicode_ci DEFAULT NULL,
  `sdi` varchar(191) COLLATE utf8mb4_unicode_ci DEFAULT NULL,
  `sdate` date DEFAULT NULL,
  `patientid` int(11) unsigned DEFAULT NULL,
  `doctorid` tinyint(1) unsigned DEFAULT NULL,
  `del` int(11) unsigned DEFAULT NULL,
  PRIMARY KEY (`id`)
) ENGINE=InnoDB DEFAULT CHARSET=utf8mb4 COLLATE=utf8mb4_unicode_ci AUTO_INCREMENT=1 ;

-- --------------------------------------------------------

--
-- Table structure for table `semen2`
--

CREATE TABLE IF NOT EXISTS `semen2` (
  `id` int(11) NOT NULL AUTO_INCREMENT,
  `infertilitysheetid` int(11) unsigned DEFAULT NULL,
  `semen2placesemenfr` varchar(191) COLLATE utf8mb4_unicode_ci DEFAULT NULL,
  `semen2resultscrotal` varchar(191) COLLATE utf8mb4_unicode_ci DEFAULT NULL,
  `semen2resulttrue` varchar(191) COLLATE utf8mb4_unicode_ci DEFAULT NULL,
  `semen2placetese` varchar(191) COLLATE utf8mb4_unicode_ci DEFAULT NULL,
  `semen2resultyqmicro` varchar(191) COLLATE utf8mb4_unicode_ci DEFAULT NULL,
  `semen2resultsdf` varchar(191) COLLATE utf8mb4_unicode_ci DEFAULT NULL,
  `semen2resultkaryo` varchar(191) COLLATE utf8mb4_unicode_ci DEFAULT NULL,
  `detescrotal` varchar(191) COLLATE utf8mb4_unicode_ci DEFAULT NULL,
  `detetrue` varchar(191) COLLATE utf8mb4_unicode_ci DEFAULT NULL,
  `detekaryo` varchar(191) COLLATE utf8mb4_unicode_ci DEFAULT NULL,
  `deteyqmicro` varchar(191) COLLATE utf8mb4_unicode_ci DEFAULT NULL,
  `detesdf` varchar(191) COLLATE utf8mb4_unicode_ci DEFAULT NULL,
  `detesemenfr` varchar(191) COLLATE utf8mb4_unicode_ci DEFAULT NULL,
  `detetese` varchar(191) COLLATE utf8mb4_unicode_ci DEFAULT NULL,
  `deteother` varchar(191) COLLATE utf8mb4_unicode_ci DEFAULT NULL,
  `placescrotal` varchar(191) COLLATE utf8mb4_unicode_ci DEFAULT NULL,
  `placetrue` varchar(191) COLLATE utf8mb4_unicode_ci DEFAULT NULL,
  `placeyqmicro` varchar(191) COLLATE utf8mb4_unicode_ci DEFAULT NULL,
  `placekaryo` varchar(191) COLLATE utf8mb4_unicode_ci DEFAULT NULL,
  `placesdf` varchar(191) COLLATE utf8mb4_unicode_ci DEFAULT NULL,
  `placeother` varchar(191) COLLATE utf8mb4_unicode_ci DEFAULT NULL,
  `resultother` varchar(191) COLLATE utf8mb4_unicode_ci DEFAULT NULL,
  `resulttese` varchar(191) COLLATE utf8mb4_unicode_ci DEFAULT NULL,
  `resultsemenfraf` varchar(191) COLLATE utf8mb4_unicode_ci DEFAULT NULL,
  `resultsemenfrm` varchar(191) COLLATE utf8mb4_unicode_ci DEFAULT NULL,
  `resultsemenfrc` varchar(191) COLLATE utf8mb4_unicode_ci DEFAULT NULL,
  PRIMARY KEY (`id`)
) ENGINE=InnoDB DEFAULT CHARSET=utf8mb4 COLLATE=utf8mb4_unicode_ci AUTO_INCREMENT=1 ;

-- --------------------------------------------------------

--
-- Table structure for table `semen2placesemenfr`
--

CREATE TABLE IF NOT EXISTS `semen2placesemenfr` (
  `id` int(11) unsigned NOT NULL AUTO_INCREMENT,
  `title` varchar(191) COLLATE utf8mb4_unicode_ci DEFAULT NULL,
  `del` tinyint(1) unsigned DEFAULT NULL,
  PRIMARY KEY (`id`)
) ENGINE=InnoDB DEFAULT CHARSET=utf8mb4 COLLATE=utf8mb4_unicode_ci AUTO_INCREMENT=1 ;

-- --------------------------------------------------------

--
-- Table structure for table `semen2placetese`
--

CREATE TABLE IF NOT EXISTS `semen2placetese` (
  `id` int(11) unsigned NOT NULL AUTO_INCREMENT,
  `title` varchar(191) COLLATE utf8mb4_unicode_ci DEFAULT NULL,
  `del` int(11) unsigned DEFAULT NULL,
  PRIMARY KEY (`id`)
) ENGINE=InnoDB DEFAULT CHARSET=utf8mb4 COLLATE=utf8mb4_unicode_ci AUTO_INCREMENT=1 ;

-- --------------------------------------------------------

--
-- Table structure for table `semen2resultkaryo`
--

CREATE TABLE IF NOT EXISTS `semen2resultkaryo` (
  `id` int(11) unsigned NOT NULL AUTO_INCREMENT,
  `title` varchar(191) COLLATE utf8mb4_unicode_ci DEFAULT NULL,
  `del` tinyint(1) unsigned DEFAULT NULL,
  PRIMARY KEY (`id`)
) ENGINE=InnoDB DEFAULT CHARSET=utf8mb4 COLLATE=utf8mb4_unicode_ci AUTO_INCREMENT=1 ;

-- --------------------------------------------------------

--
-- Table structure for table `semen2resultscrotal`
--

CREATE TABLE IF NOT EXISTS `semen2resultscrotal` (
  `id` int(11) unsigned NOT NULL AUTO_INCREMENT,
  `title` varchar(191) COLLATE utf8mb4_unicode_ci DEFAULT NULL,
  `del` tinyint(1) unsigned DEFAULT NULL,
  PRIMARY KEY (`id`)
) ENGINE=InnoDB DEFAULT CHARSET=utf8mb4 COLLATE=utf8mb4_unicode_ci AUTO_INCREMENT=1 ;

-- --------------------------------------------------------

--
-- Table structure for table `semen2resultsdf`
--

CREATE TABLE IF NOT EXISTS `semen2resultsdf` (
  `id` int(11) unsigned NOT NULL AUTO_INCREMENT,
  `title` varchar(191) COLLATE utf8mb4_unicode_ci DEFAULT NULL,
  `del` tinyint(1) unsigned DEFAULT NULL,
  PRIMARY KEY (`id`)
) ENGINE=InnoDB DEFAULT CHARSET=utf8mb4 COLLATE=utf8mb4_unicode_ci AUTO_INCREMENT=1 ;

-- --------------------------------------------------------

--
-- Table structure for table `semen2resulttrue`
--

CREATE TABLE IF NOT EXISTS `semen2resulttrue` (
  `id` int(11) unsigned NOT NULL AUTO_INCREMENT,
  `title` varchar(191) COLLATE utf8mb4_unicode_ci DEFAULT NULL,
  `del` tinyint(1) unsigned DEFAULT NULL,
  PRIMARY KEY (`id`)
) ENGINE=InnoDB DEFAULT CHARSET=utf8mb4 COLLATE=utf8mb4_unicode_ci AUTO_INCREMENT=1 ;

-- --------------------------------------------------------

--
-- Table structure for table `semen2resultyqmicro`
--

CREATE TABLE IF NOT EXISTS `semen2resultyqmicro` (
  `id` int(11) unsigned NOT NULL AUTO_INCREMENT,
  `title` varchar(191) COLLATE utf8mb4_unicode_ci DEFAULT NULL,
  `del` tinyint(1) unsigned DEFAULT NULL,
  PRIMARY KEY (`id`)
) ENGINE=InnoDB DEFAULT CHARSET=utf8mb4 COLLATE=utf8mb4_unicode_ci AUTO_INCREMENT=1 ;

-- --------------------------------------------------------

--
-- Table structure for table `semenplace`
--

CREATE TABLE IF NOT EXISTS `semenplace` (
  `id` int(11) unsigned NOT NULL AUTO_INCREMENT,
  `title` varchar(191) COLLATE utf8mb4_unicode_ci DEFAULT NULL,
  `del` int(11) unsigned DEFAULT NULL,
  PRIMARY KEY (`id`)
) ENGINE=InnoDB DEFAULT CHARSET=utf8mb4 COLLATE=utf8mb4_unicode_ci AUTO_INCREMENT=1 ;

-- --------------------------------------------------------

--
-- Table structure for table `sementype`
--

CREATE TABLE IF NOT EXISTS `sementype` (
  `id` int(11) unsigned NOT NULL AUTO_INCREMENT,
  `title` varchar(191) COLLATE utf8mb4_unicode_ci DEFAULT NULL,
  `del` int(11) unsigned DEFAULT NULL,
  PRIMARY KEY (`id`)
) ENGINE=InnoDB DEFAULT CHARSET=utf8mb4 COLLATE=utf8mb4_unicode_ci AUTO_INCREMENT=1 ;

-- --------------------------------------------------------

--
-- Table structure for table `sheethusband`
--

CREATE TABLE IF NOT EXISTS `sheethusband` (
  `id` int(11) unsigned NOT NULL AUTO_INCREMENT,
  `title` varchar(191) COLLATE utf8mb4_unicode_ci DEFAULT NULL,
  `del` tinyint(1) unsigned DEFAULT NULL,
  PRIMARY KEY (`id`)
) ENGINE=InnoDB DEFAULT CHARSET=utf8mb4 COLLATE=utf8mb4_unicode_ci AUTO_INCREMENT=1 ;

-- --------------------------------------------------------

--
-- Table structure for table `sheetlocation`
--

CREATE TABLE IF NOT EXISTS `sheetlocation` (
  `id` int(11) unsigned NOT NULL AUTO_INCREMENT,
  `title` varchar(191) COLLATE utf8mb4_unicode_ci DEFAULT NULL,
  `del` int(11) unsigned DEFAULT NULL,
  PRIMARY KEY (`id`)
) ENGINE=InnoDB DEFAULT CHARSET=utf8mb4 COLLATE=utf8mb4_unicode_ci AUTO_INCREMENT=1 ;

-- --------------------------------------------------------

--
-- Table structure for table `sheetwife`
--

CREATE TABLE IF NOT EXISTS `sheetwife` (
  `id` int(11) unsigned NOT NULL AUTO_INCREMENT,
  `title` varchar(191) COLLATE utf8mb4_unicode_ci DEFAULT NULL,
  `del` tinyint(1) unsigned DEFAULT NULL,
  PRIMARY KEY (`id`)
) ENGINE=InnoDB DEFAULT CHARSET=utf8mb4 COLLATE=utf8mb4_unicode_ci AUTO_INCREMENT=1 ;

-- --------------------------------------------------------

--
-- Table structure for table `sis`
--

CREATE TABLE IF NOT EXISTS `sis` (
  `id` int(11) NOT NULL AUTO_INCREMENT,
  `infertilitysheetid` tinyint(1) unsigned DEFAULT NULL,
  `sisresult` varchar(191) COLLATE utf8mb4_unicode_ci DEFAULT NULL,
  `date` varchar(191) COLLATE utf8mb4_unicode_ci DEFAULT NULL,
  PRIMARY KEY (`id`)
) ENGINE=InnoDB DEFAULT CHARSET=utf8mb4 COLLATE=utf8mb4_unicode_ci AUTO_INCREMENT=1 ;

-- --------------------------------------------------------

--
-- Table structure for table `sonar`
--

CREATE TABLE IF NOT EXISTS `sonar` (
  `id` int(11) NOT NULL AUTO_INCREMENT,
  `patientid` int(11) NOT NULL,
  `sonardate` date NOT NULL,
  `imagename` varchar(255) DEFAULT NULL,
  `notes` varchar(255) NOT NULL,
  `vediourl` longtext,
  `tempdelete` char(1) NOT NULL DEFAULT '0',
  `type` int(11) NOT NULL,
  `originalname` varchar(255) DEFAULT NULL,
  PRIMARY KEY (`id`)
) ENGINE=MyISAM DEFAULT CHARSET=utf8 ROW_FORMAT=DYNAMIC AUTO_INCREMENT=1 ;

-- --------------------------------------------------------

--
-- Table structure for table `sseemen`
--

CREATE TABLE IF NOT EXISTS `sseemen` (
  `id` int(11) unsigned NOT NULL AUTO_INCREMENT,
  `title` varchar(191) COLLATE utf8mb4_unicode_ci DEFAULT NULL,
  `del` tinyint(1) unsigned DEFAULT NULL,
  PRIMARY KEY (`id`)
) ENGINE=InnoDB DEFAULT CHARSET=utf8mb4 COLLATE=utf8mb4_unicode_ci AUTO_INCREMENT=1 ;

-- --------------------------------------------------------

--
-- Table structure for table `sseemmen`
--

CREATE TABLE IF NOT EXISTS `sseemmen` (
  `id` int(11) unsigned NOT NULL AUTO_INCREMENT,
  `title` varchar(191) COLLATE utf8mb4_unicode_ci DEFAULT NULL,
  `del` tinyint(1) unsigned DEFAULT NULL,
  PRIMARY KEY (`id`)
) ENGINE=InnoDB DEFAULT CHARSET=utf8mb4 COLLATE=utf8mb4_unicode_ci AUTO_INCREMENT=1 ;

-- --------------------------------------------------------

--
-- Table structure for table `ssemen`
--

CREATE TABLE IF NOT EXISTS `ssemen` (
  `id` int(11) unsigned NOT NULL AUTO_INCREMENT,
  `title` varchar(191) COLLATE utf8mb4_unicode_ci DEFAULT NULL,
  `del` tinyint(1) unsigned DEFAULT NULL,
  PRIMARY KEY (`id`)
) ENGINE=InnoDB DEFAULT CHARSET=utf8mb4 COLLATE=utf8mb4_unicode_ci AUTO_INCREMENT=1 ;

-- --------------------------------------------------------

--
-- Table structure for table `surgicalhistory`
--

CREATE TABLE IF NOT EXISTS `surgicalhistory` (
  `id` int(11) unsigned NOT NULL AUTO_INCREMENT,
  `title` varchar(191) COLLATE utf8mb4_unicode_ci DEFAULT NULL,
  `del` int(11) unsigned DEFAULT NULL,
  PRIMARY KEY (`id`)
) ENGINE=InnoDB DEFAULT CHARSET=utf8mb4 COLLATE=utf8mb4_unicode_ci AUTO_INCREMENT=1 ;

-- --------------------------------------------------------

--
-- Table structure for table `surgicalhistorydm`
--

CREATE TABLE IF NOT EXISTS `surgicalhistorydm` (
  `id` int(11) unsigned NOT NULL AUTO_INCREMENT,
  `title` varchar(191) COLLATE utf8mb4_unicode_ci DEFAULT NULL,
  `del` tinyint(1) unsigned DEFAULT NULL,
  PRIMARY KEY (`id`)
) ENGINE=InnoDB DEFAULT CHARSET=utf8mb4 COLLATE=utf8mb4_unicode_ci AUTO_INCREMENT=1 ;

-- --------------------------------------------------------

--
-- Table structure for table `table2`
--

CREATE TABLE IF NOT EXISTS `table2` (
  `id` int(11) NOT NULL AUTO_INCREMENT,
  `name2` varchar(50) COLLATE utf8mb4_unicode_ci NOT NULL,
  PRIMARY KEY (`id`)
) ENGINE=InnoDB DEFAULT CHARSET=utf8mb4 COLLATE=utf8mb4_unicode_ci AUTO_INCREMENT=1 ;

-- --------------------------------------------------------

--
-- Table structure for table `table3`
--

CREATE TABLE IF NOT EXISTS `table3` (
  `id` int(11) NOT NULL AUTO_INCREMENT,
  `name` varchar(100) NOT NULL,
  PRIMARY KEY (`id`)
) ENGINE=InnoDB DEFAULT CHARSET=latin1 AUTO_INCREMENT=1 ;

-- --------------------------------------------------------

--
-- Table structure for table `tablename`
--

CREATE TABLE IF NOT EXISTS `tablename` (
  `id` int(11) unsigned NOT NULL AUTO_INCREMENT,
  `del` int(11) unsigned DEFAULT NULL,
  PRIMARY KEY (`id`)
) ENGINE=InnoDB DEFAULT CHARSET=utf8mb4 COLLATE=utf8mb4_unicode_ci AUTO_INCREMENT=1 ;

-- --------------------------------------------------------

--
-- Table structure for table `testtbl1`
--

CREATE TABLE IF NOT EXISTS `testtbl1` (
  `id` int(11) NOT NULL AUTO_INCREMENT,
  `name2` varchar(50) COLLATE utf8mb4_unicode_ci NOT NULL,
  PRIMARY KEY (`id`)
) ENGINE=InnoDB DEFAULT CHARSET=utf8mb4 COLLATE=utf8mb4_unicode_ci AUTO_INCREMENT=1 ;

-- --------------------------------------------------------

--
-- Table structure for table `testtbl2`
--

CREATE TABLE IF NOT EXISTS `testtbl2` (
  `id` int(11) NOT NULL AUTO_INCREMENT,
  `name` varchar(55) COLLATE utf8mb4_unicode_ci NOT NULL,
  PRIMARY KEY (`id`)
) ENGINE=InnoDB DEFAULT CHARSET=utf8mb4 COLLATE=utf8mb4_unicode_ci AUTO_INCREMENT=1 ;

-- --------------------------------------------------------

--
-- Table structure for table `totalbalance`
--

CREATE TABLE IF NOT EXISTS `totalbalance` (
  `id` int(11) NOT NULL AUTO_INCREMENT,
  `patientid` int(11) DEFAULT NULL,
  `balance` int(11) DEFAULT NULL,
  `deleted` int(11) DEFAULT '0',
  `userid` int(11) DEFAULT NULL,
  `adddate` date NOT NULL,
  PRIMARY KEY (`id`)
) ENGINE=InnoDB DEFAULT CHARSET=latin1 AUTO_INCREMENT=1 ;

-- --------------------------------------------------------

--
-- Table structure for table `totalbalancepaids`
--

CREATE TABLE IF NOT EXISTS `totalbalancepaids` (
  `id` int(11) NOT NULL AUTO_INCREMENT,
  `patientid` int(11) DEFAULT NULL,
  `paid` float DEFAULT NULL,
  `userid` int(11) DEFAULT NULL,
  `paydate` date DEFAULT NULL,
  PRIMARY KEY (`id`)
) ENGINE=InnoDB DEFAULT CHARSET=latin1 AUTO_INCREMENT=1 ;

-- --------------------------------------------------------

--
-- Table structure for table `tttda`
--

CREATE TABLE IF NOT EXISTS `tttda` (
  `id` int(11) unsigned NOT NULL AUTO_INCREMENT,
  `title` varchar(191) COLLATE utf8mb4_unicode_ci DEFAULT NULL,
  `del` tinyint(1) unsigned DEFAULT NULL,
  PRIMARY KEY (`id`)
) ENGINE=InnoDB DEFAULT CHARSET=utf8mb4 COLLATE=utf8mb4_unicode_ci AUTO_INCREMENT=1 ;

-- --------------------------------------------------------

--
-- Table structure for table `tttmetformin`
--

CREATE TABLE IF NOT EXISTS `tttmetformin` (
  `id` int(11) unsigned NOT NULL AUTO_INCREMENT,
  `title` varchar(191) COLLATE utf8mb4_unicode_ci DEFAULT NULL,
  `del` tinyint(1) unsigned DEFAULT NULL,
  PRIMARY KEY (`id`)
) ENGINE=InnoDB DEFAULT CHARSET=utf8mb4 COLLATE=utf8mb4_unicode_ci AUTO_INCREMENT=1 ;

-- --------------------------------------------------------

--
-- Table structure for table `tttresponse`
--

CREATE TABLE IF NOT EXISTS `tttresponse` (
  `id` int(11) unsigned NOT NULL AUTO_INCREMENT,
  `title` varchar(191) COLLATE utf8mb4_unicode_ci DEFAULT NULL,
  `del` tinyint(1) unsigned DEFAULT NULL,
  PRIMARY KEY (`id`)
) ENGINE=InnoDB DEFAULT CHARSET=utf8mb4 COLLATE=utf8mb4_unicode_ci AUTO_INCREMENT=1 ;

-- --------------------------------------------------------

--
-- Table structure for table `ttttype`
--

CREATE TABLE IF NOT EXISTS `ttttype` (
  `id` int(11) unsigned NOT NULL AUTO_INCREMENT,
  `title` varchar(191) COLLATE utf8mb4_unicode_ci DEFAULT NULL,
  `del` tinyint(1) unsigned DEFAULT NULL,
  PRIMARY KEY (`id`)
) ENGINE=InnoDB DEFAULT CHARSET=utf8mb4 COLLATE=utf8mb4_unicode_ci AUTO_INCREMENT=1 ;

-- --------------------------------------------------------

--
-- Table structure for table `tvs`
--

CREATE TABLE IF NOT EXISTS `tvs` (
  `id` int(11) NOT NULL AUTO_INCREMENT,
  `infertilitysheetid` int(11) unsigned DEFAULT NULL,
  `tvsut` varchar(191) COLLATE utf8mb4_unicode_ci DEFAULT NULL,
  `tvsro` varchar(191) COLLATE utf8mb4_unicode_ci DEFAULT NULL,
  `tvslo` varchar(191) COLLATE utf8mb4_unicode_ci DEFAULT NULL,
  `tvscx` varchar(191) COLLATE utf8mb4_unicode_ci DEFAULT NULL,
  `tvspelvis` varchar(191) COLLATE utf8mb4_unicode_ci DEFAULT NULL,
  `dtvsplace` varchar(191) COLLATE utf8mb4_unicode_ci DEFAULT NULL,
  `comment` varchar(191) COLLATE utf8mb4_unicode_ci DEFAULT NULL,
  PRIMARY KEY (`id`)
) ENGINE=InnoDB DEFAULT CHARSET=utf8mb4 COLLATE=utf8mb4_unicode_ci AUTO_INCREMENT=1 ;

-- --------------------------------------------------------

--
-- Table structure for table `tvscx`
--

CREATE TABLE IF NOT EXISTS `tvscx` (
  `id` int(11) unsigned NOT NULL AUTO_INCREMENT,
  `title` varchar(191) COLLATE utf8mb4_unicode_ci DEFAULT NULL,
  `del` tinyint(1) unsigned DEFAULT NULL,
  PRIMARY KEY (`id`)
) ENGINE=InnoDB DEFAULT CHARSET=utf8mb4 COLLATE=utf8mb4_unicode_ci AUTO_INCREMENT=1 ;

-- --------------------------------------------------------

--
-- Table structure for table `tvslo`
--

CREATE TABLE IF NOT EXISTS `tvslo` (
  `id` int(11) unsigned NOT NULL AUTO_INCREMENT,
  `title` varchar(191) COLLATE utf8mb4_unicode_ci DEFAULT NULL,
  `del` tinyint(1) unsigned DEFAULT NULL,
  PRIMARY KEY (`id`)
) ENGINE=InnoDB DEFAULT CHARSET=utf8mb4 COLLATE=utf8mb4_unicode_ci AUTO_INCREMENT=1 ;

-- --------------------------------------------------------

--
-- Table structure for table `tvspelvis`
--

CREATE TABLE IF NOT EXISTS `tvspelvis` (
  `id` int(11) unsigned NOT NULL AUTO_INCREMENT,
  `title` varchar(191) COLLATE utf8mb4_unicode_ci DEFAULT NULL,
  `del` tinyint(1) unsigned DEFAULT NULL,
  PRIMARY KEY (`id`)
) ENGINE=InnoDB DEFAULT CHARSET=utf8mb4 COLLATE=utf8mb4_unicode_ci AUTO_INCREMENT=1 ;

-- --------------------------------------------------------

--
-- Table structure for table `tvsro`
--

CREATE TABLE IF NOT EXISTS `tvsro` (
  `id` int(11) unsigned NOT NULL AUTO_INCREMENT,
  `title` varchar(191) COLLATE utf8mb4_unicode_ci DEFAULT NULL,
  `del` int(11) unsigned DEFAULT NULL,
  PRIMARY KEY (`id`)
) ENGINE=InnoDB DEFAULT CHARSET=utf8mb4 COLLATE=utf8mb4_unicode_ci AUTO_INCREMENT=1 ;

-- --------------------------------------------------------

--
-- Table structure for table `tvsut`
--

CREATE TABLE IF NOT EXISTS `tvsut` (
  `id` int(11) unsigned NOT NULL AUTO_INCREMENT,
  `title` varchar(191) COLLATE utf8mb4_unicode_ci DEFAULT NULL,
  `del` tinyint(1) unsigned DEFAULT NULL,
  PRIMARY KEY (`id`)
) ENGINE=InnoDB DEFAULT CHARSET=utf8mb4 COLLATE=utf8mb4_unicode_ci AUTO_INCREMENT=1 ;

-- --------------------------------------------------------

--
-- Table structure for table `type`
--

CREATE TABLE IF NOT EXISTS `type` (
  `id` int(11) unsigned NOT NULL AUTO_INCREMENT,
  `title` varchar(191) COLLATE utf8mb4_unicode_ci DEFAULT NULL,
  `del` varchar(191) COLLATE utf8mb4_unicode_ci DEFAULT NULL,
  PRIMARY KEY (`id`)
) ENGINE=InnoDB DEFAULT CHARSET=utf8mb4 COLLATE=utf8mb4_unicode_ci AUTO_INCREMENT=1 ;

-- --------------------------------------------------------

--
-- Table structure for table `ultrasound`
--

CREATE TABLE IF NOT EXISTS `ultrasound` (
  `id` int(11) unsigned NOT NULL AUTO_INCREMENT,
  `patientid` int(11) unsigned DEFAULT NULL,
  `del` int(11) unsigned DEFAULT NULL,
  `done` int(11) unsigned DEFAULT NULL,
  `edate` date DEFAULT NULL,
  `stype` varchar(191) COLLATE utf8mb4_unicode_ci DEFAULT NULL,
  `based` varchar(191) COLLATE utf8mb4_unicode_ci DEFAULT NULL,
  `tcondition` int(11) unsigned DEFAULT NULL,
  `babyno` varchar(191) COLLATE utf8mb4_unicode_ci DEFAULT NULL,
  `sid` int(11) unsigned DEFAULT NULL,
  `indication` varchar(191) COLLATE utf8mb4_unicode_ci DEFAULT NULL,
  `gage` varchar(191) COLLATE utf8mb4_unicode_ci DEFAULT NULL,
  `physician` varchar(191) COLLATE utf8mb4_unicode_ci DEFAULT NULL,
  `otherbased` varchar(191) COLLATE utf8mb4_unicode_ci DEFAULT NULL,
  `limit` varchar(191) COLLATE utf8mb4_unicode_ci DEFAULT NULL,
  PRIMARY KEY (`id`)
) ENGINE=InnoDB DEFAULT CHARSET=utf8mb4 COLLATE=utf8mb4_unicode_ci ROW_FORMAT=COMPACT AUTO_INCREMENT=1 ;

-- --------------------------------------------------------

--
-- Table structure for table `ultrasounddetail`
--

CREATE TABLE IF NOT EXISTS `ultrasounddetail` (
  `id` int(11) unsigned NOT NULL AUTO_INCREMENT,
  `del` int(11) unsigned DEFAULT NULL,
  `ultrasoundid` int(11) unsigned DEFAULT NULL,
  `relationc` int(11) unsigned DEFAULT NULL,
  `appearance` int(11) unsigned DEFAULT NULL,
  `fluid` int(11) unsigned DEFAULT NULL,
  `movement` int(11) unsigned DEFAULT NULL,
  `shape` int(11) unsigned DEFAULT NULL,
  `cavum` int(11) unsigned DEFAULT NULL,
  `falx` int(11) unsigned DEFAULT NULL,
  `thalami` int(11) unsigned DEFAULT NULL,
  `ventricle` int(11) unsigned DEFAULT NULL,
  `cerebellum` int(11) unsigned DEFAULT NULL,
  `magna` int(11) unsigned DEFAULT NULL,
  `u_lip` int(11) unsigned DEFAULT NULL,
  `profile` int(11) unsigned DEFAULT NULL,
  `orbits` int(11) unsigned DEFAULT NULL,
  `nose` int(11) unsigned DEFAULT NULL,
  `nostrils` int(11) unsigned DEFAULT NULL,
  `neck` int(11) unsigned DEFAULT NULL,
  `thoraxshape` int(11) unsigned DEFAULT NULL,
  `mass` int(11) unsigned DEFAULT NULL,
  `heart` int(11) unsigned DEFAULT NULL,
  `heartactivity` int(11) unsigned DEFAULT NULL,
  `hsize` int(11) unsigned DEFAULT NULL,
  `haxix` int(11) unsigned DEFAULT NULL,
  `chamberview` int(11) unsigned DEFAULT NULL,
  `loutflow` int(11) unsigned DEFAULT NULL,
  `routflow` int(11) unsigned DEFAULT NULL,
  `stomach` int(11) unsigned DEFAULT NULL,
  `bowel` int(11) unsigned DEFAULT NULL,
  `kidney` int(11) unsigned DEFAULT NULL,
  `bladder` int(11) unsigned DEFAULT NULL,
  `cordinsertion` int(11) unsigned DEFAULT NULL,
  `cordvessels` int(11) unsigned DEFAULT NULL,
  `spine` int(11) unsigned DEFAULT NULL,
  `rarm` int(11) unsigned DEFAULT NULL,
  `rleg` int(11) unsigned DEFAULT NULL,
  `larm` int(11) unsigned DEFAULT NULL,
  `lleg` int(11) unsigned DEFAULT NULL,
  `gender` double DEFAULT NULL,
  `gendern` int(11) unsigned DEFAULT NULL,
  `conclusion` int(11) unsigned DEFAULT NULL,
  `plans` int(11) unsigned DEFAULT NULL,
  `position` varchar(191) COLLATE utf8mb4_unicode_ci DEFAULT NULL,
  `diameterm` varchar(191) COLLATE utf8mb4_unicode_ci DEFAULT NULL,
  `diameterp` varchar(191) COLLATE utf8mb4_unicode_ci DEFAULT NULL,
  `headcm` varchar(191) COLLATE utf8mb4_unicode_ci DEFAULT NULL,
  `headcp` varchar(191) COLLATE utf8mb4_unicode_ci DEFAULT NULL,
  `abdominalm` varchar(191) COLLATE utf8mb4_unicode_ci DEFAULT NULL,
  `abdominalp` varchar(191) COLLATE utf8mb4_unicode_ci DEFAULT NULL,
  `lengthm` varchar(191) COLLATE utf8mb4_unicode_ci DEFAULT NULL,
  `lengthp` varchar(191) COLLATE utf8mb4_unicode_ci DEFAULT NULL,
  `otherm` varchar(191) COLLATE utf8mb4_unicode_ci DEFAULT NULL,
  `otherp` varchar(191) COLLATE utf8mb4_unicode_ci DEFAULT NULL,
  `othernormal` text COLLATE utf8mb4_unicode_ci,
  `finding` varchar(191) COLLATE utf8mb4_unicode_ci DEFAULT NULL,
  `weeks` varchar(191) COLLATE utf8mb4_unicode_ci DEFAULT NULL,
  `referred` varchar(191) COLLATE utf8mb4_unicode_ci DEFAULT NULL,
  `oplans` varchar(191) COLLATE utf8mb4_unicode_ci DEFAULT NULL,
  `cover` varchar(191) COLLATE utf8mb4_unicode_ci DEFAULT NULL,
  `abconclusion` tinyint(1) unsigned DEFAULT NULL,
  `pconclusion` tinyint(1) unsigned DEFAULT NULL,
  `inconclusion` tinyint(1) unsigned DEFAULT NULL,
  PRIMARY KEY (`id`)
) ENGINE=InnoDB DEFAULT CHARSET=utf8mb4 COLLATE=utf8mb4_unicode_ci ROW_FORMAT=DYNAMIC AUTO_INCREMENT=1 ;

-- --------------------------------------------------------

--
-- Table structure for table `ultrasoundgyna`
--

CREATE TABLE IF NOT EXISTS `ultrasoundgyna` (
  `id` int(11) unsigned NOT NULL AUTO_INCREMENT,
  `patientid` int(11) unsigned DEFAULT NULL,
  `del` int(11) unsigned DEFAULT NULL,
  `done` int(11) unsigned DEFAULT NULL,
  `edate` date DEFAULT NULL,
  `etype` int(11) unsigned DEFAULT NULL,
  `sid` int(11) unsigned DEFAULT NULL,
  `tcondition` int(11) unsigned DEFAULT NULL,
  `position` int(11) unsigned DEFAULT NULL,
  `tz` int(11) unsigned DEFAULT NULL,
  `myo` int(11) unsigned DEFAULT NULL,
  `myowall` int(11) unsigned DEFAULT NULL,
  `douglas` int(11) unsigned DEFAULT NULL,
  `rtsize` varchar(191) COLLATE utf8mb4_unicode_ci DEFAULT NULL,
  `conclusion` int(11) unsigned DEFAULT NULL,
  `physician` varchar(191) COLLATE utf8mb4_unicode_ci DEFAULT NULL,
  `indication` varchar(191) COLLATE utf8mb4_unicode_ci DEFAULT NULL,
  `measurments` varchar(191) COLLATE utf8mb4_unicode_ci DEFAULT NULL,
  `thickness` varchar(191) COLLATE utf8mb4_unicode_ci DEFAULT NULL,
  `flesion` varchar(191) COLLATE utf8mb4_unicode_ci DEFAULT NULL,
  `rtshape` varchar(191) COLLATE utf8mb4_unicode_ci DEFAULT NULL,
  `rtfolicles` varchar(191) COLLATE utf8mb4_unicode_ci DEFAULT NULL,
  `ltfolicles` varchar(191) COLLATE utf8mb4_unicode_ci DEFAULT NULL,
  `ltshape` varchar(191) COLLATE utf8mb4_unicode_ci DEFAULT NULL,
  `ltsize` varchar(191) COLLATE utf8mb4_unicode_ci DEFAULT NULL,
  `pmass` varchar(191) COLLATE utf8mb4_unicode_ci DEFAULT NULL,
  `lymph` varchar(191) COLLATE utf8mb4_unicode_ci DEFAULT NULL,
  `rtarteries` varchar(191) COLLATE utf8mb4_unicode_ci DEFAULT NULL,
  `ltarteries` varchar(191) COLLATE utf8mb4_unicode_ci DEFAULT NULL,
  `score` varchar(191) COLLATE utf8mb4_unicode_ci DEFAULT NULL,
  `subspace` varchar(191) COLLATE utf8mb4_unicode_ci DEFAULT NULL,
  `anymass` varchar(191) COLLATE utf8mb4_unicode_ci DEFAULT NULL,
  `normalcon` varchar(191) COLLATE utf8mb4_unicode_ci DEFAULT NULL,
  `limit` varchar(191) COLLATE utf8mb4_unicode_ci DEFAULT NULL,
  `describ` varchar(191) COLLATE utf8mb4_unicode_ci DEFAULT NULL,
  `abnormalcon` varchar(191) COLLATE utf8mb4_unicode_ci DEFAULT NULL,
  PRIMARY KEY (`id`)
) ENGINE=InnoDB DEFAULT CHARSET=utf8mb4 COLLATE=utf8mb4_unicode_ci ROW_FORMAT=DYNAMIC AUTO_INCREMENT=1 ;

-- --------------------------------------------------------

--
-- Table structure for table `ultrasoundobst`
--

CREATE TABLE IF NOT EXISTS `ultrasoundobst` (
  `id` int(11) unsigned NOT NULL AUTO_INCREMENT,
  `patientid` int(11) unsigned DEFAULT NULL,
  `del` int(11) unsigned DEFAULT NULL,
  `done` int(11) unsigned DEFAULT NULL,
  `edate` date DEFAULT NULL,
  `stype` int(11) unsigned DEFAULT NULL,
  `sid` int(11) unsigned DEFAULT NULL,
  `tcondition` int(11) unsigned DEFAULT NULL,
  `babyno` double DEFAULT NULL,
  `physician` varchar(191) COLLATE utf8mb4_unicode_ci DEFAULT NULL,
  `limit` varchar(191) COLLATE utf8mb4_unicode_ci DEFAULT NULL,
  `indication` varchar(191) COLLATE utf8mb4_unicode_ci DEFAULT NULL,
  PRIMARY KEY (`id`)
) ENGINE=InnoDB DEFAULT CHARSET=utf8mb4 COLLATE=utf8mb4_unicode_ci ROW_FORMAT=COMPACT AUTO_INCREMENT=1 ;

-- --------------------------------------------------------

--
-- Table structure for table `ultrasoundobstdetail`
--

CREATE TABLE IF NOT EXISTS `ultrasoundobstdetail` (
  `id` int(11) unsigned NOT NULL AUTO_INCREMENT,
  `del` int(11) unsigned DEFAULT NULL,
  `ultrasoundobstid` int(11) unsigned DEFAULT NULL,
  `appearance` int(11) unsigned DEFAULT NULL,
  `shape` int(11) unsigned DEFAULT NULL,
  `cranial` int(11) unsigned DEFAULT NULL,
  `falx` int(11) unsigned DEFAULT NULL,
  `choroid` int(11) unsigned DEFAULT NULL,
  `profile` int(11) unsigned DEFAULT NULL,
  `orbits` int(11) unsigned DEFAULT NULL,
  `neck` int(11) unsigned DEFAULT NULL,
  `pulm` int(11) unsigned DEFAULT NULL,
  `diaphragm` int(11) unsigned DEFAULT NULL,
  `heart` int(11) unsigned DEFAULT NULL,
  `heartactivity` int(11) unsigned DEFAULT NULL,
  `hsize` int(11) unsigned DEFAULT NULL,
  `haxix` int(11) unsigned DEFAULT NULL,
  `chamberview` int(11) unsigned DEFAULT NULL,
  `stomach` int(11) unsigned DEFAULT NULL,
  `bowel` int(11) unsigned DEFAULT NULL,
  `kidney` int(11) unsigned DEFAULT NULL,
  `bladder` int(11) unsigned DEFAULT NULL,
  `cordinsertion` int(11) unsigned DEFAULT NULL,
  `cordvessels` int(11) unsigned DEFAULT NULL,
  `spine` int(11) unsigned DEFAULT NULL,
  `rarm` int(11) unsigned DEFAULT NULL,
  `rleg` int(11) unsigned DEFAULT NULL,
  `larm` int(11) unsigned DEFAULT NULL,
  `lleg` int(11) unsigned DEFAULT NULL,
  `gender` double DEFAULT NULL,
  `gendern` int(11) unsigned DEFAULT NULL,
  `conclusion` int(11) unsigned DEFAULT NULL,
  `plans` int(11) unsigned DEFAULT NULL,
  `anomaly` varchar(191) COLLATE utf8mb4_unicode_ci DEFAULT NULL,
  `crownm` varchar(191) COLLATE utf8mb4_unicode_ci DEFAULT NULL,
  `crownmc` varchar(191) COLLATE utf8mb4_unicode_ci DEFAULT NULL,
  `nuchalm` varchar(191) COLLATE utf8mb4_unicode_ci DEFAULT NULL,
  `nuchalc` varchar(191) COLLATE utf8mb4_unicode_ci DEFAULT NULL,
  `diameterm` varchar(191) COLLATE utf8mb4_unicode_ci DEFAULT NULL,
  `diameterc` varchar(191) COLLATE utf8mb4_unicode_ci DEFAULT NULL,
  `headcm` varchar(191) COLLATE utf8mb4_unicode_ci DEFAULT NULL,
  `headcc` varchar(191) COLLATE utf8mb4_unicode_ci DEFAULT NULL,
  `abdominalm` varchar(191) COLLATE utf8mb4_unicode_ci DEFAULT NULL,
  `abdominalc` varchar(191) COLLATE utf8mb4_unicode_ci DEFAULT NULL,
  `flengthm` varchar(191) COLLATE utf8mb4_unicode_ci DEFAULT NULL,
  `flengthc` varchar(191) COLLATE utf8mb4_unicode_ci DEFAULT NULL,
  `finding` varchar(191) COLLATE utf8mb4_unicode_ci DEFAULT NULL,
  `gaestimatew` varchar(191) COLLATE utf8mb4_unicode_ci DEFAULT NULL,
  `gaestimated` varchar(191) COLLATE utf8mb4_unicode_ci DEFAULT NULL,
  `othernormal` varchar(191) COLLATE utf8mb4_unicode_ci DEFAULT NULL,
  `oplans` varchar(191) COLLATE utf8mb4_unicode_ci DEFAULT NULL,
  `weeks` double DEFAULT NULL,
  `referred` varchar(191) COLLATE utf8mb4_unicode_ci DEFAULT NULL,
  `pconclusion` tinyint(1) unsigned DEFAULT NULL,
  `inconclusion` tinyint(1) unsigned DEFAULT NULL,
  `abconclusion` tinyint(1) unsigned DEFAULT NULL,
  PRIMARY KEY (`id`)
) ENGINE=InnoDB DEFAULT CHARSET=utf8mb4 COLLATE=utf8mb4_unicode_ci ROW_FORMAT=DYNAMIC AUTO_INCREMENT=1 ;

-- --------------------------------------------------------

--
-- Table structure for table `usaf`
--

CREATE TABLE IF NOT EXISTS `usaf` (
  `id` int(11) unsigned NOT NULL AUTO_INCREMENT,
  `title` varchar(191) COLLATE utf8mb4_unicode_ci DEFAULT NULL,
  `del` tinyint(1) unsigned DEFAULT NULL,
  PRIMARY KEY (`id`)
) ENGINE=InnoDB DEFAULT CHARSET=utf8mb4 COLLATE=utf8mb4_unicode_ci AUTO_INCREMENT=1 ;

-- --------------------------------------------------------

--
-- Table structure for table `usn`
--

CREATE TABLE IF NOT EXISTS `usn` (
  `id` int(11) unsigned NOT NULL AUTO_INCREMENT,
  `title` varchar(191) COLLATE utf8mb4_unicode_ci DEFAULT NULL,
  `del` tinyint(1) unsigned DEFAULT NULL,
  PRIMARY KEY (`id`)
) ENGINE=InnoDB DEFAULT CHARSET=utf8mb4 COLLATE=utf8mb4_unicode_ci AUTO_INCREMENT=1 ;

-- --------------------------------------------------------

--
-- Table structure for table `usplace`
--

CREATE TABLE IF NOT EXISTS `usplace` (
  `id` int(11) unsigned NOT NULL AUTO_INCREMENT,
  `title` varchar(191) COLLATE utf8mb4_unicode_ci DEFAULT NULL,
  `del` tinyint(1) unsigned DEFAULT NULL,
  PRIMARY KEY (`id`)
) ENGINE=InnoDB DEFAULT CHARSET=utf8mb4 COLLATE=utf8mb4_unicode_ci AUTO_INCREMENT=1 ;

-- --------------------------------------------------------

--
-- Table structure for table `ustv`
--

CREATE TABLE IF NOT EXISTS `ustv` (
  `id` int(11) unsigned NOT NULL AUTO_INCREMENT,
  `sdate` date DEFAULT NULL,
  `patientid` varchar(191) COLLATE utf8mb4_unicode_ci DEFAULT NULL,
  `del` int(11) unsigned DEFAULT NULL,
  `uterus` varchar(191) COLLATE utf8mb4_unicode_ci DEFAULT NULL,
  `radnexa` varchar(191) COLLATE utf8mb4_unicode_ci DEFAULT NULL,
  `ladnexa` varchar(191) COLLATE utf8mb4_unicode_ci DEFAULT NULL,
  `pelvis` varchar(191) COLLATE utf8mb4_unicode_ci DEFAULT NULL,
  `notes` varchar(191) COLLATE utf8mb4_unicode_ci DEFAULT NULL,
  `doctorid` int(11) unsigned DEFAULT NULL,
  PRIMARY KEY (`id`)
) ENGINE=InnoDB DEFAULT CHARSET=utf8mb4 COLLATE=utf8mb4_unicode_ci ROW_FORMAT=COMPACT AUTO_INCREMENT=1 ;

-- --------------------------------------------------------

--
-- Table structure for table `visits`
--

CREATE TABLE IF NOT EXISTS `visits` (
  `id` int(11) NOT NULL AUTO_INCREMENT,
  `patientid` int(11) NOT NULL,
  `visitdate` date NOT NULL,
  `visittime` time DEFAULT NULL,
  `detectionid` int(11) NOT NULL,
  `totaldetectionvalue` decimal(10,0) DEFAULT '0',
  `discount` decimal(10,0) DEFAULT '0',
  `detectionvalue_cash` decimal(10,0) DEFAULT '0',
  `detectionvalue_visa` decimal(10,0) DEFAULT '0',
  `restdetectionvalue` decimal(10,0) DEFAULT '0',
  `visitorder` int(11) NOT NULL,
  `enterordered` int(11) NOT NULL,
  `view` tinyint(1) NOT NULL DEFAULT '0',
  `deleted` int(11) DEFAULT '0',
  `end` int(11) DEFAULT '0',
  `enddate` date DEFAULT NULL,
  `reason` text COLLATE utf8mb4_unicode_ci,
  `notes` text COLLATE utf8mb4_unicode_ci,
  `enddoctorid` int(11) DEFAULT NULL,
  `mobileappvisit` int(11) unsigned DEFAULT NULL,
  `payedflag` int(11) unsigned DEFAULT NULL,
  `visit_period` int(11) DEFAULT '0',
  `user_id` int(11) DEFAULT '0',
  `urgent` int(11) DEFAULT '0',
  `createdate` datetime DEFAULT NULL,
  `detectionvalue` int(11) unsigned DEFAULT NULL,
  `clinic_id` int(11) unsigned DEFAULT NULL,
  `visitid` int(11) DEFAULT '0',
  `custom_order` int(11) NOT NULL DEFAULT '0',
  `end_visit` int(11) NOT NULL DEFAULT '0',
  `patient_edit` tinyint(1) unsigned DEFAULT NULL,
  PRIMARY KEY (`id`),
  KEY `index_foreignkey_visits_clinic` (`clinic_id`)
) ENGINE=InnoDB DEFAULT CHARSET=utf8mb4 COLLATE=utf8mb4_unicode_ci ROW_FORMAT=COMPACT AUTO_INCREMENT=1 ;

-- --------------------------------------------------------

--
-- Table structure for table `visit_periods`
--

CREATE TABLE IF NOT EXISTS `visit_periods` (
  `id` int(11) NOT NULL AUTO_INCREMENT,
  `name` varchar(255) CHARACTER SET utf8mb4 DEFAULT NULL,
  `timing` varchar(255) CHARACTER SET utf8mb4 DEFAULT NULL,
  `max_no` int(11) DEFAULT '0',
  `deleted` int(11) DEFAULT '0',
  PRIMARY KEY (`id`)
) ENGINE=MyISAM DEFAULT CHARSET=latin1 AUTO_INCREMENT=1 ;

-- --------------------------------------------------------

--
-- Table structure for table `wifeepc`
--

CREATE TABLE IF NOT EXISTS `wifeepc` (
  `id` int(11) NOT NULL AUTO_INCREMENT,
  `infertilitysheetid` int(11) unsigned DEFAULT NULL,
  `wifeepcttt` varchar(191) COLLATE utf8mb4_unicode_ci DEFAULT NULL,
  `wifeepcobst` varchar(191) COLLATE utf8mb4_unicode_ci DEFAULT NULL,
  `wifeepctype` varchar(191) COLLATE utf8mb4_unicode_ci DEFAULT NULL,
  `wifeepcw` varchar(191) COLLATE utf8mb4_unicode_ci DEFAULT NULL,
  `histopath` varchar(191) COLLATE utf8mb4_unicode_ci DEFAULT NULL,
  `wifeepcp` varchar(191) COLLATE utf8mb4_unicode_ci DEFAULT NULL,
  `wifeepcepc` varchar(191) COLLATE utf8mb4_unicode_ci DEFAULT NULL,
  `coast` varchar(191) COLLATE utf8mb4_unicode_ci DEFAULT NULL,
  `wifeepcdate` varchar(191) COLLATE utf8mb4_unicode_ci DEFAULT NULL,
  PRIMARY KEY (`id`)
) ENGINE=InnoDB DEFAULT CHARSET=utf8mb4 COLLATE=utf8mb4_unicode_ci AUTO_INCREMENT=1 ;

-- --------------------------------------------------------

--
-- Table structure for table `wifeepcobst`
--

CREATE TABLE IF NOT EXISTS `wifeepcobst` (
  `id` int(11) unsigned NOT NULL AUTO_INCREMENT,
  `title` varchar(191) COLLATE utf8mb4_unicode_ci DEFAULT NULL,
  `del` tinyint(1) unsigned DEFAULT NULL,
  PRIMARY KEY (`id`)
) ENGINE=InnoDB DEFAULT CHARSET=utf8mb4 COLLATE=utf8mb4_unicode_ci AUTO_INCREMENT=1 ;

-- --------------------------------------------------------

--
-- Table structure for table `wifeepcttt`
--

CREATE TABLE IF NOT EXISTS `wifeepcttt` (
  `id` int(11) unsigned NOT NULL AUTO_INCREMENT,
  `title` varchar(191) COLLATE utf8mb4_unicode_ci DEFAULT NULL,
  `del` int(11) unsigned DEFAULT NULL,
  PRIMARY KEY (`id`)
) ENGINE=InnoDB DEFAULT CHARSET=utf8mb4 COLLATE=utf8mb4_unicode_ci AUTO_INCREMENT=1 ;

-- --------------------------------------------------------

--
-- Table structure for table `wifeepctype`
--

CREATE TABLE IF NOT EXISTS `wifeepctype` (
  `id` int(11) unsigned NOT NULL AUTO_INCREMENT,
  `title` varchar(191) COLLATE utf8mb4_unicode_ci DEFAULT NULL,
  `del` int(11) unsigned DEFAULT NULL,
  PRIMARY KEY (`id`)
) ENGINE=InnoDB DEFAULT CHARSET=utf8mb4 COLLATE=utf8mb4_unicode_ci AUTO_INCREMENT=1 ;

-- --------------------------------------------------------

--
-- Table structure for table `wifejobs`
--

CREATE TABLE IF NOT EXISTS `wifejobs` (
  `id` int(11) NOT NULL AUTO_INCREMENT,
  `title` varchar(55) NOT NULL,
  `del` int(11) unsigned DEFAULT NULL,
  PRIMARY KEY (`id`)
) ENGINE=InnoDB  DEFAULT CHARSET=latin1 ROW_FORMAT=COMPACT AUTO_INCREMENT=638 ;

--
-- Dumping data for table `wifejobs`
--

INSERT INTO `wifejobs` (`id`, `title`, `del`) VALUES
(2, 'مدرس عربي', NULL),
(3, 'طبيب بشري ', NULL),
(4, 'مهندس بترول', NULL),
(5, 'صيدلنيه', NULL),
(6, 'مدرسه Ù حضانه', NULL),
(8, 'طالبه ', NULL),
(9, 'موظÙ ', NULL),
(10, 'اخصائي تمريض ', NULL),
(11, 'دكتور', NULL),
(12, 'مدير مصنع ', NULL),
(14, 'ملاحظ تنÙيذ', NULL),
(15, 'معاش', NULL),
(17, 'عامل', NULL),
(18, 'نجار', NULL),
(19, 'مÙتشه اثار ', NULL),
(21, 'ممرضه ', NULL),
(22, 'دكتوره صيدلانيه', NULL),
(23, 'مدرسة', NULL),
(25, 'معلم ', NULL),
(26, 'معلمه', NULL),
(27, 'دكتوره تحاليل ', NULL),
(28, 'مدير بنك ', NULL),
(29, 'طالب', 0),
(30, 'محاسب', NULL),
(31, 'بالخارج', NULL),
(32, 'تاجر', NULL),
(33, 'مهندس زراعي ', NULL),
(34, 'وكيلة مدرسة ', NULL),
(35, 'مهندس.', NULL),
(36, 'مدرس', 0),
(37, 'Ùلاح', NULL),
(38, 'خريج', NULL),
(39, 'طبيبه اطÙال ', NULL),
(40, 'محامي', NULL),
(42, 'معمار ', NULL),
(43, 'Ùنى تمريض', NULL),
(44, 'كاتبه', NULL),
(45, 'ترزى', NULL),
(47, 'مصنع ملابس', NULL),
(48, 'دكتورة', NULL),
(49, 'دكتورة', NULL),
(52, 'صاحب شركة سياحه', NULL),
(53, 'سواق', NULL),
(54, 'خياط', NULL),
(55, 'اخصائيه ماليه ', NULL),
(56, 'استورجى', NULL),
(57, 'صيدلى', NULL),
(58, 'صاحب شركه', NULL),
(59, 'اخصائي تحاليل', NULL),
(60, 'صاحب مصنع', NULL),
(61, 'محاميه', NULL),
(62, 'عاطل ', NULL),
(63, 'قارى', NULL),
(64, 'Ùنى احصاء ', NULL),
(65, 'دكتوره اسنان', NULL),
(66, 'محاسبه', NULL),
(67, 'لا تعمل ', NULL),
(68, 'اعمال حره', NULL),
(69, 'شيÙ', NULL),
(70, 'طبيب بيطرى', NULL),
(71, 'مديره مدرسه', NULL),
(72, 'مهندس كمبيوتر ', NULL),
(73, 'سائق', NULL),
(74, 'موجه', NULL),
(75, 'شركه ادويه ', NULL),
(76, 'محاضر قانوني ', NULL),
(77, 'امام وخطيب ', NULL),
(78, 'Ù مصنع ', NULL),
(79, 'مدير تجارى ', NULL),
(80, 'ميكب ارتيست', NULL),
(81, 'كيمائيه', NULL),
(82, 'مدير مبيعات', NULL),
(83, 'اخصائي مالي واداري ', NULL),
(84, 'موظÙه ', NULL),
(85, 'دكتوره تغذيه ', NULL),
(86, 'صاحب محل', NULL),
(87, 'Ù شركه مصر', NULL),
(88, 'معلمه ', NULL),
(89, 'دكتور بيطري ', NULL),
(90, 'Ùلاحه', 0),
(91, 'زائر صحى ', NULL),
(92, 'مستشار قانوني', NULL),
(93, 'اداره تعليميه', NULL),
(94, 'معمل', NULL),
(95, 'خدمه عملاء ', NULL),
(96, 'دكتوره اسنان ', NULL),
(97, 'دعايه وتسويق', NULL),
(98, 'مستورد', NULL),
(99, 'مدرس مساعد', NULL),
(100, 'موجهه', NULL),
(101, 'مديره مصنع ', NULL),
(102, 'صاحب ورشه', NULL),
(103, 'اخصائي علاج طبيعي ', NULL),
(104, 'سكرتيره', NULL),
(105, 'اخصلئي شئون طلاب ', NULL),
(106, 'لواء', NULL),
(107, 'محل ملابس', NULL),
(108, 'حارس ', NULL),
(109, 'صحÙى', NULL),
(110, 'مدير مالي', NULL),
(111, 'Ù مطعم', NULL),
(112, 'رياضى ', NULL),
(113, 'قطاع خاص ', NULL),
(114, 'كهربائي ', NULL),
(115, 'مديره مركز', NULL),
(116, 'Ù سوبر ماركت', NULL),
(117, 'Ùنى كهرباء ', NULL),
(118, 'عامل ', NULL),
(119, 'كهربائى سيارات ', NULL),
(120, 'Ùران', NULL),
(121, 'خياطه', NULL),
(122, 'اخصائيه تخاطب', NULL),
(124, 'طبيب طوارئ ', NULL),
(125, 'اعمال حره ', NULL),
(126, 'حداد', NULL),
(127, 'Ù صيدليه', NULL),
(128, ' حلاق', NULL),
(129, 'صاحبه مكتبه', NULL),
(130, 'دكتور مكاÙحه عدوى', NULL),
(131, 'مهندس مدنى', NULL),
(132, 'بالسوق', NULL),
(133, 'ميكانيكى', NULL),
(134, 'صنايعى تطريز', NULL),
(135, 'Ùنى تغذيه', NULL),
(136, 'دكتور جامعه', NULL),
(137, 'اخصائيه نÙسيه', NULL),
(138, 'تاجر قماش ', NULL),
(139, 'تاجر قماش ', NULL),
(140, 'تربيه وتعليم', NULL),
(141, 'مشرÙ معمارى', NULL),
(142, 'سباك', NULL),
(143, 'رئيس نائبه الشركه ', NULL),
(144, 'طبيبه اسنان ', NULL),
(145, 'ظابط شرطه ', NULL),
(146, 'Ù شركه الغاز', NULL),
(147, 'عياده د/اسنان', NULL),
(148, 'مهندس كيميائي ', NULL),
(149, 'Ù محل', NULL),
(150, 'نجار موبيليا', NULL),
(151, 'ادارى Ù الازهر ', NULL),
(152, 'مÙتش  اثار ', NULL),
(153, 'Ùنى زخرÙه', NULL),
(154, 'مدرسه انجليزي ', NULL),
(155, 'مÙتش ماليه', NULL),
(156, 'مندوب ', NULL),
(157, 'مدرس جامعى', NULL),
(158, 'اخصائي اشعه', NULL),
(159, 'عامل رخام ', NULL),
(160, 'موظÙ Ùي حي شرق ', NULL),
(161, 'اداريه ', NULL),
(162, 'اخصائي اجتماعي ', NULL),
(163, 'رجل اعمال', NULL),
(164, 'مصممه كمبيوتر ', NULL),
(165, 'مدربه سواقه', NULL),
(166, 'لا يعمل', NULL),
(168, 'صاحب معرض', NULL),
(169, 'ضرايب المحله', NULL),
(170, 'يعمل بالخارج ', NULL),
(171, 'مديره مدرسه ', NULL),
(172, 'كبير اخصائين اجتماعين', NULL),
(173, 'طبيب اسنان', NULL),
(174, 'Ù شركه خاصه', NULL),
(175, 'طبيبه اسره', NULL),
(177, 'دكتوره جامعيه ', NULL),
(178, 'Ù مدرسه', NULL),
(179, 'Ù عياده', NULL),
(180, 'مندوب مبيعات', NULL),
(181, 'دكتور جراحه', NULL),
(182, 'محاسب ', NULL),
(183, 'Ùني معمل', NULL),
(184, 'متعاهد', NULL),
(185, 'المركزالقومى للبحوث', NULL),
(186, 'Ùنى اشعه', NULL),
(187, 'صاحب مطابع', NULL),
(188, 'صاحبه محل', NULL),
(189, 'عامل محاره', NULL),
(190, 'مهندسه ', NULL),
(191, 'مدربه لياقه', NULL),
(192, 'ربه منزل', NULL),
(193, 'مقاول', NULL),
(194, 'ربه منزل ', NULL),
(195, 'Ùي الضرائب ', NULL),
(196, 'مهندس ديكور', NULL),
(197, 'مشغل ملابس', NULL),
(198, 'محÙظه قران', NULL),
(199, 'اخصائيه بصريات', NULL),
(200, 'Ù الاداره الصحيه', NULL),
(201, 'vet', NULL),
(202, 'استاذ Ù كليه الزراعه', NULL),
(203, 'مدرسه انجلش', NULL),
(204, 'محامي ', NULL),
(205, 'Ù جمعيه رساله', NULL),
(206, 'دكتور صيدلي ', NULL),
(207, 'Ùنيه معمل', NULL),
(208, 'مشرÙ.', NULL),
(209, 'دكتوره احصا ', NULL),
(210, 'محاميه ', NULL),
(211, 'طالبة', NULL),
(212, 'صيدلانبة', NULL),
(213, 'صيدلانبة', NULL),
(214, 'عامل زراعى', NULL),
(215, 'Ùنى صيانه Ù الطرق', NULL),
(216, 'طب بشرى', NULL),
(217, 'موارد بشريه', NULL),
(218, 'اخصائيه ائتمان ', NULL),
(219, 'Ùنيه تحاليل ', NULL),
(220, 'Ùي مطعم ', NULL),
(221, 'دكتوره بيطريه ', NULL),
(222, 'صيدلانيه ', NULL),
(223, 'اخصائيه تغذيه ', NULL),
(224, 'اخصائيه تغذيه ', NULL),
(225, 'اخصائيه تغذيه ', NULL),
(226, 'اخصائيه تغذيه ', NULL),
(227, 'تاجر مواد غذائيه ', NULL),
(228, 'Ùنى صيانه اجهزه طبيه', NULL),
(229, 'رائده Ù مسجد', NULL),
(230, 'graft', NULL),
(231, 'Ù الخارج', NULL),
(232, 'دكتوره اشعه ', NULL),
(233, 'مدير قسم Ù Ùندق', NULL),
(234, 'طبيب اسره', NULL),
(235, 'مسعÙ', NULL),
(236, 'مدير اداره ', NULL),
(237, 'اخصائيه تمريض', NULL),
(238, 'صاحب مخبز', NULL),
(239, 'Ù ضرايب ', NULL),
(240, 'Ù المحكمه', NULL),
(241, 'مصممه جراÙيك', NULL),
(242, 'طبيبه رمد', NULL),
(243, 'مدير مكتب المحامى العام', NULL),
(244, 'كميائيه', NULL),
(245, 'Ù مضارب الغربيه', NULL),
(246, 'مهندسه ديكور', NULL),
(247, 'مدير تسويق', NULL),
(248, 'مشرÙة جوده', NULL),
(249, 'كواÙير ', NULL),
(250, 'عميد شرطه', NULL),
(251, 'مهندسه زراعيه', NULL),
(252, 'مهندسه زراعيه', NULL),
(253, 'بناء', NULL),
(254, 'مدرس قران', NULL),
(255, 'يويتيببور', NULL),
(256, 'رئيسه وحده ', NULL),
(257, 'علاقات عامه', NULL),
(258, 'تاجر Ùاكهه ', NULL),
(259, 'عÙش سيارات', NULL),
(260, 'medical student ', NULL),
(261, 'ربة منزل ', NULL),
(262, 'Dentist ', NULL),
(263, 'Ù التعاون ', NULL),
(264, 'مقاول ', NULL),
(265, 'ماجستير Ù الاثار', NULL),
(266, 'مدير عام', NULL),
(267, 'مدرسه رياض اطÙال', NULL),
(268, 'صاحب مطعم', NULL),
(269, 'مدير نادى', NULL),
(270, 'لا يعمل ', NULL),
(271, 'Ùنى وسائل', NULL),
(272, 'موجه ', NULL),
(273, 'وكيل معهد', NULL),
(274, 'طبيب باطنى', NULL),
(275, 'دكتور علاج اشعاعي ', NULL),
(276, 'طبيب نسا', NULL),
(277, 'Ù الديكورات', NULL),
(278, 'عامله', NULL),
(279, 'دكتور جامعي', NULL),
(280, 'مدير بنك مصر', NULL),
(281, 'مدير بنك مصر', NULL),
(282, 'طالب طب', NULL),
(283, 'امينه معمل ', NULL),
(284, 'طبيبه امتياز ', NULL),
(285, 'بائع خضراوات', NULL),
(286, 'رئيس نيابه اداريه', NULL),
(287, 'محلل نظم عام', NULL),
(288, 'محقق قانونى', NULL),
(289, 'امين شرطه', NULL),
(290, 'دكتورة جلدية', NULL),
(291, 'Ù هيئه الاثار', NULL),
(292, 'رئيسه قسم رياضه', NULL),
(293, 'physiotherapist ', NULL),
(294, 'Ù المÙروشات', NULL),
(295, 'Ù وزاره التعمير والاسكان', NULL),
(296, 'شئون قانونيه ', NULL),
(297, 'Ùنى تحليل', NULL),
(298, 'طبيب عظام', NULL),
(299, 'باحث Ù شركه الكهرباء', NULL),
(300, 'طبيب رمد', NULL),
(301, 'ضابظ مرور', NULL),
(302, 'دكتور جلديه', NULL),
(303, 'مدير شركه ', NULL),
(304, 'Ù محطه بنزين', NULL),
(305, 'Ù وزاره الشباب والرياضه', NULL),
(306, 'نقاش', NULL),
(307, 'Ù سوق الجمله', NULL),
(308, 'مدبره حضانه', NULL),
(309, 'اخصائيه خدمه مواطينين', NULL),
(310, 'مهندس كهرباء', NULL),
(311, 'مهندسه كمبيوتر ', NULL),
(312, 'صاحب مخزن', NULL),
(313, 'hw', NULL),
(314, 'doctor', NULL),
(315, 'عامل خياطه', NULL),
(316, 'مدير معامل ', NULL),
(317, 'ENG', NULL),
(318, 'Ùنيه تمريض', NULL),
(319, 'مدربه خياطه', NULL),
(320, 'صاحب مكتب تصدير ', NULL),
(321, 'اخصائي مكتبه', NULL),
(322, 'مدير محل', NULL),
(323, 'كابتن', NULL),
(324, 'كيمائى', NULL),
(325, 'دراسات عليا', NULL),
(326, ' دكتوره', NULL),
(327, 'quality doctor', NULL),
(328, 'مدرس تاريخ', NULL),
(329, 'موظÙه بالشباب والرياضه', NULL),
(330, 'جزار', NULL),
(331, 'انسه', NULL),
(332, 'مدير مطعم', NULL),
(333, 'وكيل شركه اتصالات', NULL),
(334, 'نحال', NULL),
(335, 'مدرسه دراسات', NULL),
(336, 'Ùي مكتبه', NULL),
(337, 'تاجر ملابس', NULL),
(338, '  مدرسه', NULL),
(339, 'مدير مركز المعلومات', NULL),
(340, 'كاشير', NULL),
(341, 'معيده', NULL),
(342, ' مديره', NULL),
(343, 'امين مخازن', NULL),
(344, 'Ùي مصنع', NULL),
(345, 'Ùى محل', NULL),
(346, 'مهندس الكترونى', NULL),
(347, 'جليسه مسن', NULL),
(348, 'Ùى حضانه', NULL),
(349, 'مسئول مشتريات', NULL),
(350, 'صاحب Ùرن', NULL),
(351, 'سواق توكتوك', NULL),
(352, ' سكرتير', NULL),
(353, 'دبلوم تجاره', NULL),
(354, 'Ùي محل', NULL),
(355, 'Ùى مصنع', NULL),
(356, 'مهندس معمارى', NULL),
(357, 'pharmcyst ', NULL),
(358, 'مهندسه اجهزه', NULL),
(359, 'صاحبه حضانه', NULL),
(360, 'مندوبه ادويه', NULL),
(361, 'Ùنى معمل', NULL),
(362, 'لايوجد', NULL),
(363, 'مدير مخازن', NULL),
(364, 'pediatricion', NULL),
(365, 'بيوتى سنتر', NULL),
(366, 'موظÙ Ùى وزاره الرى', NULL),
(367, 'Ùي المعمار', NULL),
(368, 'بائع منظÙات', NULL),
(369, 'Ùى الغزل', NULL),
(370, 'هاند ميد', NULL),
(371, 'Ùى بنك', NULL),
(372, 'مهندس غزل ونسيج', NULL),
(373, 'مصمم  ', NULL),
(374, 'مراقب صحى', NULL),
(375, 'مÙتشه تموين', NULL),
(376, 'مديره حضانه', NULL),
(377, 'Ùى محمكه الاسره', NULL),
(378, 'صاحب شركه ', NULL),
(379, 'مامور ضرايب', NULL),
(380, 'بائع ملابس', NULL),
(381, 'Ùي النيابه', NULL),
(382, 'Ùى شركه مصر', NULL),
(383, 'مساح', NULL),
(384, 'مÙتشه عمل', NULL),
(385, 'رئيس قطاع تعاون', NULL),
(386, 'دكتور جهاز هضمى', NULL),
(387, 'مهندس صيانه', NULL),
(388, 'تاجر مبيدات', NULL),
(389, 'مهندس برمجه', NULL),
(390, 'اخصائى اطÙال', NULL),
(391, 'Ùنيه صيانه ', NULL),
(392, 'takatob ', NULL),
(393, 'اخصائى تحاليل', NULL),
(394, 'رئيسه قسم ماهيات', NULL),
(395, 'Ùى معمل', NULL),
(396, 'مهندس اتصالات', NULL),
(397, 'عمل خاص', NULL),
(398, 'مدير علاقات عامه', NULL),
(399, 'طباعه', NULL),
(400, 'مدرس ازهرى', NULL),
(401, 'دكتوره بالجامعه', NULL),
(402, 'للعمل بالخارج', NULL),
(403, 'Ùني اسنان', NULL),
(404, 'استاذ Ùي جامعه الزقازيق', NULL),
(405, 'استشارى باطنه', NULL),
(406, 'teacher ', NULL),
(407, 'امن ', NULL),
(408, 'مهندسه كهربا', NULL),
(409, 'كول سنتر', NULL),
(410, 'مدير مدرسه', NULL),
(411, 'professor of science ', NULL),
(412, 'دكتور تحاليل طبيه', NULL),
(413, 'دكتوره ميكروبيولوجى', NULL),
(414, 'محصل', NULL),
(415, 'مهندس اجهزه طبيه', NULL),
(416, 'خريجه حقوق', NULL),
(417, 'دكتوره اطÙال', NULL),
(418, 'Ùى سوبر ماركت', NULL),
(419, 'Ùي سنترال', NULL),
(420, 'Ùي ورشه', NULL),
(421, 'دكتوره علاج طبيعى', NULL),
(422, 'physiocian', NULL),
(423, 'nursing professor ', NULL),
(424, 'Ùى صيدليه', NULL),
(425, 'دكتوه جلديه', NULL),
(426, 'Ùى شركه  ', NULL),
(427, 'دكتور اسنان', NULL),
(428, 'مدير شركه ادويه', NULL),
(429, 'مدير حسابات', NULL),
(430, 'استاذ جامعى', NULL),
(431, 'اخصائى اجتماعى', NULL),
(432, 'مزارع', NULL),
(433, 'دكتوره جلديه', NULL),
(434, 'مطور اعمال', NULL),
(435, 'رئيسه مكتب محمكه الاسره', NULL),
(436, 'دكتوره تخدير', NULL),
(437, 'دكتور علاج طبيعى', NULL),
(438, 'Ùى مطبعه', NULL),
(439, 'Ùى شركه بريد', NULL),
(440, 'Ùي مكتب ', NULL),
(441, 'Ùى معمل البان', NULL),
(442, 'مشرÙه تغذيه', NULL),
(443, 'مشرÙه اغذيه بمستشÙى الصدر', NULL),
(444, 'دكتور بيطرى', NULL),
(445, 'Ùى الاوقاÙ', NULL),
(446, 'Ùى الاوقاÙ', NULL),
(447, 'Ùي الالومنتال', NULL),
(448, 'عامله ', NULL),
(449, 'Ùى البنا', NULL),
(450, 'استشارى صدر', NULL),
(451, 'انتاج حيوانى', NULL),
(452, 'Ùى مطعم', NULL),
(453, 'دكتوره عيون', NULL),
(454, 'صاحب مكتبه', NULL),
(455, 'Ùى الموبليا', NULL),
(456, 'مشرÙه   ', NULL),
(457, 'Ùى تعاون شركه مصر', NULL),
(458, 'خريجه هندسه', NULL),
(459, 'صنايعى  ', NULL),
(460, 'مشرÙ مصنع', NULL),
(461, 'مديره  ', NULL),
(462, 'تاجر  ', NULL),
(463, 'تاجر سيارات', NULL),
(464, 'موظÙ بالشباب والرياضه', NULL),
(465, 'اخصائي  كيمائي', NULL),
(466, 'عامل  ', NULL),
(467, 'بائعه', NULL),
(468, 'بائعه', NULL),
(469, 'خريجه تمريض', NULL),
(470, 'مهندس زراعى', NULL),
(471, 'اخصائيه اسنان', NULL),
(472, 'Ùى ملابس', NULL),
(473, 'صاحب محطه بنزين', NULL),
(474, 'دكتوره روماتيزم', NULL),
(475, 'محاسب Ùى البنك', NULL),
(476, 'مراقب مالى', NULL),
(477, 'Ùى شركه الكهرباء', NULL),
(478, 'وكيله مكتب تامينات', NULL),
(479, 'Ùى عياده', NULL),
(480, 'كابتن جيم', NULL),
(481, 'رئيس خدمه العملاء بسنترال المØ', NULL),
(482, 'دكتوره نسا', NULL),
(483, 'دكتوره اثار', NULL),
(484, 'ظابط بحرى', NULL),
(485, 'Ùى Ùرن', NULL),
(486, 'مدير عام ', NULL),
(487, 'family medicne ', NULL),
(488, 'بائع عطور', NULL),
(489, 'مدر س', NULL),
(490, 'مشرÙه تمريض', NULL),
(491, 'مÙتش صحى', NULL),
(492, 'مضيÙه طيران', NULL),
(493, 'محضر ادويه', NULL),
(494, 'Ùنى رنين', NULL),
(495, 'اخصائيه اجتماعيه', NULL),
(496, 'معيد ', NULL),
(497, 'مدير عام بشركه الكهربا', NULL),
(498, 'gynacologist', NULL),
(499, 'معاش ', NULL),
(500, 'صاحب مطبعه', NULL),
(501, 'جندى', NULL),
(502, 'خريجه اداب', NULL),
(503, 'مدير مالى', NULL),
(504, 'Ùى البنك الاهلى', NULL),
(505, 'clinical pathology', NULL),
(506, 'محاسب شركه بترول', NULL),
(507, 'Ùى شركه الوبريات', NULL),
(508, 'Ùى بنك مصر', NULL),
(509, 'مدير اداره ببنك ناصر', NULL),
(510, 'مندوب بوزاره العدل', NULL),
(511, 'مراجعه حسابات', NULL),
(512, 'ناظره', NULL),
(513, 'طالبه طب', NULL),
(514, 'مهندس  ', NULL),
(515, 'بائع  ', NULL),
(516, 'Ùنى ديكور', NULL),
(517, 'مهندس ميكانيكا', NULL),
(518, 'Ùى محل ملابس', NULL),
(519, 'تاجر حديد', NULL),
(520, 'دكتور كلى', NULL),
(521, 'سكرتير ', NULL),
(522, 'Ùى محل  ', NULL),
(523, 'صاحب كاÙتيريا', NULL),
(524, 'Ùى شركه سياحه', NULL),
(525, 'معلم خبير', NULL),
(526, 'Ùى ورشه', NULL),
(527, 'خريجه تربيه', NULL),
(528, 'صاحب محل ملابس', NULL),
(529, 'عامل تطريز', NULL),
(530, 'مدير مكتب عمل المحله', NULL),
(531, 'دكتوره رمد', NULL),
(532, 'اخصائيه صحاÙه', NULL),
(533, 'رئيسه قسم  ', NULL),
(534, 'خريجه خدمه اجتماعيه', NULL),
(535, 'مساعد صيدلى', NULL),
(536, 'مبرمج', NULL),
(537, 'محل موبيلات', NULL),
(538, 'مهندسه جوده', NULL),
(539, 'Ùى شركه استيراد', NULL),
(540, 'مهندس طيران', NULL),
(541, 'Ùنيه تغذيه', NULL),
(542, 'طالبه دراسات عليا', NULL),
(543, 'منسقه', NULL),
(544, 'gynacologist ', NULL),
(545, 'house officer ', NULL),
(546, 'UNIVERSITY PROFEESSOR ', NULL),
(547, 'dean of art faculty  ', NULL),
(548, 'مهندسه معمارى', NULL),
(549, 'Ùى معرض سيارات', NULL),
(550, 'ظابط جيش', NULL),
(551, 'مترجمه', NULL),
(552, 'وكيل مدرسه ', NULL),
(553, 'اخصائيه تحاليل', NULL),
(554, 'ماموره ضرائب', NULL),
(555, 'تاجر خيوط', NULL),
(556, 'Ùنيه اشعه', NULL),
(557, 'RADIOLOGIST ', NULL),
(558, 'استاذه جامعيه', NULL),
(559, 'Ù معرض سيارات', NULL),
(560, 'Ùنان تشكيلى ', NULL),
(561, 'خريجه تجاره', NULL),
(562, 'محامى بشركه غزل المحله', NULL),
(563, 'صاحب محل احذيه', NULL),
(564, 'ميديكال', NULL),
(565, 'امن عام', NULL),
(566, 'دكتوره طب اسره', NULL),
(567, 'مهندسه ميكانيكا', NULL),
(568, 'ترزى حريمى', NULL),
(569, 'Ùى شركه طنطا', NULL),
(570, 'دكتوره  تحاليل', NULL),
(571, 'مدرب رياضى', NULL),
(572, 'مدرس تشريح بكليه طب طنطا', NULL),
(573, 'dermatologest ', NULL),
(574, 'مدير تنÙيذى', NULL),
(575, 'صاحب معرض موبيليا', NULL),
(576, 'عميد دكتور مهندس ', NULL),
(577, 'نجار مسلح', NULL),
(578, 'دكتور امتياز', NULL),
(579, 'صاحبه شركه اجهزه طبيه', NULL),
(580, 'خريجه علوم', NULL),
(581, 'وكيل نيابه', NULL),
(582, 'Ùى شركه مقاولات', NULL),
(583, 'ممرض ', NULL),
(584, 'opthalomology ', NULL),
(585, 'Ùى النيابه', NULL),
(586, 'دكتوره امتياز', NULL),
(587, 'مصمم اعلانات', NULL),
(588, '', 0),
(589, 'histology docotr ', NULL),
(590, 'دكتور Ùى الجامعه', NULL),
(591, 'Ùى  محل', NULL),
(592, '', 0),
(593, 'خريجه Ùنون تطبيقيه', NULL),
(594, 'nurse ', NULL),
(595, 'تاجر كتان', NULL),
(596, 'Ùنيه احصاء', NULL),
(597, 'مهندس بحرى', NULL),
(598, 'تاجر ذهب', NULL),
(599, 'صاحبه مصنع', NULL),
(600, 'مديرة كلية السن ', NULL),
(601, 'كهربائى  ', NULL),
(602, 'حلوانى', NULL),
(603, 'صاحب مستودع غاز', NULL),
(604, 'عامل نظاÙه', NULL),
(605, 'مهندسه  ', NULL),
(606, 'صاحبه اتيليه', NULL),
(607, 'اخصائيه اشعه', NULL),
(608, 'Ùى مركز الرحمه', NULL),
(609, 'دكتور مهندس  ', NULL),
(610, 'دكتور باطنه', NULL),
(611, 'وكيله مدرسه', NULL),
(612, 'مستشاره', NULL),
(613, 'محامى  ', NULL),
(614, 'مدير شئون قانونية Ùي التربية و', NULL),
(615, 'مدير شئون قانونيه', NULL),
(616, 'خريجه Ùنىى صحى', NULL),
(617, 'cardiologist', NULL),
(618, 'مهندسه اتصالات', NULL),
(619, 'غواص', NULL),
(620, 'Ùى شركه مبيدات', NULL),
(621, 'مهندس بيولوجى', NULL),
(622, ' ربه منزل', NULL),
(623, 'cardiologist ', NULL),
(624, 'بدون عمل', NULL),
(625, 'مصور', NULL),
(626, 'عقيد', NULL),
(627, 'دكتوره جهاز هضمى', NULL),
(628, 'مدير شركه سياحه', NULL),
(629, 'مستشار السÙاره السعوديه', NULL),
(630, 'دكتوره Ùى كليه تجاره', NULL),
(631, 'دكتور مخ واعصاب', NULL),
(632, 'اخصائي تنميه مهارات ', NULL),
(633, 'مهندس نسيج', NULL),
(634, 'عقيد ', NULL),
(635, 'سكرتيرة', NULL),
(636, 'رئيسه شئون الطب البيطرى', NULL),
(637, 'مشرÙ  ', NULL);

-- --------------------------------------------------------

--
-- Table structure for table `wifemodeofd`
--

CREATE TABLE IF NOT EXISTS `wifemodeofd` (
  `id` int(11) unsigned NOT NULL AUTO_INCREMENT,
  `title` varchar(191) COLLATE utf8mb4_unicode_ci DEFAULT NULL,
  `del` tinyint(1) unsigned DEFAULT NULL,
  PRIMARY KEY (`id`)
) ENGINE=InnoDB DEFAULT CHARSET=utf8mb4 COLLATE=utf8mb4_unicode_ci AUTO_INCREMENT=1 ;

-- --------------------------------------------------------

--
-- Table structure for table `wifeobst`
--

CREATE TABLE IF NOT EXISTS `wifeobst` (
  `id` int(11) unsigned NOT NULL AUTO_INCREMENT,
  `title` varchar(191) COLLATE utf8mb4_unicode_ci DEFAULT NULL,
  `del` tinyint(1) unsigned DEFAULT NULL,
  PRIMARY KEY (`id`)
) ENGINE=InnoDB DEFAULT CHARSET=utf8mb4 COLLATE=utf8mb4_unicode_ci AUTO_INCREMENT=1 ;

-- --------------------------------------------------------

--
-- Table structure for table `wifep`
--

CREATE TABLE IF NOT EXISTS `wifep` (
  `id` int(11) unsigned NOT NULL AUTO_INCREMENT,
  `infertilitysheetid` varchar(191) COLLATE utf8mb4_unicode_ci DEFAULT NULL,
  `wifemodeofd` varchar(191) COLLATE utf8mb4_unicode_ci DEFAULT NULL,
  `wifeobst` varchar(191) COLLATE utf8mb4_unicode_ci DEFAULT NULL,
  `wifesex` varchar(191) COLLATE utf8mb4_unicode_ci DEFAULT NULL,
  `wifepmethod` varchar(191) COLLATE utf8mb4_unicode_ci DEFAULT NULL,
  `wifetypeofd` varchar(191) COLLATE utf8mb4_unicode_ci DEFAULT NULL,
  `name` varchar(191) COLLATE utf8mb4_unicode_ci DEFAULT NULL,
  `date` varchar(191) COLLATE utf8mb4_unicode_ci DEFAULT NULL,
  `comment` varchar(191) COLLATE utf8mb4_unicode_ci DEFAULT NULL,
  `duration` varchar(191) COLLATE utf8mb4_unicode_ci DEFAULT NULL,
  `wifel` tinyint(1) unsigned DEFAULT NULL,
  `awifepmethod` varchar(191) COLLATE utf8mb4_unicode_ci DEFAULT NULL,
  PRIMARY KEY (`id`)
) ENGINE=InnoDB DEFAULT CHARSET=utf8mb4 COLLATE=utf8mb4_unicode_ci AUTO_INCREMENT=1 ;

-- --------------------------------------------------------

--
-- Table structure for table `wifepmethod`
--

CREATE TABLE IF NOT EXISTS `wifepmethod` (
  `id` int(11) unsigned NOT NULL AUTO_INCREMENT,
  `title` varchar(191) COLLATE utf8mb4_unicode_ci DEFAULT NULL,
  `del` int(11) unsigned DEFAULT NULL,
  PRIMARY KEY (`id`)
) ENGINE=InnoDB DEFAULT CHARSET=utf8mb4 COLLATE=utf8mb4_unicode_ci AUTO_INCREMENT=1 ;

-- --------------------------------------------------------

--
-- Table structure for table `wifesex`
--

CREATE TABLE IF NOT EXISTS `wifesex` (
  `id` int(11) unsigned NOT NULL AUTO_INCREMENT,
  `title` varchar(191) COLLATE utf8mb4_unicode_ci DEFAULT NULL,
  `del` tinyint(1) unsigned DEFAULT NULL,
  PRIMARY KEY (`id`)
) ENGINE=InnoDB DEFAULT CHARSET=utf8mb4 COLLATE=utf8mb4_unicode_ci AUTO_INCREMENT=1 ;

-- --------------------------------------------------------

--
-- Table structure for table `wifestatus`
--

CREATE TABLE IF NOT EXISTS `wifestatus` (
  `id` int(11) NOT NULL AUTO_INCREMENT,
  `title` varchar(55) NOT NULL,
  `del` int(11) unsigned DEFAULT '0',
  PRIMARY KEY (`id`)
) ENGINE=InnoDB  DEFAULT CHARSET=latin1 ROW_FORMAT=COMPACT AUTO_INCREMENT=20 ;

--
-- Dumping data for table `wifestatus`
--

INSERT INTO `wifestatus` (`id`, `title`, `del`) VALUES
(1, 'انسة', 0),
(2, 'متزوجة', 0),
(3, 'مطلقة', 0),
(8, 'متزجه للمره الثانيه', 0),
(9, 'ارمله ', 0),
(10, 'متزوج ', 0),
(11, 'أعزب', 0),
(12, 'مطلق', 0),
(13, 'طÙله ', 0),
(14, 'طالب', 0),
(15, 'طالبه', 0),
(16, 'انسه', 0),
(17, 'طÙل ', 0),
(18, 'طÙلة', 0),
(19, 'اعزب', 0);

-- --------------------------------------------------------

--
-- Table structure for table `wifetypeofd`
--

CREATE TABLE IF NOT EXISTS `wifetypeofd` (
  `id` int(11) unsigned NOT NULL AUTO_INCREMENT,
  `title` varchar(191) COLLATE utf8mb4_unicode_ci DEFAULT NULL,
  `del` tinyint(1) unsigned DEFAULT NULL,
  PRIMARY KEY (`id`)
) ENGINE=InnoDB DEFAULT CHARSET=utf8mb4 COLLATE=utf8mb4_unicode_ci AUTO_INCREMENT=1 ;

-- --------------------------------------------------------

--
-- Table structure for table `wifetypes`
--

CREATE TABLE IF NOT EXISTS `wifetypes` (
  `id` int(11) NOT NULL AUTO_INCREMENT,
  `title` varchar(55) NOT NULL,
  `del` int(11) unsigned DEFAULT NULL,
  PRIMARY KEY (`id`)
) ENGINE=InnoDB  DEFAULT CHARSET=latin1 ROW_FORMAT=COMPACT AUTO_INCREMENT=53 ;

--
-- Dumping data for table `wifetypes`
--

INSERT INTO `wifetypes` (`id`, `title`, `del`) VALUES
(1, 'مدام', NULL),
(2, 'استاذ', NULL),
(3, 'الدكتور', NULL),
(6, 'دكتوره', NULL),
(7, 'الحاجه ', NULL),
(8, 'الطÙله', NULL),
(11, 'الحاج', 0),
(12, 'الطÙل ', NULL),
(17, 'انسه', NULL),
(21, 'السيد', NULL),
(23, 'أ.د', NULL),
(35, 'السيدة ', NULL),
(42, 'طالب', NULL),
(45, 'طالبة', NULL),
(48, 'مهندس', NULL),
(49, 'طالبه', NULL),
(51, 'النقيب', NULL),
(52, 'المستشار', NULL);

--
-- Constraints for dumped tables
--

--
-- Constraints for table `awcontrollprop`
--
ALTER TABLE `awcontrollprop`
  ADD CONSTRAINT `c_fk_awcontrollprop_awcontroll_id` FOREIGN KEY (`awcontroll_id`) REFERENCES `awcontroll` (`id`) ON DELETE SET NULL ON UPDATE SET NULL;

--
-- Constraints for table `awrolecontrollprop`
--
ALTER TABLE `awrolecontrollprop`
  ADD CONSTRAINT `c_fk_awrolecontrollprop_controllprop_id` FOREIGN KEY (`controllprop_id`) REFERENCES `awcontrollprop` (`id`) ON DELETE SET NULL ON UPDATE SET NULL,
  ADD CONSTRAINT `c_fk_awrolecontrollprop_role_id` FOREIGN KEY (`role_id`) REFERENCES `awrole` (`id`) ON DELETE SET NULL ON UPDATE SET NULL;

--
-- Constraints for table `awrolemenu`
--
ALTER TABLE `awrolemenu`
  ADD CONSTRAINT `c_fk_awrolemenu_menu_id` FOREIGN KEY (`menu_id`) REFERENCES `awmenu` (`id`) ON DELETE SET NULL ON UPDATE SET NULL,
  ADD CONSTRAINT `c_fk_awrolemenu_role_id` FOREIGN KEY (`role_id`) REFERENCES `awrole` (`id`) ON DELETE SET NULL ON UPDATE SET NULL;

